{"id":494,"date":"2016-11-01T17:23:46","date_gmt":"2016-11-01T16:23:46","guid":{"rendered":"http:\/\/www.neotec.cz\/idsys\/?page_id=494"},"modified":"2016-11-08T10:29:24","modified_gmt":"2016-11-08T09:29:24","slug":"software","status":"publish","type":"page","link":"https:\/\/www.neotec.cz\/idsys\/uvod\/software\/","title":{"rendered":"Software"},"content":{"rendered":"<div id=\"pl-494\"  class=\"panel-layout\" ><div id=\"pg-494-0\"  class=\"panel-grid panel-has-style\" ><div class=\"panel-row-style panel-row-style-for-494-0\" ><div id=\"pgc-494-0-0\"  class=\"panel-grid-cell\" ><div id=\"panel-494-0-0-0\" class=\"so-panel widget widget_sow-editor panel-first-child panel-last-child\" data-index=\"0\" ><div class=\"panel-widget-style panel-widget-style-for-494-0-0-0\" ><div\n\t\t\t\n\t\t\tclass=\"so-widget-sow-editor so-widget-sow-editor-base\"\n\t\t\t\n\t\t><h3 class=\"widget-title\">Software pro \u0159\u00edzen\u00ed dodavatelsk\u00fdch \u0159et\u011bzc\u016f<\/h3>\n<div class=\"siteorigin-widget-tinymce textwidget\">\n\t<\/div>\n<\/div><\/div><\/div><\/div><\/div><\/div><div id=\"pg-494-1\"  class=\"panel-grid panel-no-style\" ><div id=\"pgc-494-1-0\"  class=\"panel-grid-cell panel-grid-cell-mobile-last\" ><div id=\"panel-494-1-0-0\" class=\"so-panel widget widget_sow-features panel-first-child panel-last-child\" data-index=\"1\" ><div\n\t\t\t\n\t\t\tclass=\"so-widget-sow-features so-widget-sow-features-default-824124852d4b-494\"\n\t\t\t\n\t\t>\n<div class=\"sow-features-list sow-features-responsive\">\n\n\t\t\t\t\t\t\t\t\t<div\n\t\t\t\tclass=\"sow-features-feature sow-icon-container-position-top\"\n\t\t\t\tstyle=\"display: flex; flex-direction: column; width: calc(100% - 25px);\"\n\t\t\t>\n\t\t\t\n\t\t\t\t\t\t\t\t<div\n\t\t\t\t\tclass=\"sow-icon-container sow-container-none\"\n\t\t\t\t\tstyle=\"color: #ededd3; \"\n\t\t\t\t\t\t\t\t\t>\n\t\t\t\t\t<div class=\"sow-icon-image\" style=\"background-image: url(https:\/\/www.neotec.cz\/idsys\/wp-content\/uploads\/2016\/03\/ic-software.png); font-size: 150px\"><\/div>\t\t\t\t<\/div>\n\t\t\t\t\n\t\t\t\t<div class=\"textwidget\">\n\t\t\t\t\t\n\t\t\t\t\t\t\t\t\t\t\t<h5>\n\t\t\t\t\t\t\t\n\t\t\t\t\t\t\tSCExpert\t\t\t\t\t\t\t\t\t\t\t\t\t<\/h5>\n\t\t\t\t\t\n\t\t\t\t\t\t\t\t\t\t\tZlep\u0161en\u00ed p\u0159esnosti skladov\u00fdch z\u00e1sob a provozu<br \/>Maximalizace vyu\u017eit\u00ed prostoru<br \/>Zlep\u0161en\u00ed pln\u011bn\u00ed objedn\u00e1vek a spokojenosti z\u00e1kazn\u00edk\u016f<br \/>Sn\u00ed\u017een\u00ed z\u00e1sob a uspokojen\u00ed popt\u00e1vky<br \/>Zkr\u00e1cen\u00ed rozhodovac\u00edho cyklu s informacemi v re\u00e1ln\u00e9m \u010dase<br \/>Zrychlen\u00ed operac\u00ed<br \/>Rychl\u00e1 implementace\t\t\t\t\t\n\t\t\t\t\t\t\t\t\t<\/div>\n\t\t\t\t\t\t\t\t\n\t\t\t\t\t\t\t<\/div>\n\n\t\t\t\n<\/div>\n<\/div><\/div><\/div><div id=\"pgc-494-1-1\"  class=\"panel-grid-cell panel-grid-cell-empty\" ><\/div><\/div><div id=\"pg-494-2\"  class=\"panel-grid panel-has-style\" ><div class=\"panel-row-style panel-row-style-for-494-2\" ><div id=\"pgc-494-2-0\"  class=\"panel-grid-cell\" ><div id=\"panel-494-2-0-0\" class=\"so-panel widget widget_sow-editor panel-first-child panel-last-child\" data-index=\"2\" ><div class=\"panel-widget-style panel-widget-style-for-494-2-0-0\" ><div\n\t\t\t\n\t\t\tclass=\"so-widget-sow-editor so-widget-sow-editor-base\"\n\t\t\t\n\t\t><h3 class=\"widget-title\">Software pro n\u00e1vrh, tvorbu a tisk etiket a \u0161t\u00edtk\u016f<\/h3>\n<div class=\"siteorigin-widget-tinymce textwidget\">\n\t<\/div>\n<\/div><\/div><\/div><\/div><\/div><\/div><div id=\"pg-494-3\"  class=\"panel-grid panel-no-style\" ><div id=\"pgc-494-3-0\"  class=\"panel-grid-cell\" ><div id=\"panel-494-3-0-0\" class=\"so-panel widget widget_sow-features panel-first-child panel-last-child\" data-index=\"3\" ><div\n\t\t\t\n\t\t\tclass=\"so-widget-sow-features so-widget-sow-features-default-824124852d4b-494\"\n\t\t\t\n\t\t>\n<div class=\"sow-features-list sow-features-responsive\">\n\n\t\t\t\t\t\t\t\t\t<div\n\t\t\t\tclass=\"sow-features-feature sow-icon-container-position-top\"\n\t\t\t\tstyle=\"display: flex; flex-direction: column; width: calc(100% - 25px);\"\n\t\t\t>\n\t\t\t\n\t\t\t\t\t\t\t\t<div\n\t\t\t\t\tclass=\"sow-icon-container sow-container-none\"\n\t\t\t\t\tstyle=\"color: #404040; \"\n\t\t\t\t\t\t\t\t\t>\n\t\t\t\t\t<div class=\"sow-icon-image\" style=\"background-image: url(https:\/\/www.neotec.cz\/idsys\/wp-content\/uploads\/2016\/11\/bartender_2016.png); font-size: 150px\"><\/div>\t\t\t\t<\/div>\n\t\t\t\t\n\t\t\t\t<div class=\"textwidget\">\n\t\t\t\t\t\n\t\t\t\t\t\t\t\t\t\t\t<h5>\n\t\t\t\t\t\t\t\n\t\t\t\t\t\t\tBarTender\t\t\t\t\t\t\t\t\t\t\t\t\t<\/h5>\n\t\t\t\t\t\n\t\t\t\t\t\t\t\t\t\t\tAplikace BarTender p\u0159edstavuje \u0161pi\u010dkov\u00fd software pro tisk \u0161t\u00edtk\u016f s \u010d\u00e1rov\u00fdmi k\u00f3dy v syst\u00e9mu Windows. Tento profesion\u00e1ln\u00ed softwarov\u00fd n\u00e1stroj pro tvorbu \u0161t\u00edtk\u016f a tisk \u010d\u00e1rov\u00fdch k\u00f3d\u016f poskytuje v\u00fdkonn\u00e9 funkce pro zpracov\u00e1n\u00ed standardn\u00edch \u0161t\u00edtk\u016f a pro integraci s podnikov\u00fdm softwarem. Podporuje tak\u00e9 zna\u010dky RFID. P\u0159esto je pou\u017eit\u00ed aplikace BarTender tak snadn\u00e9, \u017ee i za\u010d\u00e1te\u010dn\u00edci mohou navrhovat \u0161t\u00edtky b\u011bhem n\u011bkolika minut.\t\t\t\t\t\n\t\t\t\t\t\t\t\t\t<\/div>\n\t\t\t\t\t\t\t\t\n\t\t\t\t\t\t\t<\/div>\n\n\t\t\t\n<\/div>\n<\/div><\/div><\/div><div id=\"pgc-494-3-1\"  class=\"panel-grid-cell\" ><div id=\"panel-494-3-1-0\" class=\"so-panel widget widget_sow-features panel-first-child panel-last-child\" data-index=\"4\" ><div\n\t\t\t\n\t\t\tclass=\"so-widget-sow-features so-widget-sow-features-default-824124852d4b-494\"\n\t\t\t\n\t\t>\n<div class=\"sow-features-list sow-features-responsive\">\n\n\t\t\t\t\t\t\t\t\t<div\n\t\t\t\tclass=\"sow-features-feature sow-icon-container-position-top\"\n\t\t\t\tstyle=\"display: flex; flex-direction: column; width: calc(100% - 25px);\"\n\t\t\t>\n\t\t\t\n\t\t\t\t\t\t\t\t<div\n\t\t\t\t\tclass=\"sow-icon-container sow-container-none\"\n\t\t\t\t\tstyle=\"color: #404040; \"\n\t\t\t\t\t\t\t\t\t>\n\t\t\t\t\t<div class=\"sow-icon-image\" style=\"background-image: url(https:\/\/www.neotec.cz\/idsys\/wp-content\/uploads\/2016\/11\/logo_nicelabel.png); font-size: 150px\"><\/div>\t\t\t\t<\/div>\n\t\t\t\t\n\t\t\t\t<div class=\"textwidget\">\n\t\t\t\t\t\n\t\t\t\t\t\t\t\t\t\t\t<h5>\n\t\t\t\t\t\t\t\n\t\t\t\t\t\t\tNiceLabel\t\t\t\t\t\t\t\t\t\t\t\t\t<\/h5>\n\t\t\t\t\t\n\t\t\t\t\t\t\t\t\t\t\tS\u00e9rie produkt\u016f NiceLabel pro tvorbu, tisk a jednoduchou integraci etiket s \u010d\u00e1rov\u00fdmi k\u00f3dy a RFID.<br \/> <br \/> \t\t\t\t\t\n\t\t\t\t\t\t\t\t\t<\/div>\n\t\t\t\t\t\t\t\t\n\t\t\t\t\t\t\t<\/div>\n\n\t\t\t\n<\/div>\n<\/div><\/div><\/div><\/div><\/div>","protected":false},"excerpt":{"rendered":"<p>Software pro \u0159\u00edzen\u00ed dodavatelsk\u00fdch \u0159et\u011bzc\u016f SCExpert Zlep\u0161en\u00ed p\u0159esnosti skladov\u00fdch z\u00e1sob a provozuMaximalizace vyu\u017eit\u00ed prostoruZlep\u0161en\u00ed pln\u011bn\u00ed objedn\u00e1vek a spokojenosti z\u00e1kazn\u00edk\u016fSn\u00ed\u017een\u00ed z\u00e1sob a uspokojen\u00ed popt\u00e1vkyZkr\u00e1cen\u00ed rozhodovac\u00edho cyklu s informacemi v re\u00e1ln\u00e9m \u010daseZrychlen\u00ed operac\u00edRychl\u00e1 implementace Software pro n\u00e1vrh, tvorbu a tisk etiket a \u0161t\u00edtk\u016f BarTender Aplikace BarTender p\u0159edstavuje \u0161pi\u010dkov\u00fd software pro tisk \u0161t\u00edtk\u016f s \u010d\u00e1rov\u00fdmi k\u00f3dy v syst\u00e9mu&hellip;<\/p>\n","protected":false},"author":1,"featured_media":0,"parent":2,"menu_order":0,"comment_status":"closed","ping_status":"closed","template":"home-panels.php","meta":{"footnotes":""},"class_list":["post-494","page","type-page","status-publish","hentry"],"_links":{"self":[{"href":"https:\/\/www.neotec.cz\/idsys\/wp-json\/wp\/v2\/pages\/494","targetHints":{"allow":["GET"]}}],"collection":[{"href":"https:\/\/www.neotec.cz\/idsys\/wp-json\/wp\/v2\/pages"}],"about":[{"href":"https:\/\/www.neotec.cz\/idsys\/wp-json\/wp\/v2\/types\/page"}],"author":[{"embeddable":true,"href":"https:\/\/www.neotec.cz\/idsys\/wp-json\/wp\/v2\/users\/1"}],"replies":[{"embeddable":true,"href":"https:\/\/www.neotec.cz\/idsys\/wp-json\/wp\/v2\/comments?post=494"}],"version-history":[{"count":5,"href":"https:\/\/www.neotec.cz\/idsys\/wp-json\/wp\/v2\/pages\/494\/revisions"}],"predecessor-version":[{"id":502,"href":"https:\/\/www.neotec.cz\/idsys\/wp-json\/wp\/v2\/pages\/494\/revisions\/502"}],"up":[{"embeddable":true,"href":"https:\/\/www.neotec.cz\/idsys\/wp-json\/wp\/v2\/pages\/2"}],"wp:attachment":[{"href":"https:\/\/www.neotec.cz\/idsys\/wp-json\/wp\/v2\/media?parent=494"}],"curies":[{"name":"wp","href":"https:\/\/api.w.org\/{rel}","templated":true}]}}