{"id":599,"date":"2016-11-07T16:19:48","date_gmt":"2016-11-07T15:19:48","guid":{"rendered":"http:\/\/www.neotec.cz\/idsys\/?page_id=599"},"modified":"2025-03-31T14:26:44","modified_gmt":"2025-03-31T13:26:44","slug":"th240-dh240","status":"publish","type":"page","link":"https:\/\/www.neotec.cz\/idsys\/uvod\/tiskarny\/stolni-tiskarny\/th240-dh240\/","title":{"rendered":"TH240 | DH240"},"content":{"rendered":"<div id=\"pl-599\"  class=\"panel-layout\" ><div id=\"pg-599-0\"  class=\"panel-grid panel-no-style\" ><div id=\"pgc-599-0-0\"  class=\"panel-grid-cell\" ><div id=\"panel-599-0-0-0\" class=\"so-panel widget widget_sow-image panel-first-child panel-last-child\" data-index=\"0\" ><div\n\t\t\t\n\t\t\tclass=\"so-widget-sow-image so-widget-sow-image-default-c67d20f9f743-599\"\n\t\t\t\n\t\t>\n\n<div class=\"sow-image-container\">\n\t\t<img loading=\"lazy\" decoding=\"async\" src=\"https:\/\/www.neotec.cz\/idsys\/wp-content\/uploads\/2025\/03\/TH240_500x500pxi-300x300.png\" width=\"300\" height=\"300\" srcset=\"https:\/\/www.neotec.cz\/idsys\/wp-content\/uploads\/2025\/03\/TH240_500x500pxi-300x300.png 300w, https:\/\/www.neotec.cz\/idsys\/wp-content\/uploads\/2025\/03\/TH240_500x500pxi-150x150.png 150w, https:\/\/www.neotec.cz\/idsys\/wp-content\/uploads\/2025\/03\/TH240_500x500pxi.png 500w\" sizes=\"auto, (max-width: 300px) 100vw, 300px\" title=\"TH240 | DH240\" alt=\"TH240 | DH240\" \t\tclass=\"so-widget-image\"\/>\n\t<\/div>\n\n<\/div><\/div><\/div><div id=\"pgc-599-0-1\"  class=\"panel-grid-cell\" ><div id=\"panel-599-0-1-0\" class=\"so-panel widget widget_sow-editor panel-first-child\" data-index=\"1\" ><div\n\t\t\t\n\t\t\tclass=\"so-widget-sow-editor so-widget-sow-editor-base\"\n\t\t\t\n\t\t><h3 class=\"widget-title\">TH240 | DH240<\/h3>\n<div class=\"siteorigin-widget-tinymce textwidget\">\n\t<p><strong>Jedna z nejlep\u0161\u00edch termotransferov\u00fdch tisk\u00e1ren na sv\u011bt\u011b .\u00a0<\/strong>Tisk\u00e1rna je konstruov\u00e1na na z\u00e1klad\u011b mnoholet\u00fdch zku\u0161enost\u00ed. TH240 | DH240 jsou vybaveny dv\u011bma motory, kter\u00e9 maj\u00ed dostatek s\u00edly pro pou\u017eit\u00ed bav\u00edc\u00ed TTR p\u00e1sky d\u00e9lky a\u017e 300 metr\u016f.<\/p>\n<\/div>\n<\/div><\/div><div id=\"panel-599-0-1-1\" class=\"so-panel widget widget_sow-slider panel-last-child\" data-index=\"2\" ><div\n\t\t\t\n\t\t\tclass=\"so-widget-sow-slider so-widget-sow-slider-default-7de843e35cc1-599\"\n\t\t\t\n\t\t>\t\t\t\t<div class=\"sow-slider-base\" style=\"display: none\" tabindex=\"0\">\n\t\t\t\t\t<ul\n\t\t\t\t\tclass=\"sow-slider-images\"\n\t\t\t\t\tdata-settings=\"{&quot;pagination&quot;:true,&quot;speed&quot;:800,&quot;timeout&quot;:1000,&quot;paused&quot;:false,&quot;pause_on_hover&quot;:false,&quot;swipe&quot;:true,&quot;nav_always_show_desktop&quot;:&quot;&quot;,&quot;nav_always_show_mobile&quot;:&quot;&quot;,&quot;breakpoint&quot;:&quot;780px&quot;,&quot;unmute&quot;:false,&quot;anchor&quot;:null}\"\n\t\t\t\t\t\t\t\t\t\tdata-anchor-id=\"\"\n\t\t\t\t>\t\t<li class=\"sow-slider-image\" style=\"visibility: visible;\" >\n\t\t\t\t\t\t<div class=\"sow-slider-image-container\">\n\t\t\t\t<div class=\"sow-slider-image-wrapper\" style=\"max-width: 500px\">\n\t\t\t\t\t\t\t\t\t\t<div class=\"sow-slider-image-foreground-wrapper\">\n\t\t\t\t\t\t<img loading=\"lazy\" decoding=\"async\" width=\"500\" height=\"500\" src=\"https:\/\/www.neotec.cz\/idsys\/wp-content\/uploads\/2025\/03\/TH240_L_500x500pxi.png\" class=\"sow-slider-foreground-image\" alt=\"\" style=\"\" srcset=\"https:\/\/www.neotec.cz\/idsys\/wp-content\/uploads\/2025\/03\/TH240_L_500x500pxi.png 500w, https:\/\/www.neotec.cz\/idsys\/wp-content\/uploads\/2025\/03\/TH240_L_500x500pxi-300x300.png 300w, https:\/\/www.neotec.cz\/idsys\/wp-content\/uploads\/2025\/03\/TH240_L_500x500pxi-150x150.png 150w\" sizes=\"auto, (max-width: 500px) 100vw, 500px\" \/>\t\t\t\t\t<\/div>\n\t\t\t\t\t\t\t\t\t<\/div>\n\t\t\t<\/div>\n\t\t\t\t\t<\/li>\n\t\t\t\t<li class=\"sow-slider-image\" style=\"visibility: hidden;\" >\n\t\t\t\t\t\t<div class=\"sow-slider-image-container\">\n\t\t\t\t<div class=\"sow-slider-image-wrapper\" style=\"max-width: 500px\">\n\t\t\t\t\t\t\t\t\t\t<div class=\"sow-slider-image-foreground-wrapper\">\n\t\t\t\t\t\t<img loading=\"lazy\" decoding=\"async\" width=\"500\" height=\"500\" src=\"https:\/\/www.neotec.cz\/idsys\/wp-content\/uploads\/2025\/03\/TH240T_L_500x500pxi.png\" class=\"sow-slider-foreground-image\" alt=\"\" style=\"\" srcset=\"https:\/\/www.neotec.cz\/idsys\/wp-content\/uploads\/2025\/03\/TH240T_L_500x500pxi.png 500w, https:\/\/www.neotec.cz\/idsys\/wp-content\/uploads\/2025\/03\/TH240T_L_500x500pxi-300x300.png 300w, https:\/\/www.neotec.cz\/idsys\/wp-content\/uploads\/2025\/03\/TH240T_L_500x500pxi-150x150.png 150w\" sizes=\"auto, (max-width: 500px) 100vw, 500px\" \/>\t\t\t\t\t<\/div>\n\t\t\t\t\t\t\t\t\t<\/div>\n\t\t\t<\/div>\n\t\t\t\t\t<\/li>\n\t\t<\/ul>\t\t\t\t<ol class=\"sow-slider-pagination\">\n\t\t\t\t\t\t\t\t\t\t\t<li><a href=\"#\" data-goto=\"0\" aria-label=\"display slide 1\"><\/a><\/li>\n\t\t\t\t\t\t\t\t\t\t\t<li><a href=\"#\" data-goto=\"1\" aria-label=\"display slide 2\"><\/a><\/li>\n\t\t\t\t\t\t\t\t\t<\/ol>\n\n\t\t\t\t<div class=\"sow-slide-nav sow-slide-nav-next\">\n\t\t\t\t\t<a href=\"#\" data-goto=\"next\" aria-label=\"next slide\" data-action=\"next\">\n\t\t\t\t\t\t<em class=\"sow-sld-icon-thick-rounded-right\"><\/em>\n\t\t\t\t\t<\/a>\n\t\t\t\t<\/div>\n\n\t\t\t\t<div class=\"sow-slide-nav sow-slide-nav-prev\">\n\t\t\t\t\t<a href=\"#\" data-goto=\"previous\" aria-label=\"previous slide\" data-action=\"prev\">\n\t\t\t\t\t\t<em class=\"sow-sld-icon-thick-rounded-left\"><\/em>\n\t\t\t\t\t<\/a>\n\t\t\t\t<\/div>\n\t\t\t\t<\/div><\/div><\/div><\/div><\/div><div id=\"pg-599-1\"  class=\"panel-grid panel-no-style\" ><div id=\"pgc-599-1-0\"  class=\"panel-grid-cell\" ><div id=\"panel-599-1-0-0\" class=\"so-panel widget widget_sow-editor panel-first-child\" data-index=\"3\" ><div\n\t\t\t\n\t\t\tclass=\"so-widget-sow-editor so-widget-sow-editor-base\"\n\t\t\t\n\t\t>\n<div class=\"siteorigin-widget-tinymce textwidget\">\n\t<table style=\"height: 95px;\" border=\"0\" width=\"377\" cellspacing=\"0\">\n<colgroup width=\"98\"><\/colgroup>\n<colgroup width=\"81\"><\/colgroup>\n<colgroup width=\"76\"><\/colgroup>\n<colgroup width=\"79\"><\/colgroup>\n<colgroup width=\"106\"><\/colgroup>\n<tbody>\n<tr>\n<td align=\"center\" bgcolor=\"#00A0C0\" height=\"17\"><b><span style=\"color: #ffffff;\">Zp\u016fsob tisku<\/span><\/b><\/td>\n<td align=\"center\" bgcolor=\"#00A0C0\"><b><span style=\"color: #ffffff;\">Model<\/span><\/b><\/td>\n<td align=\"center\" bgcolor=\"#00A0C0\"><b><span style=\"color: #ffffff;\">Rozli\u0161en\u00ed<\/span><\/b><\/td>\n<td align=\"center\" bgcolor=\"#00A0C0\"><b><span style=\"color: #ffffff;\">\u0160\u00ed\u0159e tisku<\/span><\/b><\/td>\n<td align=\"center\" bgcolor=\"#00A0C0\"><b><span style=\"color: #ffffff;\">Rychlost tisku<\/span><\/b><\/td>\n<\/tr>\n<tr>\n<td align=\"center\" height=\"17\">TT\/TD<\/td>\n<td align=\"center\">TTP-247<\/td>\n<td align=\"center\">203 dpi<\/td>\n<td align=\"center\">108 mm<\/td>\n<td align=\"center\">177 mm\/s<\/td>\n<\/tr>\n<tr>\n<td align=\"center\" height=\"17\">TT\/TD<\/td>\n<td align=\"center\">TTP-345<\/td>\n<td align=\"center\">300 dpi<\/td>\n<td align=\"center\">106 mm<\/td>\n<td align=\"center\">127 mm\/s<\/td>\n<\/tr>\n<\/tbody>\n<\/table>\n<p>TT = tisk s p\u0159enosem barv\u00edc\u00ed TTR p\u00e1sky<br \/>TD = p\u0159\u00edm\u00fd tepeln\u00fd tisk<\/p>\n<\/div>\n<\/div><\/div><div id=\"panel-599-1-0-1\" class=\"so-panel widget widget_sow-editor panel-last-child\" data-index=\"4\" ><div\n\t\t\t\n\t\t\tclass=\"so-widget-sow-editor so-widget-sow-editor-base\"\n\t\t\t\n\t\t>\n<div class=\"siteorigin-widget-tinymce textwidget\">\n\t<p style=\"text-align: center;\"><strong>Pokud nem\u016f\u017eete n\u011bco naj\u00edt nebo m\u00e1te-li jak\u00e9koliv dotazy, tak\u00a0n\u00e1s nev\u00e1hejte pros\u00edm\u00a0<a href=\"http:\/\/www.neotec.cz\/idsys\/kontakty\/\">kontaktovat<\/a>.<\/strong><\/p>\n<\/div>\n<\/div><\/div><\/div><\/div><\/div>","protected":false},"excerpt":{"rendered":"<p>Jedna z nejlep\u0161\u00edch termotransferov\u00fdch tisk\u00e1ren na sv\u011bt\u011b .\u00a0Tisk\u00e1rna je konstruov\u00e1na na z\u00e1klad\u011b mnoholet\u00fdch zku\u0161enost\u00ed. TH240 | DH240 jsou vybaveny dv\u011bma motory, kter\u00e9 maj\u00ed dostatek s\u00edly pro pou\u017eit\u00ed bav\u00edc\u00ed TTR p\u00e1sky d\u00e9lky a\u017e 300 metr\u016f. Zp\u016fsob tiskuModelRozli\u0161en\u00ed\u0160\u00ed\u0159e tiskuRychlost tiskuTT\/TDTTP-247203 dpi108 mm177 mm\/sTT\/TDTTP-345300 dpi106 mm127 mm\/sTT = tisk s p\u0159enosem barv\u00edc\u00ed TTR p\u00e1skyTD = p\u0159\u00edm\u00fd tepeln\u00fd tisk<\/p>\n","protected":false},"author":1,"featured_media":0,"parent":425,"menu_order":0,"comment_status":"closed","ping_status":"closed","template":"","meta":{"footnotes":""},"class_list":["post-599","page","type-page","status-publish","hentry"],"_links":{"self":[{"href":"https:\/\/www.neotec.cz\/idsys\/wp-json\/wp\/v2\/pages\/599","targetHints":{"allow":["GET"]}}],"collection":[{"href":"https:\/\/www.neotec.cz\/idsys\/wp-json\/wp\/v2\/pages"}],"about":[{"href":"https:\/\/www.neotec.cz\/idsys\/wp-json\/wp\/v2\/types\/page"}],"author":[{"embeddable":true,"href":"https:\/\/www.neotec.cz\/idsys\/wp-json\/wp\/v2\/users\/1"}],"replies":[{"embeddable":true,"href":"https:\/\/www.neotec.cz\/idsys\/wp-json\/wp\/v2\/comments?post=599"}],"version-history":[{"count":3,"href":"https:\/\/www.neotec.cz\/idsys\/wp-json\/wp\/v2\/pages\/599\/revisions"}],"predecessor-version":[{"id":1211,"href":"https:\/\/www.neotec.cz\/idsys\/wp-json\/wp\/v2\/pages\/599\/revisions\/1211"}],"up":[{"embeddable":true,"href":"https:\/\/www.neotec.cz\/idsys\/wp-json\/wp\/v2\/pages\/425"}],"wp:attachment":[{"href":"https:\/\/www.neotec.cz\/idsys\/wp-json\/wp\/v2\/media?parent=599"}],"curies":[{"name":"wp","href":"https:\/\/api.w.org\/{rel}","templated":true}]}}