{"id":646,"date":"2016-11-08T16:43:25","date_gmt":"2016-11-08T15:43:25","guid":{"rendered":"http:\/\/www.neotec.cz\/idsys\/?page_id=646"},"modified":"2025-03-28T14:54:16","modified_gmt":"2025-03-28T13:54:16","slug":"mb241t-mb341t","status":"publish","type":"page","link":"https:\/\/www.neotec.cz\/idsys\/uvod\/tiskarny\/prumyslove-tiskarny\/mb241t-mb341t\/","title":{"rendered":"MB241T | MB341T"},"content":{"rendered":"<div id=\"pl-646\"  class=\"panel-layout\" ><div id=\"pg-646-0\"  class=\"panel-grid panel-no-style\" ><div id=\"pgc-646-0-0\"  class=\"panel-grid-cell\" ><div id=\"panel-646-0-0-0\" class=\"so-panel widget widget_sow-image panel-first-child\" data-index=\"0\" ><div\n\t\t\t\n\t\t\tclass=\"so-widget-sow-image so-widget-sow-image-default-c67d20f9f743-646\"\n\t\t\t\n\t\t>\n\n<div class=\"sow-image-container\">\n\t\t<img loading=\"lazy\" decoding=\"async\" src=\"https:\/\/www.neotec.cz\/idsys\/wp-content\/uploads\/2025\/03\/MB241T-4_500x500pxi-300x300.png\" width=\"300\" height=\"300\" srcset=\"https:\/\/www.neotec.cz\/idsys\/wp-content\/uploads\/2025\/03\/MB241T-4_500x500pxi-300x300.png 300w, https:\/\/www.neotec.cz\/idsys\/wp-content\/uploads\/2025\/03\/MB241T-4_500x500pxi-150x150.png 150w, https:\/\/www.neotec.cz\/idsys\/wp-content\/uploads\/2025\/03\/MB241T-4_500x500pxi.png 500w\" sizes=\"auto, (max-width: 300px) 100vw, 300px\" title=\"MB241T | MB341T\" alt=\"MB241T | MB341T\" \t\tclass=\"so-widget-image\"\/>\n\t<\/div>\n\n<\/div><\/div><div id=\"panel-646-0-0-1\" class=\"so-panel widget widget_sow-editor\" data-index=\"1\" ><div\n\t\t\t\n\t\t\tclass=\"so-widget-sow-editor so-widget-sow-editor-base\"\n\t\t\t\n\t\t>\n<div class=\"siteorigin-widget-tinymce textwidget\">\n\t<p><a href=\"https:\/\/www.neotec.cz\/idsys\/wp-content\/uploads\/2025\/03\/MB241_Series_EN_web_20240423.pdf\" target=\"_blank\" rel=\"noopener\">TECHNICK\u00dd LIST<\/a><\/p>\n<p>&nbsp;<\/p>\n<\/div>\n<\/div><\/div><div id=\"panel-646-0-0-2\" class=\"so-panel widget widget_media_video\" data-index=\"2\" ><h3 class=\"widget-title\">U\u017eite\u010dn\u00e1 videa<\/h3><div style=\"width:100%;\" class=\"wp-video\"><!--[if lt IE 9]><script>document.createElement('video');<\/script><![endif]-->\n<video class=\"wp-video-shortcode\" id=\"video-646-1\" preload=\"metadata\" controls=\"controls\"><source type=\"video\/youtube\" src=\"https:\/\/youtu.be\/O5UL7CXRnq0?_=1\" \/><a href=\"https:\/\/youtu.be\/O5UL7CXRnq0\">https:\/\/youtu.be\/O5UL7CXRnq0<\/a><\/video><\/div><\/div><div id=\"panel-646-0-0-3\" class=\"so-panel widget widget_sow-editor\" data-index=\"3\" ><div\n\t\t\t\n\t\t\tclass=\"so-widget-sow-editor so-widget-sow-editor-base\"\n\t\t\t\n\t\t>\n<div class=\"siteorigin-widget-tinymce textwidget\">\n\t<\/div>\n<\/div><\/div><div id=\"panel-646-0-0-4\" class=\"so-panel widget widget_media_video\" data-index=\"4\" ><div style=\"width:100%;\" class=\"wp-video\"><video class=\"wp-video-shortcode\" id=\"video-646-2\" preload=\"metadata\" controls=\"controls\"><source type=\"video\/youtube\" src=\"https:\/\/youtu.be\/rSJ7Pwu0JT8?_=2\" \/><a href=\"https:\/\/youtu.be\/rSJ7Pwu0JT8\">https:\/\/youtu.be\/rSJ7Pwu0JT8<\/a><\/video><\/div><\/div><div id=\"panel-646-0-0-5\" class=\"so-panel widget widget_sow-editor\" data-index=\"5\" ><div\n\t\t\t\n\t\t\tclass=\"so-widget-sow-editor so-widget-sow-editor-base\"\n\t\t\t\n\t\t>\n<div class=\"siteorigin-widget-tinymce textwidget\">\n\t<\/div>\n<\/div><\/div><div id=\"panel-646-0-0-6\" class=\"so-panel widget widget_media_video panel-last-child\" data-index=\"6\" ><div style=\"width:100%;\" class=\"wp-video\"><video class=\"wp-video-shortcode\" id=\"video-646-3\" preload=\"metadata\" controls=\"controls\"><source type=\"video\/youtube\" src=\"https:\/\/youtu.be\/3kfNK_qURyY?_=3\" \/><a href=\"https:\/\/youtu.be\/3kfNK_qURyY\">https:\/\/youtu.be\/3kfNK_qURyY<\/a><\/video><\/div><\/div><\/div><div id=\"pgc-646-0-1\"  class=\"panel-grid-cell\" ><div id=\"panel-646-0-1-0\" class=\"so-panel widget widget_sow-editor panel-first-child\" data-index=\"7\" ><div\n\t\t\t\n\t\t\tclass=\"so-widget-sow-editor so-widget-sow-editor-base\"\n\t\t\t\n\t\t><h3 class=\"widget-title\">MB241T | MB341T<\/h3>\n<div class=\"siteorigin-widget-tinymce textwidget\">\n\t<p><strong>MB241T | MB341T \u2013 Pr\u016fmyslov\u00fd v\u00fdkon v kompaktn\u00edm t\u011ble.<\/strong>\u00a0Modely TSC MB241T a MB341T kombinuj\u00ed optim\u00e1ln\u00ed v\u00fdkon mezi stoln\u00edmi a pr\u016fmyslov\u00fdmi tisk\u00e1rnami. S kapacitou tisku a\u017e 6 000 \u0161t\u00edtk\u016f denn\u011b jsou ide\u00e1ln\u00ed volbou pro firmy, kter\u00e9 hledaj\u00ed vy\u0161\u0161\u00ed v\u00fdkon a odolnost, ale jejich prostorov\u00e9 a finan\u010dn\u00ed mo\u017enosti jsou omezen\u00e9. Tyto modely vynikaj\u00ed v aplikac\u00edch v logistice, v\u00fdrob\u011b a skladov\u00e1n\u00ed, kde je pot\u0159eba v\u011bt\u0161\u00ed kapacita tisku a spolehlivost.<\/p>\n<p><strong>Vysok\u00e1 kapacita a flexibilita<\/strong><\/p>\n<p>MB241T a MB341T poskytuj\u00ed mo\u017enosti tisku a\u017e 6 000 \u0161t\u00edtk\u016f denn\u011b. S vyu\u017eit\u00edm 450m TTR p\u00e1sky a inovativn\u00ed konstrukc\u00ed s rozp\u016flen\u00fdmi dve\u0159mi, kter\u00e9 umo\u017e\u0148uj\u00ed snadn\u00e9 otev\u00edr\u00e1n\u00ed tisk\u00e1rny i ve st\u00edsn\u011bn\u00fdch prostor\u00e1ch, se tyto tisk\u00e1rny snadno p\u0159izp\u016fsob\u00ed r\u016fzn\u00fdm pracovn\u00edm podm\u00ednk\u00e1m. Konstrukce zaji\u0161\u0165uje jednoduchou spr\u00e1vu materi\u00e1lu i p\u0159i vysok\u00e9m objemu tisku. Modely podporuj\u00ed \u0161irokou \u0161k\u00e1lu velikost\u00ed a typ\u016f \u0161t\u00edtk\u016f a tak\u00e9 variabiln\u00ed d\u00e9lky, co\u017e umo\u017e\u0148uje p\u0159izp\u016fsobit tisk podle aktu\u00e1ln\u00edch pot\u0159eb.<\/p>\n<p><strong>Ekologick\u00e9 a ekonomick\u00e9 v\u00fdhody<\/strong><\/p>\n<p>Podpora Linerless \u0159e\u0161en\u00ed znamen\u00e1 tisk bez nosn\u00e9ho materi\u00e1lu, co\u017e \u0161et\u0159\u00ed odpad a n\u00e1klady na spot\u0159ebn\u00ed materi\u00e1l. Tento ekologick\u00fd p\u0159\u00edstup z\u00e1rove\u0148 zvy\u0161uje efektivitu tiskov\u00e9ho procesu. Firmy, kter\u00e9 hledaj\u00ed udr\u017eiteln\u00e9 \u0159e\u0161en\u00ed a cht\u011bj\u00ed sn\u00ed\u017eit n\u00e1klady, ocen\u00ed tuto funkci, kter\u00e1 umo\u017e\u0148uje tisk vysok\u00e9 kvality p\u0159i ni\u017e\u0161\u00edch provozn\u00edch n\u00e1kladech.<\/p>\n<p><strong>Flexibiln\u00ed p\u0159ipojen\u00ed a roz\u0161\u00ed\u0159en\u00ed<\/strong><\/p>\n<p>MB241T a MB341T nab\u00edzej\u00ed flexibilitu v oblasti p\u0159ipojen\u00ed. K dispozici jsou mo\u017enosti p\u0159ipojen\u00ed p\u0159es USB, Ethernet a Wi-Fi, co\u017e umo\u017e\u0148uje bezprobl\u00e9movou integraci do firemn\u00edch s\u00edt\u00ed a syst\u00e9m\u016f. D\u00edky t\u011bmto mo\u017enostem lze tisk\u00e1rnu snadno propojit s dal\u0161\u00edmi za\u0159\u00edzen\u00edmi, co\u017e optimalizuje pracovn\u00ed procesy ve v\u00fdrobn\u00edch a skladov\u00fdch aplikac\u00edch.<\/p>\n<p><strong>P\u0159\u00edslu\u0161enstv\u00ed pro vy\u0161\u0161\u00ed efektivitu<\/strong><\/p>\n<p>K tisk\u00e1rn\u00e1m je k dispozici \u0161irok\u00e9 p\u0159\u00edslu\u0161enstv\u00ed, v\u010detn\u011b pod\u00e1va\u010de etiket, odst\u0159ihu a vnit\u0159n\u00edho nav\u00edje\u010de. Tyto dopl\u0148ky zvy\u0161uj\u00ed flexibilitu a umo\u017e\u0148uj\u00ed p\u0159izp\u016fsobit tisk\u00e1rnu specifick\u00fdm po\u017eadavk\u016fm. Pom\u00e1haj\u00ed optimalizovat workflow a zv\u00fd\u0161it efektivitu tisku ve specifick\u00fdch aplikac\u00edch.<\/p>\n<p><strong>Z\u00e1v\u011br<\/strong><\/p>\n<p>TSC MB241T a MB341T p\u0159edstavuj\u00ed ide\u00e1ln\u00ed volbu pro firmy, kter\u00e9 pot\u0159ebuj\u00ed spolehlivou tisk\u00e1rnu pro n\u00e1ro\u010dn\u00e9 aplikace, ale z\u00e1rove\u0148 hledaj\u00ed kompaktn\u00ed a cenov\u011b dostupn\u00e9 \u0159e\u0161en\u00ed. D\u00edky \u0161irok\u00e9 \u0161k\u00e1le funkc\u00ed a mo\u017enost\u00ed p\u0159ipojen\u00ed si tyto tisk\u00e1rny najdou vyu\u017eit\u00ed ve v\u0161ech odv\u011btv\u00edch, kde je d\u016fle\u017eit\u00fd vysok\u00fd v\u00fdkon a flexibilita.<\/p>\n<\/div>\n<\/div><\/div><div id=\"panel-646-0-1-1\" class=\"so-panel widget widget_sow-slider panel-last-child\" data-index=\"8\" ><div\n\t\t\t\n\t\t\tclass=\"so-widget-sow-slider so-widget-sow-slider-default-36aae415296a-646\"\n\t\t\t\n\t\t>\t\t\t\t<div class=\"sow-slider-base\" style=\"display: none\" tabindex=\"0\">\n\t\t\t\t\t<ul\n\t\t\t\t\tclass=\"sow-slider-images\"\n\t\t\t\t\tdata-settings=\"{&quot;pagination&quot;:true,&quot;speed&quot;:800,&quot;timeout&quot;:1000,&quot;paused&quot;:false,&quot;pause_on_hover&quot;:false,&quot;swipe&quot;:true,&quot;nav_always_show_desktop&quot;:&quot;&quot;,&quot;nav_always_show_mobile&quot;:&quot;&quot;,&quot;breakpoint&quot;:&quot;780px&quot;,&quot;unmute&quot;:false,&quot;anchor&quot;:null}\"\n\t\t\t\t\t\t\t\t\t\tdata-anchor-id=\"\"\n\t\t\t\t>\t\t<li class=\"sow-slider-image\" style=\"visibility: visible;\" >\n\t\t\t\t\t\t<div class=\"sow-slider-image-container\">\n\t\t\t\t<div class=\"sow-slider-image-wrapper\" style=\"max-width: 500px\">\n\t\t\t\t\t\t\t\t\t\t<div class=\"sow-slider-image-foreground-wrapper\">\n\t\t\t\t\t\t<img loading=\"lazy\" decoding=\"async\" width=\"500\" height=\"500\" src=\"https:\/\/www.neotec.cz\/idsys\/wp-content\/uploads\/2025\/03\/MB241T-1_500x500pxi.png\" class=\"sow-slider-foreground-image\" alt=\"\" style=\"\" srcset=\"https:\/\/www.neotec.cz\/idsys\/wp-content\/uploads\/2025\/03\/MB241T-1_500x500pxi.png 500w, https:\/\/www.neotec.cz\/idsys\/wp-content\/uploads\/2025\/03\/MB241T-1_500x500pxi-300x300.png 300w, https:\/\/www.neotec.cz\/idsys\/wp-content\/uploads\/2025\/03\/MB241T-1_500x500pxi-150x150.png 150w\" sizes=\"auto, (max-width: 500px) 100vw, 500px\" \/>\t\t\t\t\t<\/div>\n\t\t\t\t\t\t\t\t\t<\/div>\n\t\t\t<\/div>\n\t\t\t\t\t<\/li>\n\t\t\t\t<li class=\"sow-slider-image\" style=\"visibility: hidden;\" >\n\t\t\t\t\t\t<div class=\"sow-slider-image-container\">\n\t\t\t\t<div class=\"sow-slider-image-wrapper\" style=\"max-width: 500px\">\n\t\t\t\t\t\t\t\t\t\t<div class=\"sow-slider-image-foreground-wrapper\">\n\t\t\t\t\t\t<img loading=\"lazy\" decoding=\"async\" width=\"500\" height=\"500\" src=\"https:\/\/www.neotec.cz\/idsys\/wp-content\/uploads\/2025\/03\/MB241T-3_500x500pxi.png\" class=\"sow-slider-foreground-image\" alt=\"\" style=\"\" srcset=\"https:\/\/www.neotec.cz\/idsys\/wp-content\/uploads\/2025\/03\/MB241T-3_500x500pxi.png 500w, https:\/\/www.neotec.cz\/idsys\/wp-content\/uploads\/2025\/03\/MB241T-3_500x500pxi-300x300.png 300w, https:\/\/www.neotec.cz\/idsys\/wp-content\/uploads\/2025\/03\/MB241T-3_500x500pxi-150x150.png 150w\" sizes=\"auto, (max-width: 500px) 100vw, 500px\" \/>\t\t\t\t\t<\/div>\n\t\t\t\t\t\t\t\t\t<\/div>\n\t\t\t<\/div>\n\t\t\t\t\t<\/li>\n\t\t<\/ul>\t\t\t\t<ol class=\"sow-slider-pagination\">\n\t\t\t\t\t\t\t\t\t\t\t<li><a href=\"#\" data-goto=\"0\" aria-label=\"display slide 1\"><\/a><\/li>\n\t\t\t\t\t\t\t\t\t\t\t<li><a href=\"#\" data-goto=\"1\" aria-label=\"display slide 2\"><\/a><\/li>\n\t\t\t\t\t\t\t\t\t<\/ol>\n\n\t\t\t\t<div class=\"sow-slide-nav sow-slide-nav-next\">\n\t\t\t\t\t<a href=\"#\" data-goto=\"next\" aria-label=\"next slide\" data-action=\"next\">\n\t\t\t\t\t\t<em class=\"sow-sld-icon-thick-rounded-right\"><\/em>\n\t\t\t\t\t<\/a>\n\t\t\t\t<\/div>\n\n\t\t\t\t<div class=\"sow-slide-nav sow-slide-nav-prev\">\n\t\t\t\t\t<a href=\"#\" data-goto=\"previous\" aria-label=\"previous slide\" data-action=\"prev\">\n\t\t\t\t\t\t<em class=\"sow-sld-icon-thick-rounded-left\"><\/em>\n\t\t\t\t\t<\/a>\n\t\t\t\t<\/div>\n\t\t\t\t<\/div><\/div><\/div><\/div><\/div><div id=\"pg-646-1\"  class=\"panel-grid panel-no-style\" ><div id=\"pgc-646-1-0\"  class=\"panel-grid-cell\" ><div id=\"panel-646-1-0-0\" class=\"so-panel widget widget_sow-editor panel-first-child\" data-index=\"9\" ><div\n\t\t\t\n\t\t\tclass=\"so-widget-sow-editor so-widget-sow-editor-base\"\n\t\t\t\n\t\t>\n<div class=\"siteorigin-widget-tinymce textwidget\">\n\t<p>TT = tisk s p\u0159enosem barv\u00edc\u00ed TTR p\u00e1sky<br \/>TD = p\u0159\u00edm\u00fd tepeln\u00fd tisk<\/p>\n<\/div>\n<\/div><\/div><div id=\"panel-646-1-0-1\" class=\"so-panel widget widget_sow-editor panel-last-child\" data-index=\"10\" ><div\n\t\t\t\n\t\t\tclass=\"so-widget-sow-editor so-widget-sow-editor-base\"\n\t\t\t\n\t\t>\n<div class=\"siteorigin-widget-tinymce textwidget\">\n\t<p style=\"text-align: center;\"><strong>Pokud nem\u016f\u017eete n\u011bco naj\u00edt nebo m\u00e1te-li jak\u00e9koliv dotazy, tak\u00a0n\u00e1s nev\u00e1hejte pros\u00edm\u00a0<a href=\"http:\/\/www.neotec.cz\/idsys\/kontakty\/\">kontaktovat<\/a>.<\/strong><\/p>\n<\/div>\n<\/div><\/div><\/div><\/div><\/div>","protected":false},"excerpt":{"rendered":"<p>TECHNICK\u00dd LIST &nbsp; MB241T | MB341T \u2013 Pr\u016fmyslov\u00fd v\u00fdkon v kompaktn\u00edm t\u011ble.\u00a0Modely TSC MB241T a MB341T kombinuj\u00ed optim\u00e1ln\u00ed v\u00fdkon mezi stoln\u00edmi a pr\u016fmyslov\u00fdmi tisk\u00e1rnami. S kapacitou tisku a\u017e 6 000 \u0161t\u00edtk\u016f denn\u011b jsou ide\u00e1ln\u00ed volbou pro firmy, kter\u00e9 hledaj\u00ed vy\u0161\u0161\u00ed v\u00fdkon a odolnost, ale jejich prostorov\u00e9 a finan\u010dn\u00ed mo\u017enosti jsou omezen\u00e9. Tyto modely vynikaj\u00ed v&hellip;<\/p>\n","protected":false},"author":1,"featured_media":0,"parent":472,"menu_order":0,"comment_status":"closed","ping_status":"closed","template":"","meta":{"footnotes":""},"class_list":["post-646","page","type-page","status-publish","hentry"],"_links":{"self":[{"href":"https:\/\/www.neotec.cz\/idsys\/wp-json\/wp\/v2\/pages\/646","targetHints":{"allow":["GET"]}}],"collection":[{"href":"https:\/\/www.neotec.cz\/idsys\/wp-json\/wp\/v2\/pages"}],"about":[{"href":"https:\/\/www.neotec.cz\/idsys\/wp-json\/wp\/v2\/types\/page"}],"author":[{"embeddable":true,"href":"https:\/\/www.neotec.cz\/idsys\/wp-json\/wp\/v2\/users\/1"}],"replies":[{"embeddable":true,"href":"https:\/\/www.neotec.cz\/idsys\/wp-json\/wp\/v2\/comments?post=646"}],"version-history":[{"count":50,"href":"https:\/\/www.neotec.cz\/idsys\/wp-json\/wp\/v2\/pages\/646\/revisions"}],"predecessor-version":[{"id":1205,"href":"https:\/\/www.neotec.cz\/idsys\/wp-json\/wp\/v2\/pages\/646\/revisions\/1205"}],"up":[{"embeddable":true,"href":"https:\/\/www.neotec.cz\/idsys\/wp-json\/wp\/v2\/pages\/472"}],"wp:attachment":[{"href":"https:\/\/www.neotec.cz\/idsys\/wp-json\/wp\/v2\/media?parent=646"}],"curies":[{"name":"wp","href":"https:\/\/api.w.org\/{rel}","templated":true}]}}