{"id":695,"date":"2017-03-13T13:54:36","date_gmt":"2017-03-13T12:54:36","guid":{"rendered":"http:\/\/www.neotec.cz\/idsys\/?page_id=695"},"modified":"2017-03-14T08:16:43","modified_gmt":"2017-03-14T07:16:43","slug":"snimace","status":"publish","type":"page","link":"https:\/\/www.neotec.cz\/idsys\/uvod\/snimace\/","title":{"rendered":"Sn\u00edma\u010de"},"content":{"rendered":"<div id=\"pl-695\"  class=\"panel-layout\" ><div id=\"pg-695-0\"  class=\"panel-grid panel-has-style\" ><div class=\"panel-row-style panel-row-style-for-695-0\" ><div id=\"pgc-695-0-0\"  class=\"panel-grid-cell\" ><div id=\"panel-695-0-0-0\" class=\"so-panel widget widget_sow-editor panel-first-child panel-last-child\" data-index=\"0\" ><div class=\"panel-widget-style panel-widget-style-for-695-0-0-0\" ><div\n\t\t\t\n\t\t\tclass=\"so-widget-sow-editor so-widget-sow-editor-base\"\n\t\t\t\n\t\t><h3 class=\"widget-title\">Sn\u00edma\u010de k\u00f3d\u016f<\/h3>\n<div class=\"siteorigin-widget-tinymce textwidget\">\n\t<p>\u017dijeme v dob\u011b kdy t\u011b\u017eko najdete firmu, kter\u00e1 sn\u00edma\u010d \u010d\u00e1rov\u00e9ho k\u00f3du nepot\u0159ebuje a pou\u017e\u00edv\u00e1n\u00ed 1D nebo 2D k\u00f3d\u016f se \u010d\u00edm d\u00e1l t\u00edm v\u00edc roz\u0161i\u0159uje. Je proto hodn\u011b d\u016fle\u017eit\u00e9 naj\u00edt a vybrat si ten spr\u00e1vn\u00fd model a v\u00fdrobce. Firma NEOTEC spol. s r.o. proto spolupracuje s v\u00fdrobcem kvalitn\u00edch sn\u00edma\u010d\u016f k\u00f3d\u016f firmou DATALOGIC ji\u017e n\u011bkolik let, aby jsme V\u00e1m mohli pro Va\u0161e pot\u0159eby naj\u00edt co nejlep\u0161\u00ed \u0159e\u0161en\u00ed. Na v\u00fdb\u011br m\u00e1te bu\u010f ru\u010dn\u00ed sn\u00edma\u010de k\u00f3d\u016f pro mal\u00fd a st\u0159edn\u00ed objem sn\u00edm\u00e1n\u00ed nebo pr\u016fmyslov\u00e9 ru\u010dn\u00ed sn\u00edma\u010de k\u00f3d\u016f do drsn\u00fdch podm\u00ednek, velk\u00e9ho objemu \u010dten\u00ed k\u00f3d\u016f a tvrd\u00e9ho zach\u00e1zen\u00ed se \u010dte\u010dkou.<\/p>\n<\/div>\n<\/div><\/div><\/div><\/div><\/div><\/div><div id=\"pg-695-1\"  class=\"panel-grid panel-no-style\" ><div id=\"pgc-695-1-0\"  class=\"panel-grid-cell\" ><div id=\"panel-695-1-0-0\" class=\"so-panel widget widget_sow-features panel-first-child panel-last-child\" data-index=\"1\" ><div\n\t\t\t\n\t\t\tclass=\"so-widget-sow-features so-widget-sow-features-default-824124852d4b-695\"\n\t\t\t\n\t\t>\n<div class=\"sow-features-list sow-features-responsive\">\n\n\t\t\t\t\t\t\t\t\t<div\n\t\t\t\tclass=\"sow-features-feature sow-icon-container-position-top\"\n\t\t\t\tstyle=\"display: flex; flex-direction: column; width: calc(100% - 25px);\"\n\t\t\t>\n\t\t\t\n\t\t\t\t\t\t\t\t\t<a\n\t\t\t\t\t\thref=\"https:\/\/www.neotec.cz\/idsys\/uvod\/snimace\/rucni_snimace\/\"\n\t\t\t\t\t\t\t\t\t\t\t>\n\t\t\t\t\t\t\t\t<div\n\t\t\t\t\tclass=\"sow-icon-container sow-container-none\"\n\t\t\t\t\tstyle=\"color: #444444; \"\n\t\t\t\t\t\t\t\t\t>\n\t\t\t\t\t<div class=\"sow-icon-image\" style=\"background-image: url(https:\/\/www.neotec.cz\/idsys\/wp-content\/uploads\/2016\/03\/ic-skenery.png); font-size: 150px\"><\/div>\t\t\t\t<\/div>\n\t\t\t\t\t\t\t\t\t<\/a>\n\t\t\t\t\t\n\t\t\t\t<div class=\"textwidget\">\n\t\t\t\t\t\n\t\t\t\t\t\t\t\t\t\t\t<h5>\n\t\t\t\t\t\t\t\t\t\t\t\t\t\t\t<a\n\t\t\t\t\t\t\t\t\thref=\"https:\/\/www.neotec.cz\/idsys\/uvod\/snimace\/rucni_snimace\/\"\n\t\t\t\t\t\t\t\t\t\t\t\t\t\t\t\t\t>\n\t\t\t\t\t\t\t\n\t\t\t\t\t\t\tRu\u010dn\u00ed sn\u00edma\u010de \u010d\u00e1rov\u00fdch a 2D k\u00f3d\u016f\t\t\t\t\t\t\t\t\t\t\t\t\t\t\t<\/a>\n\t\t\t\t\t\t\t\t\t\t\t\t\t<\/h5>\n\t\t\t\t\t\n\t\t\t\t\t\n\t\t\t\t\t\t\t\t\t<\/div>\n\t\t\t\t\t\t\t\t\n\t\t\t\t\t\t\t<\/div>\n\n\t\t\t\n<\/div>\n<\/div><\/div><\/div><div id=\"pgc-695-1-1\"  class=\"panel-grid-cell\" ><div id=\"panel-695-1-1-0\" class=\"so-panel widget widget_sow-features panel-first-child panel-last-child\" data-index=\"2\" ><div\n\t\t\t\n\t\t\tclass=\"so-widget-sow-features so-widget-sow-features-default-824124852d4b-695\"\n\t\t\t\n\t\t>\n<div class=\"sow-features-list sow-features-responsive\">\n\n\t\t\t\t\t\t\t\t\t<div\n\t\t\t\tclass=\"sow-features-feature sow-icon-container-position-top\"\n\t\t\t\tstyle=\"display: flex; flex-direction: column; width: calc(100% - 25px);\"\n\t\t\t>\n\t\t\t\n\t\t\t\t\t\t\t\t\t<a\n\t\t\t\t\t\thref=\"https:\/\/www.neotec.cz\/idsys\/uvod\/snimace\/prumyslove-snimace\/\"\n\t\t\t\t\t\t\t\t\t\t\t>\n\t\t\t\t\t\t\t\t<div\n\t\t\t\t\tclass=\"sow-icon-container sow-container-none\"\n\t\t\t\t\tstyle=\"color: #6d6d6d; \"\n\t\t\t\t\t\t\t\t\t>\n\t\t\t\t\t<div class=\"sow-icon-image\" style=\"background-image: url(https:\/\/www.neotec.cz\/idsys\/wp-content\/uploads\/2017\/03\/PD9530_DPM.png); font-size: 150px\"><\/div>\t\t\t\t<\/div>\n\t\t\t\t\t\t\t\t\t<\/a>\n\t\t\t\t\t\n\t\t\t\t<div class=\"textwidget\">\n\t\t\t\t\t\n\t\t\t\t\t\t\t\t\t\t\t<h5>\n\t\t\t\t\t\t\t\t\t\t\t\t\t\t\t<a\n\t\t\t\t\t\t\t\t\thref=\"https:\/\/www.neotec.cz\/idsys\/uvod\/snimace\/prumyslove-snimace\/\"\n\t\t\t\t\t\t\t\t\t\t\t\t\t\t\t\t\t>\n\t\t\t\t\t\t\t\n\t\t\t\t\t\t\tPr\u016fmyslov\u00e9 sn\u00edma\u010de \u010d\u00e1rov\u00fdch a 2D k\u00f3d\u016f\t\t\t\t\t\t\t\t\t\t\t\t\t\t\t<\/a>\n\t\t\t\t\t\t\t\t\t\t\t\t\t<\/h5>\n\t\t\t\t\t\n\t\t\t\t\t\n\t\t\t\t\t\t\t\t\t<\/div>\n\t\t\t\t\t\t\t\t\n\t\t\t\t\t\t\t<\/div>\n\n\t\t\t\n<\/div>\n<\/div><\/div><\/div><\/div><\/div>","protected":false},"excerpt":{"rendered":"<p>\u017dijeme v dob\u011b kdy t\u011b\u017eko najdete firmu, kter\u00e1 sn\u00edma\u010d \u010d\u00e1rov\u00e9ho k\u00f3du nepot\u0159ebuje a pou\u017e\u00edv\u00e1n\u00ed 1D nebo 2D k\u00f3d\u016f se \u010d\u00edm d\u00e1l t\u00edm v\u00edc roz\u0161i\u0159uje. Je proto hodn\u011b d\u016fle\u017eit\u00e9 naj\u00edt a vybrat si ten spr\u00e1vn\u00fd model a v\u00fdrobce. Firma NEOTEC spol. s r.o. proto spolupracuje s v\u00fdrobcem kvalitn\u00edch sn\u00edma\u010d\u016f k\u00f3d\u016f firmou DATALOGIC ji\u017e n\u011bkolik let, aby&hellip;<\/p>\n","protected":false},"author":1,"featured_media":0,"parent":2,"menu_order":0,"comment_status":"closed","ping_status":"closed","template":"home-panels.php","meta":{"footnotes":""},"class_list":["post-695","page","type-page","status-publish","hentry"],"_links":{"self":[{"href":"https:\/\/www.neotec.cz\/idsys\/wp-json\/wp\/v2\/pages\/695","targetHints":{"allow":["GET"]}}],"collection":[{"href":"https:\/\/www.neotec.cz\/idsys\/wp-json\/wp\/v2\/pages"}],"about":[{"href":"https:\/\/www.neotec.cz\/idsys\/wp-json\/wp\/v2\/types\/page"}],"author":[{"embeddable":true,"href":"https:\/\/www.neotec.cz\/idsys\/wp-json\/wp\/v2\/users\/1"}],"replies":[{"embeddable":true,"href":"https:\/\/www.neotec.cz\/idsys\/wp-json\/wp\/v2\/comments?post=695"}],"version-history":[{"count":9,"href":"https:\/\/www.neotec.cz\/idsys\/wp-json\/wp\/v2\/pages\/695\/revisions"}],"predecessor-version":[{"id":783,"href":"https:\/\/www.neotec.cz\/idsys\/wp-json\/wp\/v2\/pages\/695\/revisions\/783"}],"up":[{"embeddable":true,"href":"https:\/\/www.neotec.cz\/idsys\/wp-json\/wp\/v2\/pages\/2"}],"wp:attachment":[{"href":"https:\/\/www.neotec.cz\/idsys\/wp-json\/wp\/v2\/media?parent=695"}],"curies":[{"name":"wp","href":"https:\/\/api.w.org\/{rel}","templated":true}]}}