{"id":713,"date":"2017-03-13T15:42:38","date_gmt":"2017-03-13T14:42:38","guid":{"rendered":"http:\/\/www.neotec.cz\/idsys\/?page_id=713"},"modified":"2017-03-13T16:08:47","modified_gmt":"2017-03-13T15:08:47","slug":"dotazy_snimace","status":"publish","type":"page","link":"https:\/\/www.neotec.cz\/idsys\/uvod\/snimace\/dotazy_snimace\/","title":{"rendered":"M\u00e1te dotazy&#8230; :) ?"},"content":{"rendered":"<div id=\"pl-713\"  class=\"panel-layout\" ><div id=\"pg-713-0\"  class=\"panel-grid panel-no-style\" ><div id=\"pgc-713-0-0\"  class=\"panel-grid-cell\" ><div id=\"panel-713-0-0-0\" class=\"so-panel widget widget_sow-editor panel-first-child panel-last-child\" data-index=\"0\" ><div\n\t\t\t\n\t\t\tclass=\"so-widget-sow-editor so-widget-sow-editor-base\"\n\t\t\t\n\t\t>\n<div class=\"siteorigin-widget-tinymce textwidget\">\n\t<p style=\"text-align: center;\"><strong>Pro v\u00edce informac\u00ed ohledn\u011b sn\u00edma\u010d\u016f n\u00e1s pros\u00edm nev\u00e1hejte <a href=\"http:\/\/www.neotec.cz\/idsys\/kontakty\/\">kontaktovat<\/a>.<\/strong><\/p>\n<\/div>\n<\/div><\/div><\/div><\/div><\/div>","protected":false},"excerpt":{"rendered":"<p>Pro v\u00edce informac\u00ed ohledn\u011b sn\u00edma\u010d\u016f n\u00e1s pros\u00edm nev\u00e1hejte kontaktovat.<\/p>\n","protected":false},"author":1,"featured_media":0,"parent":695,"menu_order":0,"comment_status":"closed","ping_status":"closed","template":"","meta":{"footnotes":""},"class_list":["post-713","page","type-page","status-publish","hentry"],"_links":{"self":[{"href":"https:\/\/www.neotec.cz\/idsys\/wp-json\/wp\/v2\/pages\/713","targetHints":{"allow":["GET"]}}],"collection":[{"href":"https:\/\/www.neotec.cz\/idsys\/wp-json\/wp\/v2\/pages"}],"about":[{"href":"https:\/\/www.neotec.cz\/idsys\/wp-json\/wp\/v2\/types\/page"}],"author":[{"embeddable":true,"href":"https:\/\/www.neotec.cz\/idsys\/wp-json\/wp\/v2\/users\/1"}],"replies":[{"embeddable":true,"href":"https:\/\/www.neotec.cz\/idsys\/wp-json\/wp\/v2\/comments?post=713"}],"version-history":[{"count":3,"href":"https:\/\/www.neotec.cz\/idsys\/wp-json\/wp\/v2\/pages\/713\/revisions"}],"predecessor-version":[{"id":719,"href":"https:\/\/www.neotec.cz\/idsys\/wp-json\/wp\/v2\/pages\/713\/revisions\/719"}],"up":[{"embeddable":true,"href":"https:\/\/www.neotec.cz\/idsys\/wp-json\/wp\/v2\/pages\/695"}],"wp:attachment":[{"href":"https:\/\/www.neotec.cz\/idsys\/wp-json\/wp\/v2\/media?parent=713"}],"curies":[{"name":"wp","href":"https:\/\/api.w.org\/{rel}","templated":true}]}}