{"id":750,"date":"2017-03-13T20:00:16","date_gmt":"2017-03-13T19:00:16","guid":{"rendered":"http:\/\/www.neotec.cz\/idsys\/?page_id=750"},"modified":"2017-03-13T20:58:08","modified_gmt":"2017-03-13T19:58:08","slug":"prumyslove-snimace","status":"publish","type":"page","link":"https:\/\/www.neotec.cz\/idsys\/uvod\/snimace\/prumyslove-snimace\/","title":{"rendered":"Pr\u016fmyslov\u00e9 sn\u00edma\u010de"},"content":{"rendered":"<div id=\"pl-750\"  class=\"panel-layout\" ><div id=\"pg-750-0\"  class=\"panel-grid panel-has-style\" ><div class=\"panel-row-style panel-row-style-for-750-0\" ><div id=\"pgc-750-0-0\"  class=\"panel-grid-cell\" ><div id=\"panel-750-0-0-0\" class=\"so-panel widget widget_sow-editor panel-first-child panel-last-child\" data-index=\"0\" ><div class=\"panel-widget-style panel-widget-style-for-750-0-0-0\" ><div\n\t\t\t\n\t\t\tclass=\"so-widget-sow-editor so-widget-sow-editor-base\"\n\t\t\t\n\t\t><h3 class=\"widget-title\">Pr\u016fmyslov\u00e9 sn\u00edma\u010de k\u00f3d\u016f<\/h3>\n<div class=\"siteorigin-widget-tinymce textwidget\">\n\t<article id=\"desc_cat\">\n<p>Z\u00e1kazn\u00edci, kte\u0159\u00ed hledaj\u00ed a pot\u0159ebuj\u00ed hodn\u011b odoln\u00fd sn\u00edma\u010d pro mal\u00fd nebo velk\u00fd objem sn\u00edman\u00ed k\u00f3d\u016f se \u010dasto rozhoduj\u00ed pro \u0159e\u0161en\u00ed, kter\u00e9 je ur\u010den\u00e9 do pr\u016fmyslu. U n\u00e1s m\u00e1te mo\u017enost si vybrat mezi 1D(\u010d\u00e1rov\u00fdmi k\u00f3dmi) nebo 2D(nap\u0159. QR k\u00f3dmi), mezi dr\u00e1tov\u00fdm nebo bezdr\u00e1tov\u00fdm p\u0159ipojen\u00edm, mezi technologi\u00ed \u010dten\u00ed pou\u017eit\u00edm laseru nebo imageru, to v\u0161echno najdete v \u0161irok\u00e9 nab\u00eddke pr\u016fmyslov\u00fdch sn\u00edma\u010d\u016f k\u00f3du od v\u00fdrobce t\u011bchto za\u0159\u00edzen\u00ed firmy DATALOGIC.\u00a0<\/p>\n<\/article>\n<\/div>\n<\/div><\/div><\/div><\/div><\/div><\/div><div id=\"pg-750-1\"  class=\"panel-grid panel-no-style\" ><div id=\"pgc-750-1-0\"  class=\"panel-grid-cell\" ><div id=\"panel-750-1-0-0\" class=\"so-panel widget widget_sow-features panel-first-child panel-last-child\" data-index=\"1\" ><div\n\t\t\t\n\t\t\tclass=\"so-widget-sow-features so-widget-sow-features-default-824124852d4b-750\"\n\t\t\t\n\t\t>\n<div class=\"sow-features-list sow-features-responsive\">\n\n\t\t\t\t\t\t\t\t\t<div\n\t\t\t\tclass=\"sow-features-feature sow-icon-container-position-top\"\n\t\t\t\tstyle=\"display: flex; flex-direction: column; width: calc(100% - 25px);\"\n\t\t\t>\n\t\t\t\n\t\t\t\t\t\t\t\t\t<a\n\t\t\t\t\t\thref=\"https:\/\/www.neotec.cz\/idsys\/uvod\/snimace\/dotazy_snimace\/\"\n\t\t\t\t\t\t\t\t\t\t\t>\n\t\t\t\t\t\t\t\t<div\n\t\t\t\t\tclass=\"sow-icon-container sow-container-none\"\n\t\t\t\t\tstyle=\"color: #444444; \"\n\t\t\t\t\t\t\t\t\t>\n\t\t\t\t\t<div class=\"sow-icon-image\" style=\"background-image: url(https:\/\/www.neotec.cz\/idsys\/wp-content\/uploads\/2017\/03\/PD7100.png); font-size: 150px\"><\/div>\t\t\t\t<\/div>\n\t\t\t\t\t\t\t\t\t<\/a>\n\t\t\t\t\t\n\t\t\t\t<div class=\"textwidget\">\n\t\t\t\t\t\n\t\t\t\t\t\t\t\t\t\t\t<h5>\n\t\t\t\t\t\t\t\t\t\t\t\t\t\t\t<a\n\t\t\t\t\t\t\t\t\thref=\"https:\/\/www.neotec.cz\/idsys\/uvod\/snimace\/dotazy_snimace\/\"\n\t\t\t\t\t\t\t\t\t\t\t\t\t\t\t\t\t>\n\t\t\t\t\t\t\t\n\t\t\t\t\t\t\tPowerscan 7100 s\u00e9rie\t\t\t\t\t\t\t\t\t\t\t\t\t\t\t<\/a>\n\t\t\t\t\t\t\t\t\t\t\t\t\t<\/h5>\n\t\t\t\t\t\n\t\t\t\t\t\t\t\t\t\t\t\u010cte\u010dka 1D k\u00f3d\u016f<br \/>Dr\u00e1tov\u00e1<br \/>Imager\t\t\t\t\t\n\t\t\t\t\t\t\t\t\t<\/div>\n\t\t\t\t\t\t\t\t\n\t\t\t\t\t\t\t<\/div>\n\n\t\t\t\n<\/div>\n<\/div><\/div><\/div><div id=\"pgc-750-1-1\"  class=\"panel-grid-cell\" ><div id=\"panel-750-1-1-0\" class=\"so-panel widget widget_sow-features panel-first-child panel-last-child\" data-index=\"2\" ><div\n\t\t\t\n\t\t\tclass=\"so-widget-sow-features so-widget-sow-features-default-824124852d4b-750\"\n\t\t\t\n\t\t>\n<div class=\"sow-features-list sow-features-responsive\">\n\n\t\t\t\t\t\t\t\t\t<div\n\t\t\t\tclass=\"sow-features-feature sow-icon-container-position-top\"\n\t\t\t\tstyle=\"display: flex; flex-direction: column; width: calc(100% - 25px);\"\n\t\t\t>\n\t\t\t\n\t\t\t\t\t\t\t\t\t<a\n\t\t\t\t\t\thref=\"https:\/\/www.neotec.cz\/idsys\/uvod\/snimace\/dotazy_snimace\/\"\n\t\t\t\t\t\t\t\t\t\t\t>\n\t\t\t\t\t\t\t\t<div\n\t\t\t\t\tclass=\"sow-icon-container sow-container-none\"\n\t\t\t\t\tstyle=\"color: #6d6d6d; \"\n\t\t\t\t\t\t\t\t\t>\n\t\t\t\t\t<div class=\"sow-icon-image\" style=\"background-image: url(https:\/\/www.neotec.cz\/idsys\/wp-content\/uploads\/2017\/03\/PM9500-1.png); font-size: 150px\"><\/div>\t\t\t\t<\/div>\n\t\t\t\t\t\t\t\t\t<\/a>\n\t\t\t\t\t\n\t\t\t\t<div class=\"textwidget\">\n\t\t\t\t\t\n\t\t\t\t\t\t\t\t\t\t\t<h5>\n\t\t\t\t\t\t\t\t\t\t\t\t\t\t\t<a\n\t\t\t\t\t\t\t\t\thref=\"https:\/\/www.neotec.cz\/idsys\/uvod\/snimace\/dotazy_snimace\/\"\n\t\t\t\t\t\t\t\t\t\t\t\t\t\t\t\t\t>\n\t\t\t\t\t\t\t\n\t\t\t\t\t\t\tPowerscan 9500 s\u00e9rie\t\t\t\t\t\t\t\t\t\t\t\t\t\t\t<\/a>\n\t\t\t\t\t\t\t\t\t\t\t\t\t<\/h5>\n\t\t\t\t\t\n\t\t\t\t\t\t\t\t\t\t\t\u010cte\u010dka 1D a 2D k\u00f3d\u016f<br \/>Dr\u00e1tov\u00e1 nebo Bezdr\u00e1tov\u00e1<br \/>Bluetooth nebo STAR<br \/>Imager\t\t\t\t\t\n\t\t\t\t\t\t\t\t\t<\/div>\n\t\t\t\t\t\t\t\t\n\t\t\t\t\t\t\t<\/div>\n\n\t\t\t\n<\/div>\n<\/div><\/div><\/div><div id=\"pgc-750-1-2\"  class=\"panel-grid-cell\" ><div id=\"panel-750-1-2-0\" class=\"so-panel widget widget_sow-features panel-first-child panel-last-child\" data-index=\"3\" ><div\n\t\t\t\n\t\t\tclass=\"so-widget-sow-features so-widget-sow-features-default-824124852d4b-750\"\n\t\t\t\n\t\t>\n<div class=\"sow-features-list sow-features-responsive\">\n\n\t\t\t\t\t\t\t\t\t<div\n\t\t\t\tclass=\"sow-features-feature sow-icon-container-position-top\"\n\t\t\t\tstyle=\"display: flex; flex-direction: column; width: calc(100% - 25px);\"\n\t\t\t>\n\t\t\t\n\t\t\t\t\t\t\t\t\t<a\n\t\t\t\t\t\thref=\"https:\/\/www.neotec.cz\/idsys\/uvod\/snimace\/dotazy_snimace\/\"\n\t\t\t\t\t\t\t\t\t\t\t>\n\t\t\t\t\t\t\t\t<div\n\t\t\t\t\tclass=\"sow-icon-container sow-container-none\"\n\t\t\t\t\tstyle=\"color: #6d6d6d; \"\n\t\t\t\t\t\t\t\t\t>\n\t\t\t\t\t<div class=\"sow-icon-image\" style=\"background-image: url(https:\/\/www.neotec.cz\/idsys\/wp-content\/uploads\/2017\/03\/PM9300.png); font-size: 150px\"><\/div>\t\t\t\t<\/div>\n\t\t\t\t\t\t\t\t\t<\/a>\n\t\t\t\t\t\n\t\t\t\t<div class=\"textwidget\">\n\t\t\t\t\t\n\t\t\t\t\t\t\t\t\t\t\t<h5>\n\t\t\t\t\t\t\t\t\t\t\t\t\t\t\t<a\n\t\t\t\t\t\t\t\t\thref=\"https:\/\/www.neotec.cz\/idsys\/uvod\/snimace\/dotazy_snimace\/\"\n\t\t\t\t\t\t\t\t\t\t\t\t\t\t\t\t\t>\n\t\t\t\t\t\t\t\n\t\t\t\t\t\t\tPowerscan 9300 s\u00e9rie\t\t\t\t\t\t\t\t\t\t\t\t\t\t\t<\/a>\n\t\t\t\t\t\t\t\t\t\t\t\t\t<\/h5>\n\t\t\t\t\t\n\t\t\t\t\t\t\t\t\t\t\t\u010cte\u010dka 1D k\u00f3d\u016f<br \/>Dr\u00e1tov\u00e1 nebo Bezdr\u00e1tov\u00e1<br \/>Bluetooth nebo STAR<br \/>Laser\t\t\t\t\t\n\t\t\t\t\t\t\t\t\t<\/div>\n\t\t\t\t\t\t\t\t\n\t\t\t\t\t\t\t<\/div>\n\n\t\t\t\n<\/div>\n<\/div><\/div><\/div><div id=\"pgc-750-1-3\"  class=\"panel-grid-cell\" ><div id=\"panel-750-1-3-0\" class=\"so-panel widget widget_sow-features panel-first-child panel-last-child\" data-index=\"4\" ><div\n\t\t\t\n\t\t\tclass=\"so-widget-sow-features so-widget-sow-features-default-824124852d4b-750\"\n\t\t\t\n\t\t>\n<div class=\"sow-features-list sow-features-responsive\">\n\n\t\t\t\t\t\t\t\t\t<div\n\t\t\t\tclass=\"sow-features-feature sow-icon-container-position-top\"\n\t\t\t\tstyle=\"display: flex; flex-direction: column; width: calc(100% - 25px);\"\n\t\t\t>\n\t\t\t\n\t\t\t\t\t\t\t\t\t<a\n\t\t\t\t\t\thref=\"https:\/\/www.neotec.cz\/idsys\/uvod\/snimace\/dotazy_snimace\/\"\n\t\t\t\t\t\t\t\t\t\t\t>\n\t\t\t\t\t\t\t\t<div\n\t\t\t\t\tclass=\"sow-icon-container sow-container-none\"\n\t\t\t\t\tstyle=\"color: #6d6d6d; \"\n\t\t\t\t\t\t\t\t\t>\n\t\t\t\t\t<div class=\"sow-icon-image\" style=\"background-image: url(https:\/\/www.neotec.cz\/idsys\/wp-content\/uploads\/2017\/03\/PM9500-DPM.png); font-size: 150px\"><\/div>\t\t\t\t<\/div>\n\t\t\t\t\t\t\t\t\t<\/a>\n\t\t\t\t\t\n\t\t\t\t<div class=\"textwidget\">\n\t\t\t\t\t\n\t\t\t\t\t\t\t\t\t\t\t<h5>\n\t\t\t\t\t\t\t\t\t\t\t\t\t\t\t<a\n\t\t\t\t\t\t\t\t\thref=\"https:\/\/www.neotec.cz\/idsys\/uvod\/snimace\/dotazy_snimace\/\"\n\t\t\t\t\t\t\t\t\t\t\t\t\t\t\t\t\t>\n\t\t\t\t\t\t\t\n\t\t\t\t\t\t\tPowerscan 9500-DPM s\u00e9rie\t\t\t\t\t\t\t\t\t\t\t\t\t\t\t<\/a>\n\t\t\t\t\t\t\t\t\t\t\t\t\t<\/h5>\n\t\t\t\t\t\n\t\t\t\t\t\t\t\t\t\t\t\u010cte\u010dka 1D a 2D k\u00f3d\u016f<br \/>Dr\u00e1tov\u00e1 nebo Bezdr\u00e1tov\u00e1<br \/>Bluetooth nebo STAR<br \/>Imager\t\t\t\t\t\n\t\t\t\t\t\t\t\t\t<\/div>\n\t\t\t\t\t\t\t\t\n\t\t\t\t\t\t\t<\/div>\n\n\t\t\t\n<\/div>\n<\/div><\/div><\/div><\/div><\/div>","protected":false},"excerpt":{"rendered":"<p>Z\u00e1kazn\u00edci, kte\u0159\u00ed hledaj\u00ed a pot\u0159ebuj\u00ed hodn\u011b odoln\u00fd sn\u00edma\u010d pro mal\u00fd nebo velk\u00fd objem sn\u00edman\u00ed k\u00f3d\u016f se \u010dasto rozhoduj\u00ed pro \u0159e\u0161en\u00ed, kter\u00e9 je ur\u010den\u00e9 do pr\u016fmyslu. U n\u00e1s m\u00e1te mo\u017enost si vybrat mezi 1D(\u010d\u00e1rov\u00fdmi k\u00f3dmi) nebo 2D(nap\u0159. QR k\u00f3dmi), mezi dr\u00e1tov\u00fdm nebo bezdr\u00e1tov\u00fdm p\u0159ipojen\u00edm, mezi technologi\u00ed \u010dten\u00ed pou\u017eit\u00edm laseru nebo imageru, to v\u0161echno najdete v \u0161irok\u00e9&hellip;<\/p>\n","protected":false},"author":1,"featured_media":0,"parent":695,"menu_order":0,"comment_status":"closed","ping_status":"closed","template":"home-panels.php","meta":{"footnotes":""},"class_list":["post-750","page","type-page","status-publish","hentry"],"_links":{"self":[{"href":"https:\/\/www.neotec.cz\/idsys\/wp-json\/wp\/v2\/pages\/750","targetHints":{"allow":["GET"]}}],"collection":[{"href":"https:\/\/www.neotec.cz\/idsys\/wp-json\/wp\/v2\/pages"}],"about":[{"href":"https:\/\/www.neotec.cz\/idsys\/wp-json\/wp\/v2\/types\/page"}],"author":[{"embeddable":true,"href":"https:\/\/www.neotec.cz\/idsys\/wp-json\/wp\/v2\/users\/1"}],"replies":[{"embeddable":true,"href":"https:\/\/www.neotec.cz\/idsys\/wp-json\/wp\/v2\/comments?post=750"}],"version-history":[{"count":8,"href":"https:\/\/www.neotec.cz\/idsys\/wp-json\/wp\/v2\/pages\/750\/revisions"}],"predecessor-version":[{"id":764,"href":"https:\/\/www.neotec.cz\/idsys\/wp-json\/wp\/v2\/pages\/750\/revisions\/764"}],"up":[{"embeddable":true,"href":"https:\/\/www.neotec.cz\/idsys\/wp-json\/wp\/v2\/pages\/695"}],"wp:attachment":[{"href":"https:\/\/www.neotec.cz\/idsys\/wp-json\/wp\/v2\/media?parent=750"}],"curies":[{"name":"wp","href":"https:\/\/api.w.org\/{rel}","templated":true}]}}