{"id":4326,"date":"2024-05-02T14:59:34","date_gmt":"2024-05-02T13:59:34","guid":{"rendered":"https:\/\/www.neotec.cz\/ikalab\/?page_id=4326"},"modified":"2024-05-02T15:00:47","modified_gmt":"2024-05-02T14:00:47","slug":"habitatferment","status":"publish","type":"page","link":"https:\/\/www.neotec.cz\/ikalab\/habitatferment\/","title":{"rendered":"HABITAT ferment"},"content":{"rendered":"<div id=\"pl-4326\"  class=\"panel-layout\" ><div id=\"pg-4326-0\"  class=\"panel-grid panel-no-style\" ><div id=\"pgc-4326-0-0\"  class=\"panel-grid-cell\" ><div id=\"panel-4326-0-0-0\" class=\"so-panel widget widget_sow-editor panel-first-child panel-last-child\" data-index=\"0\" ><div\n\t\t\t\n\t\t\tclass=\"so-widget-sow-editor so-widget-sow-editor-base\"\n\t\t\t\n\t\t>\n<div class=\"siteorigin-widget-tinymce textwidget\">\n\t<h1>IKA HABITAT ferment<\/h1>\n<ul>\n<li>fermentor<\/li>\n<\/ul>\n<p style=\"text-align: center;\"><img loading=\"lazy\" decoding=\"async\" class=\"alignnone wp-image-4303 size-full\" src=\"https:\/\/www.neotec.cz\/ikalab\/wp-content\/uploads\/2024\/04\/10007543_2.webp\" alt=\"\" width=\"1000\" height=\"667\" srcset=\"https:\/\/www.neotec.cz\/ikalab\/wp-content\/uploads\/2024\/04\/10007543_2.webp 1000w, https:\/\/www.neotec.cz\/ikalab\/wp-content\/uploads\/2024\/04\/10007543_2-300x200.webp 300w, https:\/\/www.neotec.cz\/ikalab\/wp-content\/uploads\/2024\/04\/10007543_2-272x182.webp 272w\" sizes=\"auto, (max-width: 1000px) 100vw, 1000px\" \/><\/p>\n<h4>HABITAT Cell<\/h4>\n<p>Kontroln\u00ed v\u011b\u017e syst\u00e9mu HABITAT ferment, je z\u00e1kladn\u00edm prvnkem fermentor\u016f IKA ur\u010den\u00fdch k monitorov\u00e1n\u00ed a \u0159\u00edzen\u00ed bioprocesu. Obsahuje \u0159\u00eddic\u00ed jednotku se v\u0161emi mo\u017enostmi p\u0159ipojen\u00ed pro p\u0159\u00edvod plynu, d\u00e1vkov\u00e1n\u00ed kapalin, senzory a regulaci teploty a tak\u00e9 tablet pro snadn\u00e9 a p\u0159ehledn\u00e9 ovl\u00e1d\u00e1n\u00ed bioreaktoru.<\/p>\n<p>\u0158\u00edzen\u00ed a monitoring<br \/>\nCel\u00fd proces a v\u0161echny souvisej\u00edc\u00ed parametry lze snadno ovl\u00e1dat a monitorovat pomoc\u00ed tabletu p\u0159ipojen\u00e9ho k \u0159\u00eddic\u00ed jednotce, pomoc\u00ed intuitivn\u00edho a snadno pou\u017eiteln\u00e9ho softwaru. V z\u00e1vislosti na typu kultivace si m\u016f\u017eete vybrat mezi provozn\u00edmi re\u017eimy d\u00e1vkov\u00fd, p\u0159\u00edtokov\u00fd a perfuzn\u00ed\/kontinu\u00e1ln\u00ed. Nov\u00e1 funkce Chaotic Mixing zaji\u0161\u0165uje rychlej\u0161\u00ed a efektivn\u011bj\u0161\u00ed m\u00edch\u00e1n\u00ed v p\u0159\u00edpad\u011b pot\u0159eby. 10,4palcov\u00fd tablet umo\u017e\u0148uje p\u0159\u00edm\u00fd p\u0159\u00edstup ke v\u0161em parametr\u016fm p\u0159\u00edmo na hlavn\u00ed obrazovce. Samoz\u0159ejm\u011bost\u00ed je p\u0159ehledn\u00e1 spr\u00e1va kalibrace, p\u0159ehled diagram\u016f a kompletn\u00ed dokumentace procesu. Voliteln\u011b je k dispozici verze softwaru, kter\u00e1 spl\u0148uje po\u017eadavky FDA CFR Part 11.<\/p>\n<p>P\u0159\u00edvod plyn\u016f<br \/>\nVestav\u011bn\u00e9 regul\u00e1tory hmotnostn\u00edho pr\u016ftoku pro 4 samostatn\u00e9 p\u0159\u00edvody plyn\u016f (pro N2, O2, vzduch a CO2) zaji\u0161\u0165uj\u00ed p\u0159esn\u00e9, individu\u00e1ln\u011b nastaviteln\u00e9 d\u00e1vkov\u00e1n\u00ed, ide\u00e1ln\u011b p\u0159izp\u016fsoben\u00e9 pot\u0159eb\u00e1m va\u0161ich proces\u016f. Lze dos\u00e1hnout pr\u016ftok\u016f v rozsahu 0,01 - 2 l\/min.<\/p>\n<p>P\u0159\u00edvod kapaliny<br \/>\n4 integrovan\u00e1 \u010derpadla Watson Marlow, nastaviteln\u00e1 ve sm\u011bru a rychlosti, v\u00e1m d\u00e1vaj\u00ed variabilitu p\u0159i \u010derp\u00e1n\u00ed a od\u010derp\u00e1v\u00e1n\u00ed r\u016fzn\u00fdch kapalin (jako kyseliny, z\u00e1sady, odp\u011b\u0148ova\u010de, roztoky).<\/p>\n<p>Senzory<br \/>\nHABITAT cell umo\u017e\u0148uje m\u011b\u0159en\u00ed n\u00e1sleduj\u00edc\u00edch parametr\u016f pomoc\u00ed senzor\u016f:<br \/>\n\u2022 pH<br \/>\n\u2022 DO (rozpu\u0161t\u011bn\u00fd kysl\u00edk)<br \/>\n\u2022 teplota<br \/>\n\u2022 hladina napln\u011bn\u00ed<br \/>\n\u2022 p\u011bna<\/p>\n<p>Regulace teploty<br \/>\nSt\u00e1lou a p\u0159esnou regulaci teploty b\u011bhem kultivace zaru\u010duje topn\u00e1 man\u017eeta, kter\u00e1 je p\u0159izp\u016fsobena p\u0159\u00edslu\u0161n\u00e9 velikosti n\u00e1doby. (Oh\u0159\u00edvac\u00ed pouzdro je sou\u010d\u00e1st\u00ed balen\u00ed n\u00e1dob pro HABITAT).<\/p>\n<p>V\u0161echny funkce na prvn\u00ed pohled<br \/>\n&gt; kompaktn\u00ed, prostorov\u011b nen\u00e1ro\u010dn\u00fd design, rozm\u011bry: 223 x 402 x 450 mm (\u0160xHxV)<br \/>\n&gt; velk\u00fd tablet pro p\u0159ehledn\u00e9 ovl\u00e1d\u00e1n\u00ed (10,4 palce)<br \/>\n&gt; intuitivn\u00ed, snadno pou\u017eiteln\u00fd software se spoustou funkc\u00ed.<br \/>\n&gt; 4 integrovan\u00e1 \u010derpadla s rychl\u00fdm zat\u00ed\u017een\u00edm (Watson Marlow)<br \/>\n&gt; konektivita: USB, PC, RS232, ethernet, vstup pro extern\u00ed sign\u00e1l, extern\u00ed \u010derpadlo, termostat<br \/>\n&gt; \u00falo\u017ei\u0161t\u011b dat<br \/>\n&gt; p\u0159\u00edvod plynu se 4 vestav\u011bn\u00fdmi regul\u00e1tory hmotnostn\u00edho pr\u016ftoku: nap\u0159. pro O2, vzduch, N2, CO2<br \/>\n&gt; Stavov\u00fd LED displej: p\u0159\u00edm\u00e9 zobrazen\u00ed chyby pomoc\u00ed kontrolky<\/p>\n<p>Pozn\u00e1mka: Funk\u010dn\u00ed jednotku tvo\u0159\u00ed pouze set kontroln\u00ed v\u011b\u017ee a n\u00e1doby.<\/p>\n<\/div>\n<\/div><\/div><\/div><\/div><div id=\"pg-4326-1\"  class=\"panel-grid panel-no-style\" ><div id=\"pgc-4326-1-0\"  class=\"panel-grid-cell\" ><div id=\"panel-4326-1-0-0\" class=\"so-panel widget widget_sow-editor panel-first-child\" data-index=\"1\" ><div\n\t\t\t\n\t\t\tclass=\"so-widget-sow-editor so-widget-sow-editor-base\"\n\t\t\t\n\t\t><h3 class=\"widget-title\">Video<\/h3>\n<div class=\"siteorigin-widget-tinymce textwidget\">\n\t<iframe loading=\"lazy\"  style=\"display: block; margin: 0px auto;\"  id=\"_ytid_54735\"  width=\"720\" height=\"405\"  data-origwidth=\"720\" data-origheight=\"405\" src=\"https:\/\/www.youtube.com\/embed\/nwqZ3n0p_KU?enablejsapi=1&autoplay=0&cc_load_policy=0&cc_lang_pref=&iv_load_policy=1&loop=0&modestbranding=0&rel=0&fs=1&playsinline=0&autohide=2&hl=cs_CZ&theme=dark&color=red&controls=1&\" class=\"__youtube_prefs__  no-lazyload\" title=\"YouTube player\"  allow=\"fullscreen; accelerometer; autoplay; clipboard-write; encrypted-media; gyroscope; picture-in-picture\" allowfullscreen data-no-lazy=\"1\" data-skipgform_ajax_framebjll=\"\"><\/iframe>\n<\/div>\n<\/div><\/div><div id=\"panel-4326-1-0-1\" class=\"so-panel widget widget_sow-editor panel-last-child\" data-index=\"2\" ><div\n\t\t\t\n\t\t\tclass=\"so-widget-sow-editor so-widget-sow-editor-base\"\n\t\t\t\n\t\t><h3 class=\"widget-title\">Ke sta\u017een\u00ed<\/h3>\n<div class=\"siteorigin-widget-tinymce textwidget\">\n\t<p><a href=\"https:\/\/www.neotec.cz\/ikalab\/wp-content\/uploads\/2024\/05\/Data_Sheet_HABITAT_ferment.pdf\">Data_Sheet_HABITAT_ferment<\/a><a href=\"http:\/\/www.neotec.cz\/ikalab\/wp-content\/uploads\/2024\/05\/Data_Sheet_HABITAT_cell.pdf\" target=\"_blank\" rel=\"noopener\">Technick\u00fd list (EN)<\/a><a href=\"http:\/\/www.neotec.cz\/ikalab\/wp-content\/uploads\/2024\/05\/Data_Sheet_HABITAT_cell.pdf\" target=\"_blank\" rel=\"noopener\"><img loading=\"lazy\" decoding=\"async\" class=\"alignleft wp-image-1108 size-full\" src=\"http:\/\/www.neotec.cz\/zund\/wp-content\/uploads\/2016\/02\/picPDF.png\" alt=\"picPDF\" width=\"32\" height=\"32\" \/><\/a><\/p>\n<\/div>\n<\/div><\/div><\/div><\/div><div id=\"pg-4326-2\"  class=\"panel-grid panel-no-style\" ><div id=\"pgc-4326-2-0\"  class=\"panel-grid-cell\" ><div id=\"panel-4326-2-0-0\" class=\"so-panel widget widget_sow-editor panel-first-child panel-last-child\" data-index=\"3\" ><div\n\t\t\t\n\t\t\tclass=\"so-widget-sow-editor so-widget-sow-editor-base\"\n\t\t\t\n\t\t>\n<div class=\"siteorigin-widget-tinymce textwidget\">\n\t<hr \/>\n<p>Pot\u0159ebujete poradit, zjistit v\u00edce informac\u00ed \u010di zaslat cenovou nab\u00eddku, pak n\u00e1s nev\u00e1hejte <a href=\"http:\/\/www.neotec.cz\/ikalab\/kontakty\/\">kontaktovat<\/a>.<\/p>\n<\/div>\n<\/div><\/div><\/div><\/div><\/div>","protected":false},"excerpt":{"rendered":"<p>IKA HABITAT ferment fermentor HABITAT Cell Kontroln\u00ed v\u011b\u017e syst\u00e9mu HABITAT ferment, je z\u00e1kladn\u00edm prvnkem fermentor\u016f IKA ur\u010den\u00fdch k monitorov\u00e1n\u00ed a \u0159\u00edzen\u00ed bioprocesu. Obsahuje \u0159\u00eddic\u00ed jednotku se v\u0161emi mo\u017enostmi p\u0159ipojen\u00ed pro p\u0159\u00edvod plynu, d\u00e1vkov\u00e1n\u00ed kapalin, senzory a regulaci teploty a tak\u00e9 tablet pro snadn\u00e9 a p\u0159ehledn\u00e9 ovl\u00e1d\u00e1n\u00ed bioreaktoru. \u0158\u00edzen\u00ed a monitoring Cel\u00fd proces a v\u0161echny souvisej\u00edc\u00ed [&hellip;]<\/p>\n","protected":false},"author":2,"featured_media":0,"parent":0,"menu_order":0,"comment_status":"closed","ping_status":"closed","template":"templates\/template-full-notitle.php","meta":{"footnotes":""},"class_list":["post-4326","page","type-page","status-publish","hentry","post"],"yoast_head":"<!-- This site is optimized with the Yoast SEO plugin v24.2 - https:\/\/yoast.com\/wordpress\/plugins\/seo\/ -->\n<title>HABITAT ferment - NEOTEC, spol. s r.o. - laboratorn\u00ed technika firmy IKA<\/title>\n<meta name=\"description\" content=\"NEOTEC - zam\u011b\u0159en\u00ed: V\u00fdhradn\u00ed zastoupen\u00ed firmy IKA pro \u010cR.\" \/>\n<meta name=\"robots\" content=\"index, follow, max-snippet:-1, max-image-preview:large, max-video-preview:-1\" \/>\n<link rel=\"canonical\" href=\"https:\/\/www.neotec.cz\/ikalab\/habitatferment\/\" \/>\n<meta property=\"og:locale\" content=\"cs_CZ\" \/>\n<meta property=\"og:type\" content=\"article\" \/>\n<meta property=\"og:title\" content=\"HABITAT ferment - NEOTEC, spol. s r.o. - laboratorn\u00ed technika firmy IKA\" \/>\n<meta property=\"og:description\" content=\"NEOTEC - zam\u011b\u0159en\u00ed: V\u00fdhradn\u00ed zastoupen\u00ed firmy IKA pro \u010cR.\" \/>\n<meta property=\"og:url\" content=\"https:\/\/www.neotec.cz\/ikalab\/habitatferment\/\" \/>\n<meta property=\"og:site_name\" content=\"NEOTEC, spol. s r.o. - laboratorn\u00ed technika firmy IKA\" \/>\n<meta property=\"article:modified_time\" content=\"2024-05-02T14:00:47+00:00\" \/>\n<meta property=\"og:image\" content=\"https:\/\/www.neotec.cz\/ikalab\/wp-content\/uploads\/2024\/04\/10007543_2.webp\" \/>\n<meta name=\"twitter:card\" content=\"summary_large_image\" \/>\n<meta name=\"twitter:label1\" content=\"Odhadovan\u00e1 doba \u010dten\u00ed\" \/>\n\t<meta name=\"twitter:data1\" content=\"3 minuty\" \/>\n<script type=\"application\/ld+json\" class=\"yoast-schema-graph\">{\"@context\":\"https:\/\/schema.org\",\"@graph\":[{\"@type\":\"WebPage\",\"@id\":\"https:\/\/www.neotec.cz\/ikalab\/habitatferment\/\",\"url\":\"https:\/\/www.neotec.cz\/ikalab\/habitatferment\/\",\"name\":\"HABITAT ferment - NEOTEC, spol. s r.o. - laboratorn\u00ed technika firmy IKA\",\"isPartOf\":{\"@id\":\"https:\/\/www.neotec.cz\/ikalab\/#website\"},\"primaryImageOfPage\":{\"@id\":\"https:\/\/www.neotec.cz\/ikalab\/habitatferment\/#primaryimage\"},\"image\":{\"@id\":\"https:\/\/www.neotec.cz\/ikalab\/habitatferment\/#primaryimage\"},\"thumbnailUrl\":\"https:\/\/www.neotec.cz\/ikalab\/wp-content\/uploads\/2024\/04\/10007543_2.webp\",\"datePublished\":\"2024-05-02T13:59:34+00:00\",\"dateModified\":\"2024-05-02T14:00:47+00:00\",\"description\":\"NEOTEC - zam\u011b\u0159en\u00ed: V\u00fdhradn\u00ed zastoupen\u00ed firmy IKA pro \u010cR.\",\"breadcrumb\":{\"@id\":\"https:\/\/www.neotec.cz\/ikalab\/habitatferment\/#breadcrumb\"},\"inLanguage\":\"cs\",\"potentialAction\":[{\"@type\":\"ReadAction\",\"target\":[\"https:\/\/www.neotec.cz\/ikalab\/habitatferment\/\"]}]},{\"@type\":\"ImageObject\",\"inLanguage\":\"cs\",\"@id\":\"https:\/\/www.neotec.cz\/ikalab\/habitatferment\/#primaryimage\",\"url\":\"https:\/\/www.neotec.cz\/ikalab\/wp-content\/uploads\/2024\/04\/10007543_2.webp\",\"contentUrl\":\"https:\/\/www.neotec.cz\/ikalab\/wp-content\/uploads\/2024\/04\/10007543_2.webp\",\"width\":1000,\"height\":667},{\"@type\":\"BreadcrumbList\",\"@id\":\"https:\/\/www.neotec.cz\/ikalab\/habitatferment\/#breadcrumb\",\"itemListElement\":[{\"@type\":\"ListItem\",\"position\":1,\"name\":\"Dom\u016f\",\"item\":\"https:\/\/www.neotec.cz\/ikalab\/\"},{\"@type\":\"ListItem\",\"position\":2,\"name\":\"HABITAT ferment\"}]},{\"@type\":\"WebSite\",\"@id\":\"https:\/\/www.neotec.cz\/ikalab\/#website\",\"url\":\"https:\/\/www.neotec.cz\/ikalab\/\",\"name\":\"NEOTEC, spol. s r.o. - laboratorn\u00ed technika firmy IKA\",\"description\":\"NEOTEC - v\u00fdhradn\u00ed zastoupen\u00ed firmy IKA pro \u010cR - procesn\u00ed technologie a laboratorn\u00ed technika.\",\"potentialAction\":[{\"@type\":\"SearchAction\",\"target\":{\"@type\":\"EntryPoint\",\"urlTemplate\":\"https:\/\/www.neotec.cz\/ikalab\/?s={search_term_string}\"},\"query-input\":{\"@type\":\"PropertyValueSpecification\",\"valueRequired\":true,\"valueName\":\"search_term_string\"}}],\"inLanguage\":\"cs\"}]}<\/script>\n<!-- \/ Yoast SEO plugin. -->","yoast_head_json":{"title":"HABITAT ferment - NEOTEC, spol. s r.o. - laboratorn\u00ed technika firmy IKA","description":"NEOTEC - zam\u011b\u0159en\u00ed: V\u00fdhradn\u00ed zastoupen\u00ed firmy IKA pro \u010cR.","robots":{"index":"index","follow":"follow","max-snippet":"max-snippet:-1","max-image-preview":"max-image-preview:large","max-video-preview":"max-video-preview:-1"},"canonical":"https:\/\/www.neotec.cz\/ikalab\/habitatferment\/","og_locale":"cs_CZ","og_type":"article","og_title":"HABITAT ferment - NEOTEC, spol. s r.o. - laboratorn\u00ed technika firmy IKA","og_description":"NEOTEC - zam\u011b\u0159en\u00ed: V\u00fdhradn\u00ed zastoupen\u00ed firmy IKA pro \u010cR.","og_url":"https:\/\/www.neotec.cz\/ikalab\/habitatferment\/","og_site_name":"NEOTEC, spol. s r.o. - laboratorn\u00ed technika firmy IKA","article_modified_time":"2024-05-02T14:00:47+00:00","og_image":[{"url":"https:\/\/www.neotec.cz\/ikalab\/wp-content\/uploads\/2024\/04\/10007543_2.webp","type":"","width":"","height":""}],"twitter_card":"summary_large_image","twitter_misc":{"Odhadovan\u00e1 doba \u010dten\u00ed":"3 minuty"},"schema":{"@context":"https:\/\/schema.org","@graph":[{"@type":"WebPage","@id":"https:\/\/www.neotec.cz\/ikalab\/habitatferment\/","url":"https:\/\/www.neotec.cz\/ikalab\/habitatferment\/","name":"HABITAT ferment - NEOTEC, spol. s r.o. - laboratorn\u00ed technika firmy IKA","isPartOf":{"@id":"https:\/\/www.neotec.cz\/ikalab\/#website"},"primaryImageOfPage":{"@id":"https:\/\/www.neotec.cz\/ikalab\/habitatferment\/#primaryimage"},"image":{"@id":"https:\/\/www.neotec.cz\/ikalab\/habitatferment\/#primaryimage"},"thumbnailUrl":"https:\/\/www.neotec.cz\/ikalab\/wp-content\/uploads\/2024\/04\/10007543_2.webp","datePublished":"2024-05-02T13:59:34+00:00","dateModified":"2024-05-02T14:00:47+00:00","description":"NEOTEC - zam\u011b\u0159en\u00ed: V\u00fdhradn\u00ed zastoupen\u00ed firmy IKA pro \u010cR.","breadcrumb":{"@id":"https:\/\/www.neotec.cz\/ikalab\/habitatferment\/#breadcrumb"},"inLanguage":"cs","potentialAction":[{"@type":"ReadAction","target":["https:\/\/www.neotec.cz\/ikalab\/habitatferment\/"]}]},{"@type":"ImageObject","inLanguage":"cs","@id":"https:\/\/www.neotec.cz\/ikalab\/habitatferment\/#primaryimage","url":"https:\/\/www.neotec.cz\/ikalab\/wp-content\/uploads\/2024\/04\/10007543_2.webp","contentUrl":"https:\/\/www.neotec.cz\/ikalab\/wp-content\/uploads\/2024\/04\/10007543_2.webp","width":1000,"height":667},{"@type":"BreadcrumbList","@id":"https:\/\/www.neotec.cz\/ikalab\/habitatferment\/#breadcrumb","itemListElement":[{"@type":"ListItem","position":1,"name":"Dom\u016f","item":"https:\/\/www.neotec.cz\/ikalab\/"},{"@type":"ListItem","position":2,"name":"HABITAT ferment"}]},{"@type":"WebSite","@id":"https:\/\/www.neotec.cz\/ikalab\/#website","url":"https:\/\/www.neotec.cz\/ikalab\/","name":"NEOTEC, spol. s r.o. - laboratorn\u00ed technika firmy IKA","description":"NEOTEC - v\u00fdhradn\u00ed zastoupen\u00ed firmy IKA pro \u010cR - procesn\u00ed technologie a laboratorn\u00ed technika.","potentialAction":[{"@type":"SearchAction","target":{"@type":"EntryPoint","urlTemplate":"https:\/\/www.neotec.cz\/ikalab\/?s={search_term_string}"},"query-input":{"@type":"PropertyValueSpecification","valueRequired":true,"valueName":"search_term_string"}}],"inLanguage":"cs"}]}},"_links":{"self":[{"href":"https:\/\/www.neotec.cz\/ikalab\/wp-json\/wp\/v2\/pages\/4326","targetHints":{"allow":["GET"]}}],"collection":[{"href":"https:\/\/www.neotec.cz\/ikalab\/wp-json\/wp\/v2\/pages"}],"about":[{"href":"https:\/\/www.neotec.cz\/ikalab\/wp-json\/wp\/v2\/types\/page"}],"author":[{"embeddable":true,"href":"https:\/\/www.neotec.cz\/ikalab\/wp-json\/wp\/v2\/users\/2"}],"replies":[{"embeddable":true,"href":"https:\/\/www.neotec.cz\/ikalab\/wp-json\/wp\/v2\/comments?post=4326"}],"version-history":[{"count":2,"href":"https:\/\/www.neotec.cz\/ikalab\/wp-json\/wp\/v2\/pages\/4326\/revisions"}],"predecessor-version":[{"id":4329,"href":"https:\/\/www.neotec.cz\/ikalab\/wp-json\/wp\/v2\/pages\/4326\/revisions\/4329"}],"wp:attachment":[{"href":"https:\/\/www.neotec.cz\/ikalab\/wp-json\/wp\/v2\/media?parent=4326"}],"curies":[{"name":"wp","href":"https:\/\/api.w.org\/{rel}","templated":true}]}}