{"id":3,"date":"2024-04-29T15:03:39","date_gmt":"2024-04-29T13:03:39","guid":{"rendered":"https:\/\/www.neotec.cz\/swissors\/?page_id=3"},"modified":"2024-05-02T13:18:38","modified_gmt":"2024-05-02T11:18:38","slug":"ochrana-osobnich-udaju","status":"publish","type":"page","link":"https:\/\/www.neotec.cz\/swissors\/ochrana-osobnich-udaju\/","title":{"rendered":"Z\u00e1sady ochrany osobn\u00edch \u00fadaj\u016f"},"content":{"rendered":"\n<p>Spr\u00e1vce osobn\u00edch \u00fadaj\u016f, NEOTEC spol. s r.o., Jinonick\u00e1 804\/80, 158 00 Praha 5, I\u010c:\u00a0<strong>14893703<\/strong>, zpracov\u00e1v\u00e1 a p\u0159\u00edpadn\u011b i\u00a0uchov\u00e1n\u00e1 osobn\u00ed \u00fadaje fyzick\u00fdch osob ze z\u00e1konem dan\u00fdch d\u016fvod\u016f a za \u00fa\u010delem usnadn\u011bn\u00ed Va\u0161ich n\u00e1kup\u016f na na\u0161em e-shopu formou z\u00e1kaznick\u00fdch \u00fa\u010dt\u016f. Zpracov\u00e1van\u00e9 a uchov\u00e1van\u00e9 osobn\u00ed \u00fadaje jsou: jm\u00e9no a p\u0159\u00edjmen\u00ed, adresa s\u00eddla spole\u010dnosti\/bydli\u0161t\u011b, adresa dod\u00e1n\u00ed, identifika\u010dn\u00ed \u010d\u00edslo, da\u0148ov\u00e9 identifika\u010dn\u00ed \u010d\u00edslo, adresa elektronick\u00e9 po\u0161ty a telefonn\u00ed \u010d\u00edslo. Ve\u0161ker\u00e9 osobn\u00ed \u00fadaje jsou v souladu s na\u0159\u00edzen\u00edm Evropsk\u00e9ho parlamentu a Rady (EU) \u010d. 2016\/679 (GDPR) \u0159\u00e1dn\u011b zabezpe\u010deny a nejsou jakkoli postupov\u00e1ny t\u0159et\u00ed stran\u011b.<\/p>\n\n\n\n<p>Spr\u00e1vce osobn\u00edch \u00fadaj\u016f je povinen zohlednit pr\u00e1vo dot\u010den\u00fdch subjekt\u016f \u00fadaj\u016f na p\u0159\u00edstup k jejich uchov\u00e1van\u00fdm osobn\u00edch \u00fadaj\u016fm, pr\u00e1vo na zm\u011bnu a p\u0159enositelnost t\u011bchto osobn\u00edch \u00fadaj\u016f, pr\u00e1vo na vymaz\u00e1n\u00ed t\u011bchto osobn\u00edch \u00fadaj\u016f, pr\u00e1vo vzn\u00e9st n\u00e1mitku proti jejich zpracov\u00e1n\u00ed, pr\u00e1vo omezit jejich zpracov\u00e1n\u00ed, jako\u017e i pr\u00e1vo podat st\u00ed\u017enost u \u00da\u0159adu pro ochranu osobn\u00edch \u00fadaj\u016f, m\u00e1te-li za to, \u017ee spr\u00e1vce osobn\u00edh \u00fadaj\u016f p\u0159i zpracov\u00e1n\u00ed osobn\u00edch \u00fadaj\u016f postupuje v rozporu s GDPR. Va\u0161i \u017e\u00e1dost o napln\u011bn\u00ed z\u00e1konem dan\u00e9ho pr\u00e1va pros\u00edm za\u0161lete na na\u0161i emailovou adresu <a href=\"mailto:\/\/gdpr@neotec.cz\">gdpr@neotec.cz<\/a>. Z\u00e1konn\u00e1 lh\u016fta na vy\u0159\u00edzen\u00ed \u017e\u00e1dosti je stanovena na nejv\u00fd\u0161e jeden m\u011bs\u00edc od pod\u00e1n\u00ed \u017e\u00e1dosti.<\/p>\n\n\n\n<p><\/p>\n","protected":false},"excerpt":{"rendered":"<p>Spr\u00e1vce osobn\u00edch \u00fadaj\u016f, NEOTEC spol. s r.o., Jinonick\u00e1 804\/80, 158 00 Praha 5, I\u010c:\u00a014893703, zpracov\u00e1v\u00e1 a p\u0159\u00edpadn\u011b i\u00a0uchov\u00e1n\u00e1 osobn\u00ed \u00fadaje fyzick\u00fdch osob ze z\u00e1konem dan\u00fdch d\u016fvod\u016f a za \u00fa\u010delem usnadn\u011bn\u00ed Va\u0161ich n\u00e1kup\u016f na na\u0161em e-shopu formou z\u00e1kaznick\u00fdch \u00fa\u010dt\u016f. Zpracov\u00e1van\u00e9 a uchov\u00e1van\u00e9 osobn\u00ed \u00fadaje jsou: jm\u00e9no a p\u0159\u00edjmen\u00ed, adresa s\u00eddla spole\u010dnosti\/bydli\u0161t\u011b, adresa dod\u00e1n\u00ed, identifika\u010dn\u00ed \u010d\u00edslo, da\u0148ov\u00e9 [&hellip;]<\/p>\n","protected":false},"author":1,"featured_media":0,"parent":0,"menu_order":0,"comment_status":"closed","ping_status":"open","template":"","meta":{"footnotes":""},"class_list":["post-3","page","type-page","status-publish","hentry","post"],"_links":{"self":[{"href":"https:\/\/www.neotec.cz\/swissors\/wp-json\/wp\/v2\/pages\/3","targetHints":{"allow":["GET"]}}],"collection":[{"href":"https:\/\/www.neotec.cz\/swissors\/wp-json\/wp\/v2\/pages"}],"about":[{"href":"https:\/\/www.neotec.cz\/swissors\/wp-json\/wp\/v2\/types\/page"}],"author":[{"embeddable":true,"href":"https:\/\/www.neotec.cz\/swissors\/wp-json\/wp\/v2\/users\/1"}],"replies":[{"embeddable":true,"href":"https:\/\/www.neotec.cz\/swissors\/wp-json\/wp\/v2\/comments?post=3"}],"version-history":[{"count":6,"href":"https:\/\/www.neotec.cz\/swissors\/wp-json\/wp\/v2\/pages\/3\/revisions"}],"predecessor-version":[{"id":173,"href":"https:\/\/www.neotec.cz\/swissors\/wp-json\/wp\/v2\/pages\/3\/revisions\/173"}],"wp:attachment":[{"href":"https:\/\/www.neotec.cz\/swissors\/wp-json\/wp\/v2\/media?parent=3"}],"curies":[{"name":"wp","href":"https:\/\/api.w.org\/{rel}","templated":true}]}}