{"id":1115,"date":"2016-02-26T09:22:26","date_gmt":"2016-02-26T08:22:26","guid":{"rendered":"http:\/\/www.neotec.cz\/zundnew\/?page_id=1115"},"modified":"2026-03-27T14:20:48","modified_gmt":"2026-03-27T13:20:48","slug":"podpexchangepn","status":"publish","type":"page","link":"https:\/\/www.neotec.cz\/zund\/podpexchangepn\/","title":{"rendered":"PodpExchangePN"},"content":{"rendered":"<div id=\"pl-1115\"  class=\"panel-layout\" ><div id=\"pg-1115-0\"  class=\"panel-grid panel-no-style\" ><div id=\"pgc-1115-0-0\"  class=\"panel-grid-cell\" ><div id=\"panel-1115-0-0-0\" class=\"so-panel widget widget_sow-editor panel-first-child\" data-index=\"0\" ><div\n\t\t\t\n\t\t\tclass=\"so-widget-sow-editor so-widget-sow-editor-base\"\n\t\t\t\n\t\t>\n<div class=\"siteorigin-widget-tinymce textwidget\">\n\t<h1><strong>P\u0159ehled n\u00e1stroj\u016f a n\u00e1strojov\u00fdch hlav pro \u0159adu PN<\/strong><\/h1>\n<\/div>\n<\/div><\/div><div id=\"panel-1115-0-0-1\" class=\"so-panel widget widget_sow-editor panel-last-child\" data-index=\"1\" ><div\n\t\t\t\n\t\t\tclass=\"so-widget-sow-editor so-widget-sow-editor-base\"\n\t\t\t\n\t\t>\n<div class=\"siteorigin-widget-tinymce textwidget\">\n\t<h2><strong>Poh\u00e1n\u011bn\u00e9 n\u00e1stroje<\/strong>\u00a0\/ <a href=\"http:\/\/www.neotec.cz\/zund\/podpexchangepnheads\/\">N\u00e1strojov\u00e9 hlavy<\/a><\/h2>\n<ul>\n<li>Elektrick\u00e9 oscila\u010dn\u00ed n\u00e1stroje (EOT-32, EOT-40, EOT-40s, EOT-3)<\/li>\n<\/ul>\n<p><img loading=\"lazy\" decoding=\"async\" class=\"alignnone size-full wp-image-1119\" src=\"http:\/\/www.neotec.cz\/zund\/wp-content\/uploads\/2016\/02\/EOT.jpg\" alt=\"EOT PN\" width=\"1149\" height=\"366\" srcset=\"https:\/\/www.neotec.cz\/zund\/wp-content\/uploads\/2016\/02\/EOT.jpg 1149w, https:\/\/www.neotec.cz\/zund\/wp-content\/uploads\/2016\/02\/EOT-300x96.jpg 300w, https:\/\/www.neotec.cz\/zund\/wp-content\/uploads\/2016\/02\/EOT-768x245.jpg 768w, https:\/\/www.neotec.cz\/zund\/wp-content\/uploads\/2016\/02\/EOT-1024x326.jpg 1024w\" sizes=\"auto, (max-width: 1149px) 100vw, 1149px\" \/><\/p>\n<ul>\n<li>Pneumatick\u00e9 oscila\u010dn\u00ed n\u00e1stroje (POT-32, POT-40, POT-40va)<\/li>\n<\/ul>\n<p><img loading=\"lazy\" decoding=\"async\" class=\"alignnone size-full wp-image-1120\" src=\"http:\/\/www.neotec.cz\/zund\/wp-content\/uploads\/2016\/02\/POT.png\" alt=\"POT-PN\" width=\"666\" height=\"403\" srcset=\"https:\/\/www.neotec.cz\/zund\/wp-content\/uploads\/2016\/02\/POT.png 666w, https:\/\/www.neotec.cz\/zund\/wp-content\/uploads\/2016\/02\/POT-300x182.png 300w\" sizes=\"auto, (max-width: 666px) 100vw, 666px\" \/><\/p>\n<ul>\n<li>N\u00e1stroj s poh\u00e1n\u011bn\u00fdm \u0159ezn\u00fdm kole\u010dkem (DRT)<\/li>\n<\/ul>\n<p><img loading=\"lazy\" decoding=\"async\" class=\"alignnone wp-image-1121\" src=\"http:\/\/www.neotec.cz\/zund\/wp-content\/uploads\/2016\/02\/DRT.jpg\" alt=\"DRT PN\" width=\"339\" height=\"364\" srcset=\"https:\/\/www.neotec.cz\/zund\/wp-content\/uploads\/2016\/02\/DRT.jpg 500w, https:\/\/www.neotec.cz\/zund\/wp-content\/uploads\/2016\/02\/DRT-279x300.jpg 279w\" sizes=\"auto, (max-width: 339px) 100vw, 339px\" \/><\/p>\n<ul>\n<li>Fr\u00e9zovac\u00ed v\u0159etena<\/li>\n<\/ul>\n<p><img loading=\"lazy\" decoding=\"async\" class=\"alignnone size-full wp-image-1122\" src=\"http:\/\/www.neotec.cz\/zund\/wp-content\/uploads\/2016\/02\/vretena.jpg\" alt=\"V\u0159etena PN\" width=\"691\" height=\"420\" srcset=\"https:\/\/www.neotec.cz\/zund\/wp-content\/uploads\/2016\/02\/vretena.jpg 691w, https:\/\/www.neotec.cz\/zund\/wp-content\/uploads\/2016\/02\/vretena-300x182.jpg 300w\" sizes=\"auto, (max-width: 691px) 100vw, 691px\" \/><\/p>\n<p>N\u00e1strojov\u00e9 hlavy pro \u0159adu PN naleznete <a href=\"http:\/\/www.neotec.cz\/zund\/podpexchangepnheads\/\">zde<\/a>.<\/p>\n<\/div>\n<\/div><\/div><\/div><\/div><\/div>","protected":false},"excerpt":{"rendered":"<p>P\u0159ehled n\u00e1stroj\u016f a n\u00e1strojov\u00fdch hlav pro \u0159adu PN Poh\u00e1n\u011bn\u00e9 n\u00e1stroje\u00a0\/ N\u00e1strojov\u00e9 hlavy Elektrick\u00e9 oscila\u010dn\u00ed n\u00e1stroje (EOT-32, EOT-40, EOT-40s, EOT-3) Pneumatick\u00e9 oscila\u010dn\u00ed n\u00e1stroje (POT-32, POT-40, POT-40va) N\u00e1stroj s poh\u00e1n\u011bn\u00fdm \u0159ezn\u00fdm kole\u010dkem (DRT) Fr\u00e9zovac\u00ed v\u0159etena N\u00e1strojov\u00e9 hlavy pro \u0159adu PN naleznete zde.<\/p>\n","protected":false},"author":1,"featured_media":0,"parent":0,"menu_order":0,"comment_status":"closed","ping_status":"closed","template":"templates\/template-full-notitle.php","meta":{"footnotes":""},"class_list":["post-1115","page","type-page","status-publish","hentry","post"],"_links":{"self":[{"href":"https:\/\/www.neotec.cz\/zund\/wp-json\/wp\/v2\/pages\/1115","targetHints":{"allow":["GET"]}}],"collection":[{"href":"https:\/\/www.neotec.cz\/zund\/wp-json\/wp\/v2\/pages"}],"about":[{"href":"https:\/\/www.neotec.cz\/zund\/wp-json\/wp\/v2\/types\/page"}],"author":[{"embeddable":true,"href":"https:\/\/www.neotec.cz\/zund\/wp-json\/wp\/v2\/users\/1"}],"replies":[{"embeddable":true,"href":"https:\/\/www.neotec.cz\/zund\/wp-json\/wp\/v2\/comments?post=1115"}],"version-history":[{"count":9,"href":"https:\/\/www.neotec.cz\/zund\/wp-json\/wp\/v2\/pages\/1115\/revisions"}],"predecessor-version":[{"id":2870,"href":"https:\/\/www.neotec.cz\/zund\/wp-json\/wp\/v2\/pages\/1115\/revisions\/2870"}],"wp:attachment":[{"href":"https:\/\/www.neotec.cz\/zund\/wp-json\/wp\/v2\/media?parent=1115"}],"curies":[{"name":"wp","href":"https:\/\/api.w.org\/{rel}","templated":true}]}}