{"id":1476,"date":"2018-04-10T08:40:36","date_gmt":"2018-04-10T07:40:36","guid":{"rendered":"http:\/\/www.neotec.cz\/zund\/?page_id=1476"},"modified":"2018-04-27T12:47:10","modified_gmt":"2018-04-27T11:47:10","slug":"g3msm","status":"publish","type":"page","link":"https:\/\/www.neotec.cz\/zund\/g3msm\/","title":{"rendered":"Manipulace s materi\u00e1lem"},"content":{"rendered":"<div id=\"pl-1476\"  class=\"panel-layout\" ><div id=\"pg-1476-0\"  class=\"panel-grid panel-no-style\" ><div id=\"pgc-1476-0-0\"  class=\"panel-grid-cell\" ><div id=\"panel-1476-0-0-0\" class=\"so-panel widget widget_sow-editor panel-first-child panel-last-child\" data-index=\"0\" ><div\n\t\t\t\n\t\t\tclass=\"so-widget-sow-editor so-widget-sow-editor-base\"\n\t\t\t\n\t\t>\n<div class=\"siteorigin-widget-tinymce textwidget\">\n\t<h1><strong>Manipulace s materi\u00e1lem<\/strong><\/h1>\n<\/div>\n<\/div><\/div><\/div><\/div><div id=\"pg-1476-1\"  class=\"panel-grid panel-no-style\" ><div id=\"pgc-1476-1-0\"  class=\"panel-grid-cell\" ><div id=\"panel-1476-1-0-0\" class=\"so-panel widget widget_sow-editor panel-first-child panel-last-child\" data-index=\"1\" ><div\n\t\t\t\n\t\t\tclass=\"so-widget-sow-editor so-widget-sow-editor-base\"\n\t\t\t\n\t\t><h3 class=\"widget-title\">Pro \u0159ezac\u00ed plotry Z\u00fcnd jsou dostupn\u00e9 n\u00e1sleduj\u00edc\u00ed mo\u017enosti manipulace s materi\u00e1lem:<\/h3>\n<div class=\"siteorigin-widget-tinymce textwidget\">\n\t<\/div>\n<\/div><\/div><\/div><\/div><div id=\"pg-1476-2\"  class=\"panel-grid panel-no-style\" ><div id=\"pgc-1476-2-0\"  class=\"panel-grid-cell\" ><div id=\"panel-1476-2-0-0\" class=\"so-panel widget widget_sow-editor panel-first-child panel-last-child\" data-index=\"2\" ><div\n\t\t\t\n\t\t\tclass=\"so-widget-sow-editor so-widget-sow-editor-base\"\n\t\t\t\n\t\t>\n<div class=\"siteorigin-widget-tinymce textwidget\">\n\t<h4 style=\"text-align: center;\">Deskov\u00e9<br \/>\nmateri\u00e1ly<\/h4>\n<h4 style=\"text-align: center;\"><a href=\"http:\/\/www.neotec.cz\/zund\/g3zakladanidesek\/\"><img loading=\"lazy\" decoding=\"async\" class=\"alignnone wp-image-1500 size-full\" src=\"http:\/\/www.neotec.cz\/zund\/wp-content\/uploads\/2018\/04\/ic-g3bm.png\" alt=\"\" width=\"230\" height=\"200\" \/><\/a><\/h4>\n<p class=\"text\" style=\"text-align: center;\">Manu\u00e1ln\u00ed a automatick\u00e9 mo\u017enosti zakl\u00e1d\u00e1n\u00ed deskov\u00fdch materi\u00e1l\u016f.<\/p>\n<p style=\"text-align: center;\"><span style=\"color: #993366;\"><strong><a class=\"more-button\" style=\"color: #993366;\" href=\"http:\/\/www.neotec.cz\/zund\/g3zakladanidesek\/\">Zjist\u011bte v\u00edce...<\/a><\/strong><\/span><\/p>\n<\/div>\n<\/div><\/div><\/div><div id=\"pgc-1476-2-1\"  class=\"panel-grid-cell\" ><div id=\"panel-1476-2-1-0\" class=\"so-panel widget widget_sow-editor panel-first-child panel-last-child\" data-index=\"3\" ><div\n\t\t\t\n\t\t\tclass=\"so-widget-sow-editor so-widget-sow-editor-base\"\n\t\t\t\n\t\t>\n<div class=\"siteorigin-widget-tinymce textwidget\">\n\t<h4 style=\"text-align: center;\">Rolov\u00e9<br \/>\nmateri\u00e1ly<\/h4>\n<p style=\"text-align: center;\"><a href=\"http:\/\/www.neotec.cz\/zund\/g3zakladanirole\/\"><img loading=\"lazy\" decoding=\"async\" class=\"alignnone wp-image-1504 size-full\" src=\"http:\/\/www.neotec.cz\/zund\/wp-content\/uploads\/2018\/04\/ic-g3rm.png\" alt=\"\" width=\"230\" height=\"200\" \/><\/a><\/p>\n<p style=\"text-align: center;\">Roz\u0161\u00ed\u0159en\u00ed \u0159ezac\u00edho syst\u00e9mu o mo\u017enosti zpracov\u00e1n\u00ed rolov\u00fdch materi\u00e1l\u016f.<\/p>\n<p style=\"text-align: center;\"><span style=\"color: #993366;\"><strong><a style=\"color: #993366; text-decoration: underline;\" href=\"http:\/\/www.neotec.cz\/zund\/g3zakladanirole\/\">Zjist\u011bte v\u00edce..<\/a><\/strong><\/span><\/p>\n<\/div>\n<\/div><\/div><\/div><div id=\"pgc-1476-2-2\"  class=\"panel-grid-cell\" ><div id=\"panel-1476-2-2-0\" class=\"so-panel widget widget_sow-editor panel-first-child panel-last-child\" data-index=\"4\" ><div\n\t\t\t\n\t\t\tclass=\"so-widget-sow-editor so-widget-sow-editor-base\"\n\t\t\t\n\t\t>\n<div class=\"siteorigin-widget-tinymce textwidget\">\n\t<h4 style=\"text-align: center;\">Sb\u011brn\u00fd<br \/> ko\u0161<\/h4>\n<p style=\"text-align: center;\"><a href=\"http:\/\/www.neotec.cz\/zund\/g3ct\/\"><img loading=\"lazy\" decoding=\"async\" class=\"alignnone wp-image-1502 size-full\" src=\"http:\/\/www.neotec.cz\/zund\/wp-content\/uploads\/2018\/04\/ic-g3ct.png\" alt=\"\" width=\"230\" height=\"200\" \/><\/a><\/p>\n<p style=\"text-align: center;\">Slou\u017e\u00ed pro zachyt\u00e1v\u00e1n\u00ed odpadu, p\u0159\u00edpadn\u011b i vy\u0159ezan\u00fdch d\u00edl\u016f po zpracov\u00e1n\u00ed.<\/p>\n<p style=\"text-align: center;\"><strong><span style=\"color: #993366;\"><a style=\"color: #993366; text-decoration: underline;\" href=\"http:\/\/www.neotec.cz\/zund\/g3ct\/\">Zjist\u011bte v\u00edce..<\/a><\/span><\/strong><\/p>\n<\/div>\n<\/div><\/div><\/div><div id=\"pgc-1476-2-3\"  class=\"panel-grid-cell\" ><div id=\"panel-1476-2-3-0\" class=\"so-panel widget widget_sow-editor panel-first-child panel-last-child\" data-index=\"5\" ><div\n\t\t\t\n\t\t\tclass=\"so-widget-sow-editor so-widget-sow-editor-base\"\n\t\t\t\n\t\t>\n<div class=\"siteorigin-widget-tinymce textwidget\">\n\t<h4 style=\"text-align: center;\">Konveyorov\u00fd<br \/> p\u00e1s<\/h4>\n<p style=\"text-align: center;\"><a href=\"http:\/\/www.neotec.cz\/zund\/g3kp\/\"><img loading=\"lazy\" decoding=\"async\" class=\"alignnone wp-image-1503 size-full\" src=\"http:\/\/www.neotec.cz\/zund\/wp-content\/uploads\/2018\/04\/ic-g3mt.png\" alt=\"\" width=\"230\" height=\"200\" \/><\/a><\/p>\n<p style=\"text-align: center;\">Efektivn\u00ed transport materi\u00e1lu s inteligentn\u00edm \u0159\u00edzen\u00edm.<\/p>\n<p style=\"text-align: center;\"><strong><span style=\"color: #993366;\"><a style=\"color: #993366; text-decoration: underline;\" href=\"http:\/\/www.neotec.cz\/zund\/g3kp\/\">Zjist\u011bte v\u00edce..<\/a><\/span><\/strong><\/p>\n<\/div>\n<\/div><\/div><\/div><div id=\"pgc-1476-2-4\"  class=\"panel-grid-cell\" ><div id=\"panel-1476-2-4-0\" class=\"so-panel widget widget_sow-editor panel-first-child panel-last-child\" data-index=\"6\" ><div\n\t\t\t\n\t\t\tclass=\"so-widget-sow-editor so-widget-sow-editor-base\"\n\t\t\t\n\t\t>\n<div class=\"siteorigin-widget-tinymce textwidget\">\n\t<h4 style=\"text-align: center;\">Prodlou\u017een\u00ed<br \/> stolu<\/h4>\n<p style=\"text-align: center;\"><a href=\"http:\/\/www.neotec.cz\/zund\/g3ps\/\"><img loading=\"lazy\" decoding=\"async\" class=\"alignnone wp-image-1501 size-full\" src=\"http:\/\/www.neotec.cz\/zund\/wp-content\/uploads\/2018\/04\/ic-g3ce.png\" alt=\"\" width=\"230\" height=\"200\" \/><\/a><\/p>\n<p style=\"text-align: center;\">Prodlou\u017een\u00ed stolu stroje o oblast pro zalo\u017een\u00ed materi\u00e1lu a oblast pro odeb\u00edr\u00e1n\u00ed zpracovan\u00e9ho materi\u00e1lu.<\/p>\n<p style=\"text-align: center;\"><strong><span style=\"color: #993366;\"><a style=\"color: #993366; text-decoration: underline;\" href=\"http:\/\/www.neotec.cz\/zund\/g3ps\/\">Zjist\u011bte v\u00edce..<\/a><\/span><\/strong><\/p>\n<\/div>\n<\/div><\/div><\/div><\/div><\/div>","protected":false},"excerpt":{"rendered":"<p>Manipulace s materi\u00e1lem<\/p>\n","protected":false},"author":1,"featured_media":0,"parent":0,"menu_order":0,"comment_status":"closed","ping_status":"closed","template":"templates\/template-full-notitle.php","meta":{"footnotes":""},"class_list":["post-1476","page","type-page","status-publish","hentry","post"],"_links":{"self":[{"href":"https:\/\/www.neotec.cz\/zund\/wp-json\/wp\/v2\/pages\/1476","targetHints":{"allow":["GET"]}}],"collection":[{"href":"https:\/\/www.neotec.cz\/zund\/wp-json\/wp\/v2\/pages"}],"about":[{"href":"https:\/\/www.neotec.cz\/zund\/wp-json\/wp\/v2\/types\/page"}],"author":[{"embeddable":true,"href":"https:\/\/www.neotec.cz\/zund\/wp-json\/wp\/v2\/users\/1"}],"replies":[{"embeddable":true,"href":"https:\/\/www.neotec.cz\/zund\/wp-json\/wp\/v2\/comments?post=1476"}],"version-history":[{"count":48,"href":"https:\/\/www.neotec.cz\/zund\/wp-json\/wp\/v2\/pages\/1476\/revisions"}],"predecessor-version":[{"id":1631,"href":"https:\/\/www.neotec.cz\/zund\/wp-json\/wp\/v2\/pages\/1476\/revisions\/1631"}],"wp:attachment":[{"href":"https:\/\/www.neotec.cz\/zund\/wp-json\/wp\/v2\/media?parent=1476"}],"curies":[{"name":"wp","href":"https:\/\/api.w.org\/{rel}","templated":true}]}}