{"id":1536,"date":"2018-04-23T14:34:43","date_gmt":"2018-04-23T13:34:43","guid":{"rendered":"http:\/\/www.neotec.cz\/zund\/?page_id=1536"},"modified":"2018-11-19T14:20:03","modified_gmt":"2018-11-19T13:20:03","slug":"g3zakladanidesek","status":"publish","type":"page","link":"https:\/\/www.neotec.cz\/zund\/g3zakladanidesek\/","title":{"rendered":"Manipulace &#8211; zakl\u00e1d\u00e1n\u00ed desek"},"content":{"rendered":"<div id=\"pl-1536\"  class=\"panel-layout\" ><div id=\"pg-1536-0\"  class=\"panel-grid panel-no-style\" ><div id=\"pgc-1536-0-0\"  class=\"panel-grid-cell\" ><div id=\"panel-1536-0-0-0\" class=\"so-panel widget widget_sow-editor panel-first-child panel-last-child\" data-index=\"0\" ><div\n\t\t\t\n\t\t\tclass=\"so-widget-sow-editor so-widget-sow-editor-base\"\n\t\t\t\n\t\t>\n<div class=\"siteorigin-widget-tinymce textwidget\">\n\t<h1><strong>Manipulace s materi\u00e1lem<\/strong><\/h1>\n<\/div>\n<\/div><\/div><\/div><\/div><div id=\"pg-1536-1\"  class=\"panel-grid panel-no-style\" ><div id=\"pgc-1536-1-0\"  class=\"panel-grid-cell\" ><div id=\"panel-1536-1-0-0\" class=\"so-panel widget widget_sow-editor panel-first-child panel-last-child\" data-index=\"1\" ><div\n\t\t\t\n\t\t\tclass=\"so-widget-sow-editor so-widget-sow-editor-base\"\n\t\t\t\n\t\t><h3 class=\"widget-title\">Deskov\u00e9 \/ archov\u00e9 materi\u00e1ly<\/h3>\n<div class=\"siteorigin-widget-tinymce textwidget\">\n\t<\/div>\n<\/div><\/div><\/div><\/div><div id=\"pg-1536-2\"  class=\"panel-grid panel-no-style\" ><div id=\"pgc-1536-2-0\"  class=\"panel-grid-cell\" ><div id=\"panel-1536-2-0-0\" class=\"so-panel widget widget_media_image panel-first-child panel-last-child\" data-index=\"2\" ><img loading=\"lazy\" decoding=\"async\" width=\"300\" height=\"145\" src=\"https:\/\/www.neotec.cz\/zund\/wp-content\/uploads\/2018\/04\/g3tandem-300x145.png\" class=\"image wp-image-1537  attachment-medium size-medium\" alt=\"\" style=\"max-width: 100%; height: auto;\" srcset=\"https:\/\/www.neotec.cz\/zund\/wp-content\/uploads\/2018\/04\/g3tandem-300x145.png 300w, https:\/\/www.neotec.cz\/zund\/wp-content\/uploads\/2018\/04\/g3tandem.png 525w\" sizes=\"auto, (max-width: 300px) 100vw, 300px\" \/><\/div><\/div><div id=\"pgc-1536-2-1\"  class=\"panel-grid-cell\" ><div id=\"panel-1536-2-1-0\" class=\"so-panel widget widget_sow-editor panel-first-child panel-last-child\" data-index=\"3\" ><div\n\t\t\t\n\t\t\tclass=\"so-widget-sow-editor so-widget-sow-editor-base\"\n\t\t\t\n\t\t><h3 class=\"widget-title\">Tandemov\u00e9 operace pro stroje G3, S3<\/h3>\n<div class=\"siteorigin-widget-tinymce textwidget\">\n\t<ul>\n<li>nep\u0159etr\u017eit\u00e1 v\u00fdroba:\u00a0 zakl\u00e1d\u00e1n\u00ed, odb\u011br a zpracov\u00e1n\u00ed - v\u0161e prob\u00edh\u00e1 ve stejn\u00e9m \u010dase<\/li>\n<li>\u0161et\u0159\u00ed \u010das, zvy\u0161uj\u00ed produktivitu<\/li>\n<li>redukuj\u00ed prostoje stroje na minimum<\/li>\n<li>jednoduch\u00e9 a ergonomick\u00e9 ovl\u00e1d\u00e1n\u00ed<\/li>\n<li>dostupn\u00e9 pro stroje :\n<ul>\n<li>S3 ve velikostech M-1600, L-1600<\/li>\n<li>G3 ve velikostech M-2500,\u00a0 L-2500, L-3200, XL-3200, 2XL-3200, 3XL-2500, 3XL-3200<\/li>\n<\/ul>\n<\/li>\n<\/ul>\n<p><a href=\"http:\/\/www.neotec.cz\/zund\/wp-content\/uploads\/2018\/05\/TandemVacuumSystem-CZ.pdf\" target=\"_blank\" rel=\"noopener\">Tandem - produktov\u00fd list (CZ)<\/a><a href=\"http:\/\/www.neotec.cz\/zund\/wp-content\/uploads\/2018\/05\/TandemVacuumSystem-CZ.pdf\" target=\"_blank\" rel=\"noopener\"><img loading=\"lazy\" decoding=\"async\" class=\"alignleft wp-image-1108 size-full\" src=\"http:\/\/www.neotec.cz\/zund\/wp-content\/uploads\/2016\/02\/picPDF.png\" alt=\"picPDF\" width=\"32\" height=\"32\" \/><\/a><\/p>\n<\/div>\n<\/div><\/div><\/div><\/div><div id=\"pg-1536-3\"  class=\"panel-grid panel-no-style\" ><div id=\"pgc-1536-3-0\"  class=\"panel-grid-cell\" ><div id=\"panel-1536-3-0-0\" class=\"so-panel widget widget_media_image panel-first-child panel-last-child\" data-index=\"4\" ><img loading=\"lazy\" decoding=\"async\" width=\"300\" height=\"200\" src=\"https:\/\/www.neotec.cz\/zund\/wp-content\/uploads\/2018\/04\/S3sheetf-300x200.png\" class=\"image wp-image-1582  attachment-medium size-medium\" alt=\"\" style=\"max-width: 100%; height: auto;\" srcset=\"https:\/\/www.neotec.cz\/zund\/wp-content\/uploads\/2018\/04\/S3sheetf-300x200.png 300w, https:\/\/www.neotec.cz\/zund\/wp-content\/uploads\/2018\/04\/S3sheetf-272x182.png 272w, https:\/\/www.neotec.cz\/zund\/wp-content\/uploads\/2018\/04\/S3sheetf.png 700w\" sizes=\"auto, (max-width: 300px) 100vw, 300px\" \/><\/div><\/div><div id=\"pgc-1536-3-1\"  class=\"panel-grid-cell\" ><div id=\"panel-1536-3-1-0\" class=\"so-panel widget widget_sow-editor panel-first-child panel-last-child\" data-index=\"5\" ><div\n\t\t\t\n\t\t\tclass=\"so-widget-sow-editor so-widget-sow-editor-base\"\n\t\t\t\n\t\t><h3 class=\"widget-title\">Syst\u00e9m pro zakl\u00e1d\u00e1n\u00ed arch\u016f - Sheetfeeder - pro stroje S3<\/h3>\n<div class=\"siteorigin-widget-tinymce textwidget\">\n\t<ul>\n<li>pln\u011b automatick\u00e9 zakl\u00e1d\u00e1n\u00ed arch\u016f\u00a0 zaji\u0161\u0165uj\u00edc\u00ed vysok\u00fd objem v\u00fdroby<\/li>\n<li>mo\u017enost vykl\u00e1dac\u00edho stolu pro shroma\u017e\u010fov\u00e1n\u00ed \u0159ezan\u00fdch d\u00edl\u016f a odpadu<\/li>\n<li>max. velikost archu:\n<ul>\n<li>M-800:\u00a0 830 x 1330 mm<\/li>\n<li>M-1200:\u00a0 1230 x 1330 mm<\/li>\n<li>M-1600:\u00a0 1630 x 1330 mm<\/li>\n<\/ul>\n<\/li>\n<li>max. tlou\u0161tka archu 5 mm<\/li>\n<li>\u0161tosovac\u00ed v\u00fd\u0161ka z\u00e1sobn\u00edku 200 mm<\/li>\n<li>max. velikosti arch\u016f<\/li>\n<li>dostupn\u00e9 pro stroje Z\u00fcnd S3 ve velikostech M<\/li>\n<\/ul>\n<p><a href=\"http:\/\/www.neotec.cz\/zund\/wp-content\/uploads\/2018\/06\/Sheetfeeder-CZ.pdf\" target=\"_blank\" rel=\"noopener\">S3 Sheetfeeder - produktov\u00fd list (CZ)<\/a><a href=\"http:\/\/www.neotec.cz\/zund\/wp-content\/uploads\/2018\/06\/Sheetfeeder-CZ.pdf\" target=\"_blank\" rel=\"noopener\"><img loading=\"lazy\" decoding=\"async\" class=\"alignleft wp-image-1108 size-full\" src=\"http:\/\/www.neotec.cz\/zund\/wp-content\/uploads\/2016\/02\/picPDF.png\" alt=\"picPDF\" width=\"32\" height=\"32\" \/><\/a><\/p>\n<\/div>\n<\/div><\/div><\/div><\/div><div id=\"pg-1536-4\"  class=\"panel-grid panel-no-style\" ><div id=\"pgc-1536-4-0\"  class=\"panel-grid-cell\" ><div id=\"panel-1536-4-0-0\" class=\"so-panel widget widget_media_image panel-first-child panel-last-child\" data-index=\"6\" ><img loading=\"lazy\" decoding=\"async\" width=\"300\" height=\"200\" src=\"https:\/\/www.neotec.cz\/zund\/wp-content\/uploads\/2018\/04\/g3bhsa-300x200.png\" class=\"image wp-image-1549  attachment-medium size-medium\" alt=\"\" style=\"max-width: 100%; height: auto;\" srcset=\"https:\/\/www.neotec.cz\/zund\/wp-content\/uploads\/2018\/04\/g3bhsa-300x200.png 300w, https:\/\/www.neotec.cz\/zund\/wp-content\/uploads\/2018\/04\/g3bhsa-272x182.png 272w, https:\/\/www.neotec.cz\/zund\/wp-content\/uploads\/2018\/04\/g3bhsa.png 700w\" sizes=\"auto, (max-width: 300px) 100vw, 300px\" \/><\/div><\/div><div id=\"pgc-1536-4-1\"  class=\"panel-grid-cell\" ><div id=\"panel-1536-4-1-0\" class=\"so-panel widget widget_sow-editor panel-first-child panel-last-child\" data-index=\"7\" ><div\n\t\t\t\n\t\t\tclass=\"so-widget-sow-editor so-widget-sow-editor-base\"\n\t\t\t\n\t\t><h3 class=\"widget-title\">Syst\u00e9m pro zakl\u00e1d\u00e1n\u00ed a odb\u011br deskov\u00fdch materi\u00e1l\u016f - BHS - pro stroje G3, D3<\/h3>\n<div class=\"siteorigin-widget-tinymce textwidget\">\n\t<ul>\n<li>pln\u011b automatick\u00e9 zakl\u00e1d\u00e1n\u00ed a odb\u011br desek zaji\u0161\u0165uj\u00edc\u00ed vysok\u00fd objem v\u00fdroby<\/li>\n<li>navr\u017eeno pro nep\u0159etr\u017eit\u00fd provoz v pr\u016fmyslu<\/li>\n<li>velikost desek a\u017e 2 x 3,2 m<\/li>\n<li>tlou\u0161tka desky a\u017e 16 mm<\/li>\n<li>max. hmotnost desky 15 kg<\/li>\n<li>\u0161tosovac\u00ed v\u00fd\u0161ka z\u00e1sobn\u00edku 500 mm<\/li>\n<li>max. zat\u00ed\u017een\u00ed 800 kg<\/li>\n<li>dostupn\u00e9 pro stroje Z\u00fcnd G3, D3 ve velikostech L-2500, L-3200, XL-3200<\/li>\n<\/ul>\n<p><a href=\"http:\/\/www.neotec.cz\/zund\/wp-content\/uploads\/2018\/04\/BoardHandlingSystem\u2013BHS-CZ.pdf\" target=\"_blank\" rel=\"noopener\">BHS Sezn\u00e1men\u00ed (CZ)<\/a><a href=\"http:\/\/www.neotec.cz\/zund\/wp-content\/uploads\/2018\/04\/BoardHandlingSystem\u2013BHS-CZ.pdf\" target=\"_blank\" rel=\"noopener\"><img loading=\"lazy\" decoding=\"async\" class=\"alignleft wp-image-1108 size-full\" src=\"http:\/\/www.neotec.cz\/zund\/wp-content\/uploads\/2016\/02\/picPDF.png\" alt=\"picPDF\" width=\"32\" height=\"32\" \/><\/a><br \/>\n<br \/>&nbsp;<br \/>\n<a href=\"http:\/\/www.neotec.cz\/zund\/wp-content\/uploads\/2018\/04\/BHSTechnicalData-CZ.pdf\" target=\"_blank\" rel=\"noopener\">BHS - produktov\u00fd list (CZ)<\/a><a href=\"http:\/\/www.neotec.cz\/zund\/wp-content\/uploads\/2018\/04\/BHSTechnicalData-CZ.pdf\" target=\"_blank\" rel=\"noopener\"><img loading=\"lazy\" decoding=\"async\" class=\"alignleft wp-image-1108 size-full\" src=\"http:\/\/www.neotec.cz\/zund\/wp-content\/uploads\/2016\/02\/picPDF.png\" alt=\"picPDF\" width=\"32\" height=\"32\" \/><\/a><\/p>\n<\/div>\n<\/div><\/div><\/div><\/div><div id=\"pg-1536-5\"  class=\"panel-grid panel-no-style\" ><div id=\"pgc-1536-5-0\"  class=\"panel-grid-cell\" ><div id=\"panel-1536-5-0-0\" class=\"so-panel widget widget_media_image panel-first-child panel-last-child\" data-index=\"8\" ><img loading=\"lazy\" decoding=\"async\" width=\"300\" height=\"178\" src=\"https:\/\/www.neotec.cz\/zund\/wp-content\/uploads\/2018\/11\/g3bhs150-1-300x178.png\" class=\"image wp-image-1899  attachment-medium size-medium\" alt=\"\" style=\"max-width: 100%; height: auto;\" \/><\/div><\/div><div id=\"pgc-1536-5-1\"  class=\"panel-grid-cell\" ><div id=\"panel-1536-5-1-0\" class=\"so-panel widget widget_sow-editor panel-first-child panel-last-child\" data-index=\"9\" ><div\n\t\t\t\n\t\t\tclass=\"so-widget-sow-editor so-widget-sow-editor-base\"\n\t\t\t\n\t\t><h3 class=\"widget-title\">Syst\u00e9m pro zakl\u00e1d\u00e1n\u00ed a odb\u011br deskov\u00fdch materi\u00e1l\u016f - BHS150 - pro stroje G3, D3<\/h3>\n<div class=\"siteorigin-widget-tinymce textwidget\">\n\t<ul>\n<li>pln\u011b automatick\u00e9 zakl\u00e1d\u00e1n\u00ed a odb\u011br desek zaji\u0161\u0165uj\u00edc\u00ed vysok\u00fd objem v\u00fdroby<\/li>\n<li>navr\u017eeno pro nep\u0159etr\u017eit\u00fd provoz v pr\u016fmyslu<\/li>\n<li>velikost desek a\u017e 2,27 x 3,2 m<\/li>\n<li>tlou\u0161\u0165ka desky a\u017e 110 mm<\/li>\n<li>max. hmotnost desky 25 kg<\/li>\n<li>\u0161tosovac\u00ed v\u00fd\u0161ka z\u00e1sobn\u00edku 1.500 mm<\/li>\n<li>dostupn\u00e9 pro stroje Z\u00fcnd G3, D3 ve \u0161\u00ed\u0159i L a XL<\/li>\n<\/ul>\n<p><a href=\"http:\/\/www.neotec.cz\/zund\/wp-content\/uploads\/2018\/11\/BoardHandlingSystem-BHS150_CZ.pdf\" target=\"_blank\" rel=\"noopener\">BHS150 Sezn\u00e1men\u00ed (CZ)<\/a><a href=\"http:\/\/www.neotec.cz\/zund\/wp-content\/uploads\/2018\/11\/BoardHandlingSystem-BHS150_CZ.pdf\" target=\"_blank\" rel=\"noopener\"><img loading=\"lazy\" decoding=\"async\" class=\"alignleft wp-image-1108 size-full\" src=\"http:\/\/www.neotec.cz\/zund\/wp-content\/uploads\/2016\/02\/picPDF.png\" alt=\"picPDF\" width=\"32\" height=\"32\" \/><\/a><br \/>\n<br \/>&nbsp;<br \/>\n<a href=\"http:\/\/www.neotec.cz\/zund\/wp-content\/uploads\/2018\/11\/Technical_Data_BHS150_CZ.pdf\" target=\"_blank\" rel=\"noopener\">BHS150 - produktov\u00fd list (CZ)<\/a><a href=\"http:\/\/www.neotec.cz\/zund\/wp-content\/uploads\/2018\/11\/Technical_Data_BHS150_CZ.pdf\" target=\"_blank\" rel=\"noopener\"><img loading=\"lazy\" decoding=\"async\" class=\"alignleft wp-image-1108 size-full\" src=\"http:\/\/www.neotec.cz\/zund\/wp-content\/uploads\/2016\/02\/picPDF.png\" alt=\"picPDF\" width=\"32\" height=\"32\" \/><\/a><\/p>\n<\/div>\n<\/div><\/div><\/div><\/div><div id=\"pg-1536-6\"  class=\"panel-grid panel-no-style\" ><div id=\"pgc-1536-6-0\"  class=\"panel-grid-cell\" ><div id=\"panel-1536-6-0-0\" class=\"so-panel widget widget_media_image panel-first-child panel-last-child\" data-index=\"10\" ><img loading=\"lazy\" decoding=\"async\" width=\"300\" height=\"143\" src=\"https:\/\/www.neotec.cz\/zund\/wp-content\/uploads\/2018\/04\/G3bls1-300x143.png\" class=\"image wp-image-1552  attachment-medium size-medium\" alt=\"\" style=\"max-width: 100%; height: auto;\" srcset=\"https:\/\/www.neotec.cz\/zund\/wp-content\/uploads\/2018\/04\/G3bls1-300x143.png 300w, https:\/\/www.neotec.cz\/zund\/wp-content\/uploads\/2018\/04\/G3bls1.png 548w\" sizes=\"auto, (max-width: 300px) 100vw, 300px\" \/><\/div><\/div><div id=\"pgc-1536-6-1\"  class=\"panel-grid-cell\" ><div id=\"panel-1536-6-1-0\" class=\"so-panel widget widget_sow-editor panel-first-child panel-last-child\" data-index=\"11\" ><div\n\t\t\t\n\t\t\tclass=\"so-widget-sow-editor so-widget-sow-editor-base\"\n\t\t\t\n\t\t><h3 class=\"widget-title\">Poloautomatick\u00e9 zpracov\u00e1n\u00ed - BLS - pro stroje G3, D3, S3<\/h3>\n<div class=\"siteorigin-widget-tinymce textwidget\">\n\t<ul>\n<li>manu\u00e1ln\u00ed zakl\u00e1d\u00e1n\u00ed desek\/list\u016f s automatick\u00fdm zaji\u0161t\u011bn\u00edm jejich spr\u00e1vn\u00e9ho zalo\u017een\u00ed a polohy.<\/li>\n<li>redukuje prodlevy a zvy\u0161uje produktivitu v porovn\u00e1n\u00ed s neautomatick\u00fdm zakl\u00e1d\u00e1n\u00edm<\/li>\n<li>pro mont\u00e1\u017e je nutn\u00e1 konfigurace stroje se zadn\u00edm (vstupn\u00edm) prodlou\u017een\u00edm stolu<\/li>\n<li>dostupn\u00e9 pro \u0159ady plotr\u016f G3, D3 a S3<\/li>\n<\/ul>\n<p><a href=\"http:\/\/www.neotec.cz\/zund\/wp-content\/uploads\/2018\/06\/BoardLoadingDevice-CZ.pdf\" target=\"_blank\" rel=\"noopener\">BLS - produktov\u00fd list (CZ)<\/a><a href=\"http:\/\/www.neotec.cz\/zund\/wp-content\/uploads\/2018\/06\/BoardLoadingDevice-CZ.pdf\" target=\"_blank\" rel=\"noopener\"><img loading=\"lazy\" decoding=\"async\" class=\"alignleft wp-image-1108 size-full\" src=\"http:\/\/www.neotec.cz\/zund\/wp-content\/uploads\/2016\/02\/picPDF.png\" alt=\"picPDF\" width=\"32\" height=\"32\" \/><\/a><\/p>\n<\/div>\n<\/div><\/div><\/div><\/div><\/div>","protected":false},"excerpt":{"rendered":"<p>Manipulace s materi\u00e1lem<\/p>\n","protected":false},"author":1,"featured_media":0,"parent":0,"menu_order":0,"comment_status":"closed","ping_status":"closed","template":"templates\/template-full-notitle.php","meta":{"footnotes":""},"class_list":["post-1536","page","type-page","status-publish","hentry","post"],"_links":{"self":[{"href":"https:\/\/www.neotec.cz\/zund\/wp-json\/wp\/v2\/pages\/1536","targetHints":{"allow":["GET"]}}],"collection":[{"href":"https:\/\/www.neotec.cz\/zund\/wp-json\/wp\/v2\/pages"}],"about":[{"href":"https:\/\/www.neotec.cz\/zund\/wp-json\/wp\/v2\/types\/page"}],"author":[{"embeddable":true,"href":"https:\/\/www.neotec.cz\/zund\/wp-json\/wp\/v2\/users\/1"}],"replies":[{"embeddable":true,"href":"https:\/\/www.neotec.cz\/zund\/wp-json\/wp\/v2\/comments?post=1536"}],"version-history":[{"count":63,"href":"https:\/\/www.neotec.cz\/zund\/wp-json\/wp\/v2\/pages\/1536\/revisions"}],"predecessor-version":[{"id":1901,"href":"https:\/\/www.neotec.cz\/zund\/wp-json\/wp\/v2\/pages\/1536\/revisions\/1901"}],"wp:attachment":[{"href":"https:\/\/www.neotec.cz\/zund\/wp-json\/wp\/v2\/media?parent=1536"}],"curies":[{"name":"wp","href":"https:\/\/api.w.org\/{rel}","templated":true}]}}