{"id":2390,"date":"2023-05-04T15:16:59","date_gmt":"2023-05-04T14:16:59","guid":{"rendered":"https:\/\/www.neotec.cz\/zund\/?page_id=2390"},"modified":"2023-05-31T14:47:13","modified_gmt":"2023-05-31T13:47:13","slug":"qseznam","status":"publish","type":"page","link":"https:\/\/www.neotec.cz\/zund\/qseznam\/","title":{"rendered":"Q"},"content":{"rendered":"<div id=\"pl-2390\"  class=\"panel-layout\" ><div id=\"pg-2390-0\"  class=\"panel-grid panel-no-style\" ><div id=\"pgc-2390-0-0\"  class=\"panel-grid-cell\" ><div id=\"panel-2390-0-0-0\" class=\"so-panel widget widget_sow-editor panel-first-child panel-last-child\" data-index=\"0\" ><div\n\t\t\t\n\t\t\tclass=\"so-widget-sow-editor so-widget-sow-editor-base\"\n\t\t\t\n\t\t>\n<div class=\"siteorigin-widget-tinymce textwidget\">\n\t<h1><strong>\u0158ezac\u00ed plotr Q-Line\u00a0 - vysok\u00fd stupe\u0148 automatizace<\/strong><\/h1>\n<\/div>\n<\/div><\/div><\/div><\/div><div id=\"pg-2390-1\"  class=\"panel-grid panel-no-style\" ><div id=\"pgc-2390-1-0\"  class=\"panel-grid-cell\" ><div id=\"panel-2390-1-0-0\" class=\"so-panel widget widget_circleicon-widget panel-first-child panel-last-child\" data-index=\"1\" ><div class=\"panel-widget-style panel-widget-style-for-2390-1-0-0\" >\t\t<div class=\"circle-icon-box circle-icon-position-top circle-icon-hide-box circle-icon-size-large \">\n\t\t\t\t\t\t\t<div class=\"circle-icon-wrapper\">\n\t\t\t\t\t\t\t\t\t\t<div class=\"circle-icon icon-style-set\" style=\"background-image: url(http:\/\/www.neotec.cz\/zund\/wp-content\/uploads\/2023\/05\/ic-q.png);background-color: #888888\">\n\t\t\t\t\t\t\t\t\t\t\t<\/div>\n\t\t\t\t\t\t\t\t\t<\/div>\n\t\t\t\n\t\t\t\t\t\t\t\t\t\n\t\t\t\t\t\t\t\t\t\t<a\n\t\t\t\t\thref=\"http:\/\/www.neotec.cz\/zund\/qseznam\/\"\n\t\t\t\t\tclass=\"more-button\"\n\t\t\t\t\t\t\t\t\t\t\t\t\t\t>\n\t\t\t\t\tQ sezn\u00e1men\u00ed <i><\/i>\n\t\t\t\t<\/a>\n\t\t\t\t\t<\/div>\n\t\t<\/div><\/div><\/div><div id=\"pgc-2390-1-1\"  class=\"panel-grid-cell\" ><div id=\"panel-2390-1-1-0\" class=\"so-panel widget widget_circleicon-widget panel-first-child panel-last-child\" data-index=\"2\" >\t\t<div class=\"circle-icon-box circle-icon-position-top circle-icon-hide-box circle-icon-size-large \">\n\t\t\t\t\t\t\t<div class=\"circle-icon-wrapper\">\n\t\t\t\t\t\t\t\t\t\t<a href=\"http:\/\/www.neotec.cz\/zund\/qdet\/\" class=\"link-icon\" >\t\t\t\t\t<div class=\"circle-icon icon-style-set\" style=\"background-image: url(https:\/\/www.neotec.cz\/zund\/wp-content\/uploads\/2023\/05\/ic-qdet.png);background-color: #eeeeee\">\n\t\t\t\t\t\t\t\t\t\t\t<\/div>\n\t\t\t\t\t<\/a>\t\t\t\t<\/div>\n\t\t\t\n\t\t\t\t\t\t\t<a href=\"http:\/\/www.neotec.cz\/zund\/qdet\/\" class=\"link-title\" >\n\t\t\t\t\t\t\t\t\t\t\t\t\t<\/a>\n\t\t\t\n\t\t\t\t\t\t\t\t\t\t<a\n\t\t\t\t\thref=\"http:\/\/www.neotec.cz\/zund\/qdet\/\"\n\t\t\t\t\tclass=\"more-button\"\n\t\t\t\t\t\t\t\t\t\t\t\t\t\t>\n\t\t\t\t\tQ detailn\u011b <i><\/i>\n\t\t\t\t<\/a>\n\t\t\t\t\t<\/div>\n\t\t<\/div><\/div><div id=\"pgc-2390-1-2\"  class=\"panel-grid-cell\" ><div id=\"panel-2390-1-2-0\" class=\"so-panel widget widget_circleicon-widget panel-first-child panel-last-child\" data-index=\"3\" >\t\t<div class=\"circle-icon-box circle-icon-position-top circle-icon-hide-box circle-icon-size-large \">\n\t\t\t\t\t\t\t<div class=\"circle-icon-wrapper\">\n\t\t\t\t\t\t\t\t\t\t<a href=\"http:\/\/www.neotec.cz\/zund\/qmod\/\" class=\"link-icon\" >\t\t\t\t\t<div class=\"circle-icon icon-style-set\" style=\"background-image: url(https:\/\/www.neotec.cz\/zund\/wp-content\/uploads\/2023\/05\/ic_qmodtol.png);background-color: #eeeeee\">\n\t\t\t\t\t\t\t\t\t\t\t<\/div>\n\t\t\t\t\t<\/a>\t\t\t\t<\/div>\n\t\t\t\n\t\t\t\t\t\t\t<a href=\"http:\/\/www.neotec.cz\/zund\/qmod\/\" class=\"link-title\" >\n\t\t\t\t\t\t\t\t\t\t\t\t\t<\/a>\n\t\t\t\n\t\t\t\t\t\t\t\t\t\t<a\n\t\t\t\t\thref=\"http:\/\/www.neotec.cz\/zund\/qmod\/\"\n\t\t\t\t\tclass=\"more-button\"\n\t\t\t\t\t\t\t\t\t\t\t\t\t\t>\n\t\t\t\t\tQ moduly a n\u00e1stroje <i><\/i>\n\t\t\t\t<\/a>\n\t\t\t\t\t<\/div>\n\t\t<\/div><\/div><div id=\"pgc-2390-1-3\"  class=\"panel-grid-cell\" ><div id=\"panel-2390-1-3-0\" class=\"so-panel widget widget_circleicon-widget panel-first-child panel-last-child\" data-index=\"4\" >\t\t<div class=\"circle-icon-box circle-icon-position-top circle-icon-hide-box circle-icon-size-large \">\n\t\t\t\t\t\t\t<div class=\"circle-icon-wrapper\">\n\t\t\t\t\t\t\t\t\t\t<a href=\"http:\/\/www.neotec.cz\/zund\/qvelikostistolu\/\" class=\"link-icon\" >\t\t\t\t\t<div class=\"circle-icon icon-style-set\" style=\"background-image: url(https:\/\/www.neotec.cz\/zund\/wp-content\/uploads\/2023\/05\/ic-Qsizes.png);background-color: #eeeeee\">\n\t\t\t\t\t\t\t\t\t\t\t<\/div>\n\t\t\t\t\t<\/a>\t\t\t\t<\/div>\n\t\t\t\n\t\t\t\t\t\t\t<a href=\"http:\/\/www.neotec.cz\/zund\/qvelikostistolu\/\" class=\"link-title\" >\n\t\t\t\t\t\t\t\t\t\t\t\t\t<\/a>\n\t\t\t\n\t\t\t\t\t\t\t\t\t\t<a\n\t\t\t\t\thref=\"http:\/\/www.neotec.cz\/zund\/qvelikostistolu\/\"\n\t\t\t\t\tclass=\"more-button\"\n\t\t\t\t\t\t\t\t\t\t\t\t\t\t>\n\t\t\t\t\tQ velikosti stol\u016f <i><\/i>\n\t\t\t\t<\/a>\n\t\t\t\t\t<\/div>\n\t\t<\/div><\/div><div id=\"pgc-2390-1-4\"  class=\"panel-grid-cell\" ><div id=\"panel-2390-1-4-0\" class=\"so-panel widget widget_circleicon-widget panel-first-child panel-last-child\" data-index=\"5\" >\t\t<div class=\"circle-icon-box circle-icon-position-top circle-icon-hide-box circle-icon-size-large \">\n\t\t\t\t\t\t\t<div class=\"circle-icon-wrapper\">\n\t\t\t\t\t\t\t\t\t\t<a href=\"http:\/\/www.neotec.cz\/zund\/q-videa\/\" class=\"link-icon\" >\t\t\t\t\t<div class=\"circle-icon icon-style-set\" style=\"background-image: url(https:\/\/www.neotec.cz\/zund\/wp-content\/uploads\/2023\/05\/ic_qvideo.png);background-color: #eeeeee\">\n\t\t\t\t\t\t\t\t\t\t\t<\/div>\n\t\t\t\t\t<\/a>\t\t\t\t<\/div>\n\t\t\t\n\t\t\t\t\t\t\t<a href=\"http:\/\/www.neotec.cz\/zund\/q-videa\/\" class=\"link-title\" >\n\t\t\t\t\t\t\t\t\t\t\t\t\t<\/a>\n\t\t\t\n\t\t\t\t\t\t\t\t\t\t<a\n\t\t\t\t\thref=\"http:\/\/www.neotec.cz\/zund\/q-videa\/\"\n\t\t\t\t\tclass=\"more-button\"\n\t\t\t\t\t\t\t\t\t\t\t\t\t\t>\n\t\t\t\t\tQ videa <i><\/i>\n\t\t\t\t<\/a>\n\t\t\t\t\t<\/div>\n\t\t<\/div><\/div><div id=\"pgc-2390-1-5\"  class=\"panel-grid-cell\" ><div id=\"panel-2390-1-5-0\" class=\"so-panel widget widget_circleicon-widget panel-first-child panel-last-child\" data-index=\"6\" >\t\t<div class=\"circle-icon-box circle-icon-position-top circle-icon-hide-box circle-icon-size-large \">\n\t\t\t\t\t\t\t<div class=\"circle-icon-wrapper\">\n\t\t\t\t\t\t\t\t\t\t<a href=\"http:\/\/www.neotec.cz\/zund\/qmsm\/\" class=\"link-icon\" >\t\t\t\t\t<div class=\"circle-icon icon-style-set\" style=\"background-image: url(https:\/\/www.neotec.cz\/zund\/wp-content\/uploads\/2023\/05\/ic_qmsm.png);background-color: #eeeeee\">\n\t\t\t\t\t\t\t\t\t\t\t<\/div>\n\t\t\t\t\t<\/a>\t\t\t\t<\/div>\n\t\t\t\n\t\t\t\t\t\t\t<a href=\"http:\/\/www.neotec.cz\/zund\/qmsm\/\" class=\"link-title\" >\n\t\t\t\t\t\t\t\t\t\t\t\t\t<\/a>\n\t\t\t\n\t\t\t\t\t\t\t\t\t\t<a\n\t\t\t\t\thref=\"http:\/\/www.neotec.cz\/zund\/qmsm\/\"\n\t\t\t\t\tclass=\"more-button\"\n\t\t\t\t\t\t\t\t\t\t\t\t\t\t>\n\t\t\t\t\tManipulace <i><\/i>\n\t\t\t\t<\/a>\n\t\t\t\t\t<\/div>\n\t\t<\/div><\/div><\/div><div id=\"pg-2390-2\"  class=\"panel-grid panel-no-style\" ><div id=\"pgc-2390-2-0\"  class=\"panel-grid-cell\" ><div id=\"panel-2390-2-0-0\" class=\"so-panel widget widget_sow-editor panel-first-child panel-last-child\" data-index=\"7\" ><div\n\t\t\t\n\t\t\tclass=\"so-widget-sow-editor so-widget-sow-editor-base\"\n\t\t\t\n\t\t><h3 class=\"widget-title\">Sezn\u00e1men\u00ed s \u0159adou Q-Line<\/h3>\n<div class=\"siteorigin-widget-tinymce textwidget\">\n\t<\/div>\n<\/div><\/div><\/div><\/div><div id=\"pg-2390-3\"  class=\"panel-grid panel-no-style\" ><div id=\"pgc-2390-3-0\"  class=\"panel-grid-cell\" ><div id=\"panel-2390-3-0-0\" class=\"so-panel widget widget_sow-editor panel-first-child panel-last-child\" data-index=\"8\" ><div\n\t\t\t\n\t\t\tclass=\"so-widget-sow-editor so-widget-sow-editor-base\"\n\t\t\t\n\t\t><h3 class=\"widget-title\">Q-Line s BHS180<\/h3>\n<div class=\"siteorigin-widget-tinymce textwidget\">\n\t<p>Z\u00fcnd d\u00e1le roz\u0161i\u0159uje sv\u00e9 portfolio v\u00fdkonn\u00fdch \u0159e\u0161en\u00ed digit\u00e1ln\u00edho \u0159ez\u00e1n\u00ed. Nov\u00e1 \u0159ada Q-Line s BHS180 dopl\u0148uje sou\u010dasnou nab\u00eddku spole\u010dnosti Z\u00fcnd a zvy\u0161uje la\u0165ku efektivity pr\u016fmyslov\u00e9 v\u00fdroby z palety na paletu. Nov\u00e1 \u0159ada Q-Line se syst\u00e9mem manipulace s deskov\u00fdmi materi\u00e1ly BHS180 je integrovan\u00e9 syst\u00e9mov\u00e9 \u0159e\u0161en\u00ed. Je speci\u00e1ln\u011b ur\u010dena pro po\u017eadavky vysoce automatizovan\u00e9ho pr\u016fmyslov\u00e9ho zpracov\u00e1n\u00ed obalov\u00fdch deskov\u00fdch materi\u00e1l\u016f.<\/p>\n<\/div>\n<\/div><\/div><\/div><div id=\"pgc-2390-3-1\"  class=\"panel-grid-cell\" ><div id=\"panel-2390-3-1-0\" class=\"so-panel widget widget_sow-editor panel-first-child panel-last-child\" data-index=\"9\" ><div\n\t\t\t\n\t\t\tclass=\"so-widget-sow-editor so-widget-sow-editor-base\"\n\t\t\t\n\t\t><h3 class=\"widget-title\">Optim\u00e1ln\u00ed vylad\u011bn\u00ed<\/h3>\n<div class=\"siteorigin-widget-tinymce textwidget\">\n\t<p class=\"item-title\">Jednotliv\u00e9 komponenty - podava\u010d desek s UNDERCAM, nov\u00e1 generace \u0159ezac\u00edho plotru Q-Line a vykl\u00e1dac\u00ed jednotka - jsou optim\u00e1ln\u011b slad\u011bny a poskytuj\u00ed d\u0159\u00edve nedosa\u017eitelnou \u00farove\u0148 produktivity. Spole\u010dn\u011b nab\u00edzej\u00ed neuv\u011b\u0159itelnou p\u0159esnost a spolehlivost \u0159ez\u00e1n\u00ed. V d\u016fsledku toho usnad\u0148uj\u00ed v\u00fdrobc\u016fm obal\u016f a Pop Up panel\u016f automatizaci \u0159ezac\u00edch operac\u00ed a dosa\u017een\u00ed maxim\u00e1ln\u00ed efektivity. P\u0159itom Q-Line s BHS180 pom\u00e1h\u00e1 v\u00fdrobc\u016fm optimalizovat jejich v\u00fdrobn\u00ed procesy a zv\u00fd\u0161it jejich celkovou produktivitu.<\/p>\n<\/div>\n<\/div><\/div><\/div><\/div><div id=\"pg-2390-4\"  class=\"panel-grid panel-no-style\" ><div id=\"pgc-2390-4-0\"  class=\"panel-grid-cell\" ><div id=\"panel-2390-4-0-0\" class=\"so-panel widget widget_sow-editor panel-first-child panel-last-child\" data-index=\"10\" ><div\n\t\t\t\n\t\t\tclass=\"so-widget-sow-editor so-widget-sow-editor-base\"\n\t\t\t\n\t\t>\n<div class=\"siteorigin-widget-tinymce textwidget\">\n\t<p><img loading=\"lazy\" decoding=\"async\" class=\"size-large wp-image-2416 aligncenter\" src=\"https:\/\/www.neotec.cz\/zund\/wp-content\/uploads\/2023\/05\/2905-Q-Line-BHS180-sideview-wo-cage-1024x653.jpg\" alt=\"\" width=\"720\" height=\"459\" srcset=\"https:\/\/www.neotec.cz\/zund\/wp-content\/uploads\/2023\/05\/2905-Q-Line-BHS180-sideview-wo-cage-1024x653.jpg 1024w, https:\/\/www.neotec.cz\/zund\/wp-content\/uploads\/2023\/05\/2905-Q-Line-BHS180-sideview-wo-cage-300x191.jpg 300w, https:\/\/www.neotec.cz\/zund\/wp-content\/uploads\/2023\/05\/2905-Q-Line-BHS180-sideview-wo-cage-768x490.jpg 768w, https:\/\/www.neotec.cz\/zund\/wp-content\/uploads\/2023\/05\/2905-Q-Line-BHS180-sideview-wo-cage.jpg 1380w\" sizes=\"auto, (max-width: 720px) 100vw, 720px\" \/><\/p>\n<p>&nbsp;<\/p>\n<\/div>\n<\/div><\/div><\/div><\/div><div id=\"pg-2390-5\"  class=\"panel-grid panel-no-style\" ><div id=\"pgc-2390-5-0\"  class=\"panel-grid-cell\" ><div id=\"panel-2390-5-0-0\" class=\"so-panel widget widget_sow-editor panel-first-child panel-last-child\" data-index=\"11\" ><div\n\t\t\t\n\t\t\tclass=\"so-widget-sow-editor so-widget-sow-editor-base\"\n\t\t\t\n\t\t><h3 class=\"widget-title\">Nov\u00e1 koncepce stroje pro maxim\u00e1ln\u00ed v\u00fdkon<\/h3>\n<div class=\"siteorigin-widget-tinymce textwidget\">\n\t<p class=\"item-title\">Q-Line s BHS180 je komplexn\u00ed, pokro\u010dil\u00e9 syst\u00e9mov\u00e9 \u0159e\u0161en\u00ed, kter\u00e9 posouv\u00e1 digit\u00e1ln\u00ed produkci na novou \u00farove\u0148. Nab\u00edz\u00ed v\u00fdjime\u010dn\u00fd v\u00fdkon pro ka\u017ed\u00e9ho v\u00fdrobce displej\u016f a obal\u016f. Ka\u017ed\u00e1 sou\u010d\u00e1st tohoto pokro\u010dil\u00e9ho digit\u00e1ln\u00edho \u0159ezac\u00edho syst\u00e9mu je pln\u00e1 vzru\u0161uj\u00edc\u00edch nov\u00fdch funkc\u00ed. V kombinaci umo\u017e\u0148uj\u00ed nep\u0159etr\u017eit\u00fd v\u00fdrobn\u00ed tok bez dozoru a poskytuj\u00ed u\u017eivatel\u016fm obrovsk\u00fd potenci\u00e1l \u00faspor bez ohledu na velikost spole\u010dnosti. Pointa je, \u017ee se jedn\u00e1 o investici, kter\u00e1 m\u016f\u017ee z\u00e1kazn\u00edk\u016fm pomoci trvale zlep\u0161it jejich konkuren\u010dn\u00ed v\u00fdhodu.<\/p>\n<\/div>\n<\/div><\/div><\/div><\/div><div id=\"pg-2390-6\"  class=\"panel-grid panel-no-style\" ><div id=\"pgc-2390-6-0\"  class=\"panel-grid-cell\" ><div id=\"panel-2390-6-0-0\" class=\"so-panel widget widget_sow-editor panel-first-child panel-last-child\" data-index=\"12\" ><div\n\t\t\t\n\t\t\tclass=\"so-widget-sow-editor so-widget-sow-editor-base\"\n\t\t\t\n\t\t><h3 class=\"widget-title\">Rychlost a zrychlen\u00ed<\/h3>\n<div class=\"siteorigin-widget-tinymce textwidget\">\n\t<p class=\"item-title\">Zcela nov\u00fd koncept stroje za Q-Line s BHS180 p\u0159edefinoval v\u00fdkon v mnoha ohledech. P\u0159i spole\u010dn\u00e9 pr\u00e1ci nov\u00e9 sou\u010d\u00e1sti stroje generuj\u00ed p\u016fsobivou rychlost a\u017e 2,8 m\/s. Nov\u00e1 z\u00e1kladn\u00ed konstrukce Q-Line je vyrobena z extr\u00e9mn\u011b stabiln\u00edho betonu. Zaji\u0161\u0165uje neuv\u011b\u0159iteln\u011b hladk\u00fd chod a optim\u00e1ln\u00ed p\u0159esnost \u0159ez\u00e1n\u00ed i p\u0159i extr\u00e9mn\u011b vysok\u00fdch rychlostech. Nosn\u00edky jsou vyrobeny z plastu vyztu\u017een\u00e9ho uhl\u00edkov\u00fdmi vl\u00e1kny, d\u00edky \u010demu\u017e jsou velmi lehk\u00e9 a mimo\u0159\u00e1dn\u011b pevn\u00e9. To znamen\u00e1, \u017ee i n\u00e1ro\u010dn\u00e9 materi\u00e1ly lze zpracov\u00e1vat nejvy\u0161\u0161\u00ed rychlost\u00ed a nejvy\u0161\u0161\u00ed \u00farovn\u00ed kvality. Bezprecedentn\u00ed v\u00fdkon se projevuje i v r\u016fzn\u00fdch dal\u0161\u00edch aspektech, v\u010detn\u011b p\u016fsobiv\u00e9ho zrychlen\u00ed a\u017e 2,1 g. To umo\u017e\u0148uje nov\u00fd line\u00e1rn\u00ed syst\u00e9m pohonu. \u00dalohy lze tedy zpracov\u00e1vat je\u0161t\u011b vy\u0161\u0161\u00edmi rychlostmi, co\u017e vede k v\u00fdrazn\u011b krat\u0161\u00edm cykl\u016fm na jednotliv\u00e9 zak\u00e1zky.<\/p>\n<\/div>\n<\/div><\/div><\/div><div id=\"pgc-2390-6-1\"  class=\"panel-grid-cell\" ><div id=\"panel-2390-6-1-0\" class=\"so-panel widget widget_sow-editor panel-first-child panel-last-child\" data-index=\"13\" ><div\n\t\t\t\n\t\t\tclass=\"so-widget-sow-editor so-widget-sow-editor-base\"\n\t\t\t\n\t\t>\n<div class=\"siteorigin-widget-tinymce textwidget\">\n\t<p><img loading=\"lazy\" decoding=\"async\" class=\"alignnone size-full wp-image-2433\" src=\"https:\/\/www.neotec.cz\/zund\/wp-content\/uploads\/2023\/05\/Qline-speed.jpg\" alt=\"\" width=\"580\" height=\"330\" srcset=\"https:\/\/www.neotec.cz\/zund\/wp-content\/uploads\/2023\/05\/Qline-speed.jpg 580w, https:\/\/www.neotec.cz\/zund\/wp-content\/uploads\/2023\/05\/Qline-speed-300x171.jpg 300w\" sizes=\"auto, (max-width: 580px) 100vw, 580px\" \/><\/p>\n<\/div>\n<\/div><\/div><\/div><\/div><div id=\"pg-2390-7\"  class=\"panel-grid panel-no-style\" ><div id=\"pgc-2390-7-0\"  class=\"panel-grid-cell\" ><div id=\"panel-2390-7-0-0\" class=\"so-panel widget widget_sow-editor panel-first-child panel-last-child\" data-index=\"14\" ><div\n\t\t\t\n\t\t\tclass=\"so-widget-sow-editor so-widget-sow-editor-base\"\n\t\t\t\n\t\t>\n<div class=\"siteorigin-widget-tinymce textwidget\">\n\t<p><img loading=\"lazy\" decoding=\"async\" class=\"alignnone wp-image-2438 size-full\" src=\"https:\/\/www.neotec.cz\/zund\/wp-content\/uploads\/2023\/05\/Qline-force.jpg\" alt=\"\" width=\"580\" height=\"330\" srcset=\"https:\/\/www.neotec.cz\/zund\/wp-content\/uploads\/2023\/05\/Qline-force.jpg 580w, https:\/\/www.neotec.cz\/zund\/wp-content\/uploads\/2023\/05\/Qline-force-300x171.jpg 300w\" sizes=\"auto, (max-width: 580px) 100vw, 580px\" \/><\/p>\n<\/div>\n<\/div><\/div><\/div><div id=\"pgc-2390-7-1\"  class=\"panel-grid-cell\" ><div id=\"panel-2390-7-1-0\" class=\"so-panel widget widget_sow-editor panel-first-child panel-last-child\" data-index=\"15\" ><div\n\t\t\t\n\t\t\tclass=\"so-widget-sow-editor so-widget-sow-editor-base\"\n\t\t\t\n\t\t><h3 class=\"widget-title\">S\u00edla<\/h3>\n<div class=\"siteorigin-widget-tinymce textwidget\">\n\t<p class=\"item-title\">\u0158ezac\u00ed plotry Q-Line jsou silou, se kterou je t\u0159eba po\u010d\u00edtat. S vyu\u017eit\u00edm nejnov\u011bj\u0161\u00ed technologie jsou nov\u00e9 n\u00e1strojov\u00e9 moduly schopny vyvinout rylovac\u00ed tlak a\u017e 500 N.<\/p>\n<\/div>\n<\/div><\/div><\/div><\/div><div id=\"pg-2390-8\"  class=\"panel-grid panel-no-style\" ><div id=\"pgc-2390-8-0\"  class=\"panel-grid-cell\" ><div id=\"panel-2390-8-0-0\" class=\"so-panel widget widget_sow-editor panel-first-child panel-last-child\" data-index=\"16\" ><div\n\t\t\t\n\t\t\tclass=\"so-widget-sow-editor so-widget-sow-editor-base\"\n\t\t\t\n\t\t><h3 class=\"widget-title\">Ke sta\u017een\u00ed<\/h3>\n<div class=\"siteorigin-widget-tinymce textwidget\">\n\t<p><a href=\"https:\/\/www.neotec.cz\/zund\/wp-content\/uploads\/2023\/05\/Zund_Q-Line_BHS180_CZ.pdf\" target=\"_blank\" rel=\"noopener\">Nov\u00e1 \u0159ada \u0159ezac\u00edch plotr\u016f Q-Line s BHS180 (CZ)<\/a><a href=\"https:\/\/www.neotec.cz\/zund\/wp-content\/uploads\/2023\/05\/Zund_Q-Line_BHS180_CZ.pdf\" target=\"_blank\" rel=\"noopener\"><img loading=\"lazy\" decoding=\"async\" class=\"alignleft wp-image-1108 size-full\" src=\"http:\/\/www.neotec.cz\/zund\/wp-content\/uploads\/2016\/02\/picPDF.png\" alt=\"picPDF\" width=\"32\" height=\"32\" \/><\/a><br \/>\n<br \/>&nbsp;<br \/>\n<a href=\"https:\/\/www.neotec.cz\/zund\/wp-content\/uploads\/2023\/05\/Technical_data_Q-Line_BHS-180_Undercam_CZ.pdf\" target=\"_blank\" rel=\"noopener\">Q-Line s BHS180 Technick\u00fd list (CZ)<\/a><a href=\"https:\/\/www.neotec.cz\/zund\/wp-content\/uploads\/2023\/05\/Technical_data_Q-Line_BHS-180_Undercam_CZ.pdf\" target=\"_blank\" rel=\"noopener\"><img loading=\"lazy\" decoding=\"async\" class=\"alignleft wp-image-1108 size-full\" src=\"http:\/\/www.neotec.cz\/zund\/wp-content\/uploads\/2016\/02\/picPDF.png\" alt=\"picPDF\" width=\"32\" height=\"32\" \/><\/a><\/p>\n<\/div>\n<\/div><\/div><\/div><\/div><\/div>","protected":false},"excerpt":{"rendered":"<p>\u0158ezac\u00ed plotr Q-Line\u00a0 &#8211; vysok\u00fd stupe\u0148 automatizace<\/p>\n","protected":false},"author":1,"featured_media":0,"parent":0,"menu_order":0,"comment_status":"closed","ping_status":"closed","template":"templates\/template-full-notitle.php","meta":{"footnotes":""},"class_list":["post-2390","page","type-page","status-publish","hentry","post"],"_links":{"self":[{"href":"https:\/\/www.neotec.cz\/zund\/wp-json\/wp\/v2\/pages\/2390","targetHints":{"allow":["GET"]}}],"collection":[{"href":"https:\/\/www.neotec.cz\/zund\/wp-json\/wp\/v2\/pages"}],"about":[{"href":"https:\/\/www.neotec.cz\/zund\/wp-json\/wp\/v2\/types\/page"}],"author":[{"embeddable":true,"href":"https:\/\/www.neotec.cz\/zund\/wp-json\/wp\/v2\/users\/1"}],"replies":[{"embeddable":true,"href":"https:\/\/www.neotec.cz\/zund\/wp-json\/wp\/v2\/comments?post=2390"}],"version-history":[{"count":56,"href":"https:\/\/www.neotec.cz\/zund\/wp-json\/wp\/v2\/pages\/2390\/revisions"}],"predecessor-version":[{"id":2606,"href":"https:\/\/www.neotec.cz\/zund\/wp-json\/wp\/v2\/pages\/2390\/revisions\/2606"}],"wp:attachment":[{"href":"https:\/\/www.neotec.cz\/zund\/wp-json\/wp\/v2\/media?parent=2390"}],"curies":[{"name":"wp","href":"https:\/\/api.w.org\/{rel}","templated":true}]}}