{"id":2482,"date":"2023-05-23T14:38:17","date_gmt":"2023-05-23T13:38:17","guid":{"rendered":"https:\/\/www.neotec.cz\/zund\/?page_id=2482"},"modified":"2024-03-13T14:04:17","modified_gmt":"2024-03-13T13:04:17","slug":"qautomo","status":"publish","type":"page","link":"https:\/\/www.neotec.cz\/zund\/qautomo\/","title":{"rendered":"Q &#8211; moduly AUTOMO"},"content":{"rendered":"<div id=\"pl-2482\"  class=\"panel-layout\" ><div id=\"pg-2482-0\"  class=\"panel-grid panel-no-style\" ><div id=\"pgc-2482-0-0\"  class=\"panel-grid-cell\" ><div id=\"panel-2482-0-0-0\" class=\"so-panel widget widget_sow-editor panel-first-child panel-last-child\" data-index=\"0\" ><div\n\t\t\t\n\t\t\tclass=\"so-widget-sow-editor so-widget-sow-editor-base\"\n\t\t\t\n\t\t>\n<div class=\"siteorigin-widget-tinymce textwidget\">\n\t<h1><strong>\u0158ezac\u00ed plotr Q-Line\u00a0 - moduly a n\u00e1stroje<\/strong><\/h1>\n<\/div>\n<\/div><\/div><\/div><\/div><div id=\"pg-2482-1\"  class=\"panel-grid panel-no-style\" ><div id=\"pgc-2482-1-0\"  class=\"panel-grid-cell\" ><div id=\"panel-2482-1-0-0\" class=\"so-panel widget widget_circleicon-widget panel-first-child panel-last-child\" data-index=\"1\" ><div class=\"panel-widget-style panel-widget-style-for-2482-1-0-0\" >\t\t<div class=\"circle-icon-box circle-icon-position-top circle-icon-hide-box circle-icon-size-large \">\n\t\t\t\t\t\t\t<div class=\"circle-icon-wrapper\">\n\t\t\t\t\t\t\t\t\t\t<a href=\"http:\/\/www.neotec.cz\/zund\/qseznam\/\" class=\"link-icon\" >\t\t\t\t\t<div class=\"circle-icon icon-style-set\" style=\"background-image: url(http:\/\/www.neotec.cz\/zund\/wp-content\/uploads\/2023\/05\/ic-q.png);background-color: #eeeeee\">\n\t\t\t\t\t\t\t\t\t\t\t<\/div>\n\t\t\t\t\t<\/a>\t\t\t\t<\/div>\n\t\t\t\n\t\t\t\t\t\t\t<a href=\"http:\/\/www.neotec.cz\/zund\/qseznam\/\" class=\"link-title\" >\n\t\t\t\t\t\t\t\t\t\t\t\t\t<\/a>\n\t\t\t\n\t\t\t\t\t\t\t\t\t\t<a\n\t\t\t\t\thref=\"http:\/\/www.neotec.cz\/zund\/qseznam\/\"\n\t\t\t\t\tclass=\"more-button\"\n\t\t\t\t\t\t\t\t\t\t\t\t\t\t>\n\t\t\t\t\tQ sezn\u00e1men\u00ed <i><\/i>\n\t\t\t\t<\/a>\n\t\t\t\t\t<\/div>\n\t\t<\/div><\/div><\/div><div id=\"pgc-2482-1-1\"  class=\"panel-grid-cell\" ><div id=\"panel-2482-1-1-0\" class=\"so-panel widget widget_circleicon-widget panel-first-child panel-last-child\" data-index=\"2\" >\t\t<div class=\"circle-icon-box circle-icon-position-top circle-icon-hide-box circle-icon-size-large \">\n\t\t\t\t\t\t\t<div class=\"circle-icon-wrapper\">\n\t\t\t\t\t\t\t\t\t\t<a href=\"http:\/\/www.neotec.cz\/zund\/qdet\/\" class=\"link-icon\" >\t\t\t\t\t<div class=\"circle-icon icon-style-set\" style=\"background-image: url(https:\/\/www.neotec.cz\/zund\/wp-content\/uploads\/2023\/05\/ic-qdet.png);background-color: #eeeeee\">\n\t\t\t\t\t\t\t\t\t\t\t<\/div>\n\t\t\t\t\t<\/a>\t\t\t\t<\/div>\n\t\t\t\n\t\t\t\t\t\t\t<a href=\"http:\/\/www.neotec.cz\/zund\/qdet\/\" class=\"link-title\" >\n\t\t\t\t\t\t\t\t\t\t\t\t\t<\/a>\n\t\t\t\n\t\t\t\t\t\t\t\t\t\t<a\n\t\t\t\t\thref=\"http:\/\/www.neotec.cz\/zund\/qdet\/\"\n\t\t\t\t\tclass=\"more-button\"\n\t\t\t\t\t\t\t\t\t\t\t\t\t\t>\n\t\t\t\t\tQ detailn\u011b <i><\/i>\n\t\t\t\t<\/a>\n\t\t\t\t\t<\/div>\n\t\t<\/div><\/div><div id=\"pgc-2482-1-2\"  class=\"panel-grid-cell\" ><div id=\"panel-2482-1-2-0\" class=\"so-panel widget widget_circleicon-widget panel-first-child panel-last-child\" data-index=\"3\" >\t\t<div class=\"circle-icon-box circle-icon-position-top circle-icon-hide-box circle-icon-size-large \">\n\t\t\t\t\t\t\t<div class=\"circle-icon-wrapper\">\n\t\t\t\t\t\t\t\t\t\t<div class=\"circle-icon icon-style-set\" style=\"background-image: url(https:\/\/www.neotec.cz\/zund\/wp-content\/uploads\/2023\/05\/ic_qmodtol.png);background-color: #888888\">\n\t\t\t\t\t\t\t\t\t\t\t<\/div>\n\t\t\t\t\t\t\t\t\t<\/div>\n\t\t\t\n\t\t\t\t\t\t\t\t\t\n\t\t\t\t\t\t\t\t\t\t<a\n\t\t\t\t\thref=\"http:\/\/www.neotec.cz\/zund\/qmod\/\"\n\t\t\t\t\tclass=\"more-button\"\n\t\t\t\t\t\t\t\t\t\t\t\t\t\t>\n\t\t\t\t\tQ moduly a n\u00e1stroje <i><\/i>\n\t\t\t\t<\/a>\n\t\t\t\t\t<\/div>\n\t\t<\/div><\/div><div id=\"pgc-2482-1-3\"  class=\"panel-grid-cell\" ><div id=\"panel-2482-1-3-0\" class=\"so-panel widget widget_circleicon-widget panel-first-child panel-last-child\" data-index=\"4\" >\t\t<div class=\"circle-icon-box circle-icon-position-top circle-icon-hide-box circle-icon-size-large \">\n\t\t\t\t\t\t\t<div class=\"circle-icon-wrapper\">\n\t\t\t\t\t\t\t\t\t\t<a href=\"http:\/\/www.neotec.cz\/zund\/qvelikostistolu\/\" class=\"link-icon\" >\t\t\t\t\t<div class=\"circle-icon icon-style-set\" style=\"background-image: url(https:\/\/www.neotec.cz\/zund\/wp-content\/uploads\/2023\/05\/ic-Qsizes.png);background-color: #eeeeee\">\n\t\t\t\t\t\t\t\t\t\t\t<\/div>\n\t\t\t\t\t<\/a>\t\t\t\t<\/div>\n\t\t\t\n\t\t\t\t\t\t\t<a href=\"http:\/\/www.neotec.cz\/zund\/qvelikostistolu\/\" class=\"link-title\" >\n\t\t\t\t\t\t\t\t\t\t\t\t\t<\/a>\n\t\t\t\n\t\t\t\t\t\t\t\t\t\t<a\n\t\t\t\t\thref=\"http:\/\/www.neotec.cz\/zund\/qvelikostistolu\/\"\n\t\t\t\t\tclass=\"more-button\"\n\t\t\t\t\t\t\t\t\t\t\t\t\t\t>\n\t\t\t\t\tQ velikosti stol\u016f <i><\/i>\n\t\t\t\t<\/a>\n\t\t\t\t\t<\/div>\n\t\t<\/div><\/div><div id=\"pgc-2482-1-4\"  class=\"panel-grid-cell\" ><div id=\"panel-2482-1-4-0\" class=\"so-panel widget widget_circleicon-widget panel-first-child panel-last-child\" data-index=\"5\" >\t\t<div class=\"circle-icon-box circle-icon-position-top circle-icon-hide-box circle-icon-size-large \">\n\t\t\t\t\t\t\t<div class=\"circle-icon-wrapper\">\n\t\t\t\t\t\t\t\t\t\t<a href=\"http:\/\/www.neotec.cz\/zund\/q-videa\/\" class=\"link-icon\" >\t\t\t\t\t<div class=\"circle-icon icon-style-set\" style=\"background-image: url(https:\/\/www.neotec.cz\/zund\/wp-content\/uploads\/2023\/05\/ic_qvideo.png);background-color: #eeeeee\">\n\t\t\t\t\t\t\t\t\t\t\t<\/div>\n\t\t\t\t\t<\/a>\t\t\t\t<\/div>\n\t\t\t\n\t\t\t\t\t\t\t<a href=\"http:\/\/www.neotec.cz\/zund\/q-videa\/\" class=\"link-title\" >\n\t\t\t\t\t\t\t\t\t\t\t\t\t<\/a>\n\t\t\t\n\t\t\t\t\t\t\t\t\t\t<a\n\t\t\t\t\thref=\"http:\/\/www.neotec.cz\/zund\/q-videa\/\"\n\t\t\t\t\tclass=\"more-button\"\n\t\t\t\t\t\t\t\t\t\t\t\t\t\t>\n\t\t\t\t\tQ videa <i><\/i>\n\t\t\t\t<\/a>\n\t\t\t\t\t<\/div>\n\t\t<\/div><\/div><div id=\"pgc-2482-1-5\"  class=\"panel-grid-cell\" ><div id=\"panel-2482-1-5-0\" class=\"so-panel widget widget_circleicon-widget panel-first-child panel-last-child\" data-index=\"6\" >\t\t<div class=\"circle-icon-box circle-icon-position-top circle-icon-hide-box circle-icon-size-large \">\n\t\t\t\t\t\t\t<div class=\"circle-icon-wrapper\">\n\t\t\t\t\t\t\t\t\t\t<a href=\"http:\/\/www.neotec.cz\/zund\/qmsm\/\" class=\"link-icon\" >\t\t\t\t\t<div class=\"circle-icon icon-style-set\" style=\"background-image: url(https:\/\/www.neotec.cz\/zund\/wp-content\/uploads\/2023\/05\/ic_qmsm.png);background-color: #eeeeee\">\n\t\t\t\t\t\t\t\t\t\t\t<\/div>\n\t\t\t\t\t<\/a>\t\t\t\t<\/div>\n\t\t\t\n\t\t\t\t\t\t\t<a href=\"http:\/\/www.neotec.cz\/zund\/qmsm\/\" class=\"link-title\" >\n\t\t\t\t\t\t\t\t\t\t\t\t\t<\/a>\n\t\t\t\n\t\t\t\t\t\t\t\t\t\t<a\n\t\t\t\t\thref=\"http:\/\/www.neotec.cz\/zund\/qmsm\/\"\n\t\t\t\t\tclass=\"more-button\"\n\t\t\t\t\t\t\t\t\t\t\t\t\t\t>\n\t\t\t\t\tManipulace <i><\/i>\n\t\t\t\t<\/a>\n\t\t\t\t\t<\/div>\n\t\t<\/div><\/div><\/div><div id=\"pg-2482-2\"  class=\"panel-grid panel-no-style\" ><div id=\"pgc-2482-2-0\"  class=\"panel-grid-cell\" ><div id=\"panel-2482-2-0-0\" class=\"so-panel widget widget_sow-editor panel-first-child panel-last-child\" data-index=\"7\" ><div\n\t\t\t\n\t\t\tclass=\"so-widget-sow-editor so-widget-sow-editor-base\"\n\t\t\t\n\t\t><h3 class=\"widget-title\">Moduly AUTOMO<\/h3>\n<div class=\"siteorigin-widget-tinymce textwidget\">\n\t<\/div>\n<\/div><\/div><\/div><\/div><div id=\"pg-2482-3\"  class=\"panel-grid panel-no-style\" ><div id=\"pgc-2482-3-0\"  class=\"panel-grid-cell\" ><div id=\"panel-2482-3-0-0\" class=\"so-panel widget widget_sow-editor panel-first-child panel-last-child\" data-index=\"8\" ><div\n\t\t\t\n\t\t\tclass=\"so-widget-sow-editor so-widget-sow-editor-base\"\n\t\t\t\n\t\t>\n<div class=\"siteorigin-widget-tinymce textwidget\">\n\t<p><img loading=\"lazy\" decoding=\"async\" src=\"https:\/\/www.neotec.cz\/zund\/wp-content\/uploads\/2023\/05\/qline-2865-AUTOMO-E.png\" alt=\"\" width=\"200\" height=\"265\" class=\"alignnone size-full wp-image-2473\" \/><\/p>\n<\/div>\n<\/div><\/div><\/div><div id=\"pgc-2482-3-1\"  class=\"panel-grid-cell\" ><div id=\"panel-2482-3-1-0\" class=\"so-panel widget widget_sow-editor panel-first-child panel-last-child\" data-index=\"9\" ><div\n\t\t\t\n\t\t\tclass=\"so-widget-sow-editor so-widget-sow-editor-base\"\n\t\t\t\n\t\t>\n<div class=\"siteorigin-widget-tinymce textwidget\">\n\t<p style=\"text-align: left;\">Modul AUTOMO slou\u017e\u00ed k upnut\u00ed \u0161irok\u00e9ho spektra n\u00e1stroj\u016f. Tento modul existuje ve dvou variant\u00e1ch:<\/p>\n<h4>AUTOMO E<\/h4>\n<p>Modul dosahuje vysok\u00e9 frekvence zdvih\u016f v ose Z d\u00edky v\u00fdjime\u010dn\u00e9mu zrychlen\u00ed a extr\u00e9mn\u00ed rychlosti pohybu, to v\u0161e vede ke zna\u010dn\u00e9mu zv\u00fd\u0161en\u00ed produktivity.<\/p>\n<ul>\n<li>Hmotnost: 5,8 kg<\/li>\n<li>Nastaviteln\u00fd p\u0159\u00edtlak na n\u00e1stroj: do 200 N<\/li>\n<li>Rychlost v ose Z: 500 mm\/s<\/li>\n<li>Zrychlen\u00ed v ose Z: 10 m\/s2<\/li>\n<li>Pneumatick\u00fd syst\u00e9m upnut\u00ed n\u00e1stroje, automatick\u00e1 v\u00fdm\u011bna n\u00e1stroj\u016f ze z\u00e1sobn\u00edku<\/li>\n<li>Kompatibiln\u00ed s \u0159adou Q-Line<\/li>\n<\/ul>\n<h4><\/h4>\n<h4>AUTOMO L<\/h4>\n<p>Robustn\u00ed modul AUTOMO L byl vyvinut pro metody zpracov\u00e1n\u00ed, kter\u00e9 vy\u017eaduj\u00ed v\u011bt\u0161\u00ed s\u00edlu. Vysok\u00fd p\u0159\u00edtlak a\u017e 500 N vede k v\u00fdrazn\u00e9mu zv\u00fd\u0161en\u00ed kvality zpracov\u00e1n\u00ed p\u0159i pou\u017eit\u00ed rylovac\u00edch n\u00e1stroj\u016f.<\/p>\n<ul>\n<li>Hmotnost: 7,2 kg<\/li>\n<li>Nastaviteln\u00fd p\u0159\u00edtlak na n\u00e1stroj: do 500 N<\/li>\n<li>Rychlost v ose Z: 300 mm\/s<\/li>\n<li>Zrychlen\u00ed v ose Z: 10 m\/s2<\/li>\n<li>Pneumatick\u00fd syst\u00e9m upnut\u00ed n\u00e1stroje, automatick\u00e1 v\u00fdm\u011bna n\u00e1stroj\u016f ze z\u00e1sobn\u00edku<\/li>\n<li>Kompatibiln\u00ed s \u0159adou Q-Line<\/li>\n<\/ul>\n<p style=\"text-align: center;\">\n<\/div>\n<\/div><\/div><\/div><\/div><div id=\"pg-2482-4\"  class=\"panel-grid panel-no-style\" ><div id=\"pgc-2482-4-0\"  class=\"panel-grid-cell\" ><div id=\"panel-2482-4-0-0\" class=\"so-panel widget widget_sow-editor panel-first-child panel-last-child\" data-index=\"10\" ><div\n\t\t\t\n\t\t\tclass=\"so-widget-sow-editor so-widget-sow-editor-base\"\n\t\t\t\n\t\t><h3 class=\"widget-title\">N\u00e1stroje pro moduly AUTOMO<\/h3>\n<div class=\"siteorigin-widget-tinymce textwidget\">\n\t<\/div>\n<\/div><\/div><\/div><\/div><div id=\"pg-2482-5\"  class=\"panel-grid panel-no-style\" ><div id=\"pgc-2482-5-0\"  class=\"panel-grid-cell\" ><div id=\"panel-2482-5-0-0\" class=\"so-panel widget widget_sow-editor panel-first-child panel-last-child\" data-index=\"11\" ><div\n\t\t\t\n\t\t\tclass=\"so-widget-sow-editor so-widget-sow-editor-base\"\n\t\t\t\n\t\t>\n<div class=\"siteorigin-widget-tinymce textwidget\">\n\t<h5 style=\"text-align: center;\"><strong>UNITO - Univerz\u00e1ln\u00ed \u0159ezac\u00ed n\u00e1stroj\u00a0<\/strong><\/h5>\n<p><a href=\"https:\/\/www.neotec.cz\/zund\/wp-content\/uploads\/2024\/02\/UNITO_CZ.pdf\"><img loading=\"lazy\" decoding=\"async\" class=\"size-full wp-image-2502 aligncenter\" src=\"https:\/\/www.neotec.cz\/zund\/wp-content\/uploads\/2023\/05\/Qline-2873-UNITO.png\" alt=\"\" width=\"121\" height=\"160\" \/><\/a><\/p>\n<p style=\"text-align: center;\">Tangenci\u00e1ln\u00ed n\u016f\u017e vhodn\u00fd k \u0159ez\u00e1n\u00ed \u0161irok\u00e9ho spektra materi\u00e1l\u016f s tlou\u0161\u0165kou do 5 mm.<\/p>\n<\/div>\n<\/div><\/div><\/div><div id=\"pgc-2482-5-1\"  class=\"panel-grid-cell\" ><div id=\"panel-2482-5-1-0\" class=\"so-panel widget widget_sow-editor panel-first-child panel-last-child\" data-index=\"12\" ><div\n\t\t\t\n\t\t\tclass=\"so-widget-sow-editor so-widget-sow-editor-base\"\n\t\t\t\n\t\t>\n<div class=\"siteorigin-widget-tinymce textwidget\">\n\t<h5 style=\"text-align: center;\"><strong>DRAWTO - Univerz\u00e1ln\u00ed kresl\u00edc\u00ed n\u00e1stroj<\/strong><\/h5>\n<p><a href=\"https:\/\/www.neotec.cz\/zund\/wp-content\/uploads\/2024\/03\/DRAWTO_CZ.pdf\"><img loading=\"lazy\" decoding=\"async\" class=\"aligncenter wp-image-2499 size-full\" src=\"https:\/\/www.neotec.cz\/zund\/wp-content\/uploads\/2023\/05\/qline-2869-DRAWTO.png\" alt=\"\" width=\"121\" height=\"160\" \/><\/a><\/p>\n<p style=\"text-align: center;\">N\u00e1stroj vhodn\u00fd pro jednoduch\u00e9 popisy a vykreslov\u00e1n\u00ed.<\/p>\n<\/div>\n<\/div><\/div><\/div><div id=\"pgc-2482-5-2\"  class=\"panel-grid-cell\" ><div id=\"panel-2482-5-2-0\" class=\"so-panel widget widget_sow-editor panel-first-child panel-last-child\" data-index=\"13\" ><div\n\t\t\t\n\t\t\tclass=\"so-widget-sow-editor so-widget-sow-editor-base\"\n\t\t\t\n\t\t>\n<div class=\"siteorigin-widget-tinymce textwidget\">\n\t<h5 style=\"text-align: center;\"><strong>ELOSTO 5 - <\/strong><strong>Elektrick\u00fd oscila\u010dn\u00ed n\u00e1stroj<\/strong><\/h5>\n<p><a href=\"https:\/\/www.neotec.cz\/zund\/wp-content\/uploads\/2023\/07\/ELOSTO-5_25_CZ.pdf\"><img loading=\"lazy\" decoding=\"async\" class=\"aligncenter wp-image-2500 size-full\" src=\"https:\/\/www.neotec.cz\/zund\/wp-content\/uploads\/2023\/05\/qline-2870-ELOSTO.png\" alt=\"ELOSTO 5\" width=\"121\" height=\"160\" \/><\/a><\/p>\n<p style=\"text-align: center;\">N\u00e1stroj je vhodn\u00fd pro \u0159ez\u00e1n\u00ed m\u011bkk\u00fdch a st\u0159edn\u011b tvrd\u00fdch materi\u00e1l\u016f a\u017e do tlou\u0161\u0165ky 28 mm (p\u011bnov\u00e9 materi\u00e1ly, vlnit\u00e1 lepenka, k\u016f\u017ee, plst,...). Zdvih no\u017ee 0,5 mm.<\/p>\n<\/div>\n<\/div><\/div><\/div><div id=\"pgc-2482-5-3\"  class=\"panel-grid-cell\" ><div id=\"panel-2482-5-3-0\" class=\"so-panel widget widget_sow-editor panel-first-child panel-last-child\" data-index=\"14\" ><div\n\t\t\t\n\t\t\tclass=\"so-widget-sow-editor so-widget-sow-editor-base\"\n\t\t\t\n\t\t>\n<div class=\"siteorigin-widget-tinymce textwidget\">\n\t<h5 style=\"text-align: center;\"><strong>ELOSTO 25 - <\/strong><strong>Elektrick\u00fd oscila\u010dn\u00ed n\u00e1stroj<\/strong><\/h5>\n<p><a href=\"https:\/\/www.neotec.cz\/zund\/wp-content\/uploads\/2023\/07\/ELOSTO-5_25_CZ.pdf\"><img loading=\"lazy\" decoding=\"async\" class=\"aligncenter wp-image-2500 size-full\" src=\"https:\/\/www.neotec.cz\/zund\/wp-content\/uploads\/2023\/05\/qline-2870-ELOSTO.png\" alt=\"ELOSTO 25\" width=\"121\" height=\"160\" \/><\/a><\/p>\n<p style=\"text-align: center;\">V\u00fdkonn\u00fd oscila\u010dn\u00ed n\u00e1stroj je vhodn\u00fd pro \u0159ez\u00e1n\u00ed sandvi\u010dov\u00fdch desek\/vo\u0161tinov\u00fdch materi\u00e1l\u016f, siln\u00fdch karton\u016f a tvrd\u00e9 k\u016f\u017ee. Zdvih no\u017ee 2,5 mm<\/p>\n<\/div>\n<\/div><\/div><\/div><\/div><div id=\"pg-2482-6\"  class=\"panel-grid panel-no-style\" ><div id=\"pgc-2482-6-0\"  class=\"panel-grid-cell\" ><div id=\"panel-2482-6-0-0\" class=\"so-panel widget widget_sow-editor panel-first-child panel-last-child\" data-index=\"15\" ><div\n\t\t\t\n\t\t\tclass=\"so-widget-sow-editor so-widget-sow-editor-base\"\n\t\t\t\n\t\t>\n<div class=\"siteorigin-widget-tinymce textwidget\">\n\t<h5 style=\"text-align: center;\"><strong>PERTO - perfora\u010dn\u00ed n\u00e1stroj<\/strong><\/h5>\n<p><a href=\"https:\/\/www.neotec.cz\/zund\/wp-content\/uploads\/2024\/03\/PERTO_CZ.pdf\"><img loading=\"lazy\" decoding=\"async\" class=\"aligncenter wp-image-2501 size-full\" src=\"https:\/\/www.neotec.cz\/zund\/wp-content\/uploads\/2023\/05\/qline-2871-PERTO.png\" alt=\"\" width=\"121\" height=\"160\" \/><\/a><\/p>\n<p style=\"text-align: center;\">Tento n\u00e1stroj zvy\u0161uje rychlost a produktivitu p\u0159i \u0159ez\u00e1n\u00ed perforac\u00ed do vlnit\u00e9 lepenky, kartonu, polypropylenu,...<\/p>\n<\/div>\n<\/div><\/div><\/div><div id=\"pgc-2482-6-1\"  class=\"panel-grid-cell\" ><div id=\"panel-2482-6-1-0\" class=\"so-panel widget widget_sow-editor panel-first-child panel-last-child\" data-index=\"16\" ><div\n\t\t\t\n\t\t\tclass=\"so-widget-sow-editor so-widget-sow-editor-base\"\n\t\t\t\n\t\t>\n<div class=\"siteorigin-widget-tinymce textwidget\">\n\t<h5 style=\"text-align: center;\"><strong>CRETO 24 - rylovac\u00ed n\u00e1stroj<\/strong><\/h5>\n<p><a href=\"https:\/\/www.neotec.cz\/zund\/wp-content\/uploads\/2024\/02\/CRETO_CZ.pdf\"><img loading=\"lazy\" decoding=\"async\" class=\"size-full wp-image-2512 aligncenter\" src=\"https:\/\/www.neotec.cz\/zund\/wp-content\/uploads\/2023\/05\/creto24-1.png\" alt=\"\" width=\"121\" height=\"160\" \/><\/a><\/p>\n<p style=\"text-align: center;\">Univerz\u00e1ln\u00ed rylovac\u00ed n\u00e1stroj s n\u011bkolika vym\u011bniteln\u00fdmi kole\u010dky (r\u016fzn\u00e9 polom\u011bry a \u0161\u00ed\u0159ky). Vhodn\u00fd pro rylov\u00e1n\u00ed pap\u00edru, kartonu, PP a PVC materi\u00e1l\u016f.<\/p>\n<\/div>\n<\/div><\/div><\/div><div id=\"pgc-2482-6-2\"  class=\"panel-grid-cell\" ><div id=\"panel-2482-6-2-0\" class=\"so-panel widget widget_sow-editor panel-first-child panel-last-child\" data-index=\"17\" ><div\n\t\t\t\n\t\t\tclass=\"so-widget-sow-editor so-widget-sow-editor-base\"\n\t\t\t\n\t\t>\n<div class=\"siteorigin-widget-tinymce textwidget\">\n\t<h5 style=\"text-align: center;\"><strong>CRETO 61 - rylovac\u00ed n\u00e1stroj<\/strong><\/h5>\n<p><a href=\"https:\/\/www.neotec.cz\/zund\/wp-content\/uploads\/2024\/02\/CRETO_CZ.pdf\"><img loading=\"lazy\" decoding=\"async\" class=\"size-full wp-image-2498 aligncenter\" src=\"https:\/\/www.neotec.cz\/zund\/wp-content\/uploads\/2023\/05\/qline-2866-CRETO61.png\" alt=\"\" width=\"121\" height=\"160\" \/><\/a><\/p>\n<p style=\"text-align: center;\">N\u00e1stroj je navr\u017een\u00fd pro rylov\u00e1n\u00ed v\u00edcevrstv\u00fdch vlnit\u00fdch lepenek a plastov\u00fdch materi\u00e1l\u016f a\u017e do tlou\u0161\u0165ky 7 mm..<\/p>\n<\/div>\n<\/div><\/div><\/div><div id=\"pgc-2482-6-3\"  class=\"panel-grid-cell\" ><div id=\"panel-2482-6-3-0\" class=\"so-panel widget widget_sow-editor panel-first-child panel-last-child\" data-index=\"18\" ><div\n\t\t\t\n\t\t\tclass=\"so-widget-sow-editor so-widget-sow-editor-base\"\n\t\t\t\n\t\t>\n<div class=\"siteorigin-widget-tinymce textwidget\">\n\t<h5 style=\"text-align: center;\"><strong>CRETO 150 - rylovac\u00ed n\u00e1stroj<\/strong><\/h5>\n<p><a href=\"https:\/\/www.neotec.cz\/zund\/wp-content\/uploads\/2024\/02\/CRETO_CZ.pdf\"><img loading=\"lazy\" decoding=\"async\" class=\"size-full wp-image-2510 aligncenter\" src=\"https:\/\/www.neotec.cz\/zund\/wp-content\/uploads\/2023\/05\/creto150.png\" alt=\"\" width=\"121\" height=\"160\" \/><\/a><\/p>\n<p style=\"text-align: center;\">N\u00e1stroj je navr\u017een\u00fd p\u0159edev\u0161\u00edm pro rylov\u00e1n\u00ed vlnit\u00e9 lepenky.<\/p>\n<\/div>\n<\/div><\/div><\/div><\/div><div id=\"pg-2482-7\"  class=\"panel-grid panel-no-style\" ><div id=\"pgc-2482-7-0\"  class=\"panel-grid-cell\" ><div id=\"panel-2482-7-0-0\" class=\"so-panel widget widget_sow-editor panel-first-child panel-last-child\" data-index=\"19\" ><div\n\t\t\t\n\t\t\tclass=\"so-widget-sow-editor so-widget-sow-editor-base\"\n\t\t\t\n\t\t><h3 class=\"widget-title\">Ke sta\u017een\u00ed<\/h3>\n<div class=\"siteorigin-widget-tinymce textwidget\">\n\t<p><a href=\"https:\/\/www.neotec.cz\/zund\/wp-content\/uploads\/2023\/05\/Zund_Q-Line_BHS180_CZ.pdf\" target=\"_blank\" rel=\"noopener\">Nov\u00e1 \u0159ada \u0159ezac\u00edch plotr\u016f Q-line s BHS180 (CZ)<\/a><a href=\"https:\/\/www.neotec.cz\/zund\/wp-content\/uploads\/2023\/05\/Zund_Q-Line_BHS180_CZ.pdf\" target=\"_blank\" rel=\"noopener\"><img loading=\"lazy\" decoding=\"async\" class=\"alignleft wp-image-1108 size-full\" src=\"http:\/\/www.neotec.cz\/zund\/wp-content\/uploads\/2016\/02\/picPDF.png\" alt=\"picPDF\" width=\"32\" height=\"32\" \/><\/a><br \/>\n<br \/>&nbsp;<br \/>\n<a href=\"https:\/\/www.neotec.cz\/zund\/wp-content\/uploads\/2023\/07\/AUTOMO-E_L_CZ.pdf\" target=\"_blank\" rel=\"noopener\">Univerz\u00e1ln\u00ed moduly AUTOMO E\/L (CZ)<\/a><a href=\"https:\/\/www.neotec.cz\/zund\/wp-content\/uploads\/2023\/07\/AUTOMO-E_L_CZ.pdf\" target=\"_blank\" rel=\"noopener\"><img loading=\"lazy\" decoding=\"async\" class=\"alignleft wp-image-1108 size-full\" src=\"http:\/\/www.neotec.cz\/zund\/wp-content\/uploads\/2016\/02\/picPDF.png\" alt=\"picPDF\" width=\"32\" height=\"32\" \/><\/a><br \/>\n<br \/>&nbsp;<br \/>\n<a href=\"https:\/\/www.neotec.cz\/zund\/wp-content\/uploads\/2024\/02\/UNITO_CZ.pdf\" target=\"_blank\" rel=\"noopener\">Univerz\u00e1ln\u00ed \u0159ezac\u00ed n\u00e1stroj UNITO (CZ)<\/a><a href=\"https:\/\/www.neotec.cz\/zund\/wp-content\/uploads\/2024\/02\/UNITO_CZ.pdf\" target=\"_blank\" rel=\"noopener\"><img loading=\"lazy\" decoding=\"async\" class=\"alignleft wp-image-1108 size-full\" src=\"http:\/\/www.neotec.cz\/zund\/wp-content\/uploads\/2016\/02\/picPDF.png\" alt=\"picPDF\" width=\"32\" height=\"32\" \/><\/a><br \/>\n<br \/>&nbsp;<br \/>\n<a href=\"https:\/\/www.neotec.cz\/zund\/wp-content\/uploads\/2024\/03\/DRAWTO_CZ.pdf\" target=\"_blank\" rel=\"noopener\">Univerz\u00e1ln\u00ed kreslic\u00ed n\u00e1stroj DRAWTO (CZ)<\/a><a href=\"https:\/\/www.neotec.cz\/zund\/wp-content\/uploads\/2024\/03\/DRAWTO_CZ.pdf\" target=\"_blank\" rel=\"noopener\"><img loading=\"lazy\" decoding=\"async\" class=\"alignleft wp-image-1108 size-full\" src=\"http:\/\/www.neotec.cz\/zund\/wp-content\/uploads\/2016\/02\/picPDF.png\" alt=\"picPDF\" width=\"32\" height=\"32\" \/><\/a><br \/>\n<br \/>&nbsp;<br \/>\n<a href=\"https:\/\/www.neotec.cz\/zund\/wp-content\/uploads\/2023\/07\/ELOSTO-5_25_CZ.pdf\" target=\"_blank\" rel=\"noopener\">Elektrick\u00fd oscila\u010dn\u00ed n\u00e1stroj ELOSTO 5\/25 (CZ)<\/a><a href=\"https:\/\/www.neotec.cz\/zund\/wp-content\/uploads\/2023\/07\/ELOSTO-5_25_CZ.pdf\" target=\"_blank\" rel=\"noopener\"><img loading=\"lazy\" decoding=\"async\" class=\"alignleft wp-image-1108 size-full\" src=\"http:\/\/www.neotec.cz\/zund\/wp-content\/uploads\/2016\/02\/picPDF.png\" alt=\"picPDF\" width=\"32\" height=\"32\" \/><\/a><br \/>\n<br \/>&nbsp;<br \/>\n<a href=\"https:\/\/www.neotec.cz\/zund\/wp-content\/uploads\/2024\/03\/PERTO_CZ.pdf\" target=\"_blank\" rel=\"noopener\">Perfora\u010dn\u00ed n\u00e1troj PERTO (CZ)<\/a><a href=\"https:\/\/www.neotec.cz\/zund\/wp-content\/uploads\/2024\/03\/PERTO_CZ.pdf\" target=\"_blank\" rel=\"noopener\"><img loading=\"lazy\" decoding=\"async\" class=\"alignleft wp-image-1108 size-full\" src=\"http:\/\/www.neotec.cz\/zund\/wp-content\/uploads\/2016\/02\/picPDF.png\" alt=\"picPDF\" width=\"32\" height=\"32\" \/><\/a><br \/>\n<br \/>&nbsp;<br \/>\n<a href=\"https:\/\/www.neotec.cz\/zund\/wp-content\/uploads\/2024\/02\/CRETO_CZ.pdf\" target=\"_blank\" rel=\"noopener\">Rylovac\u00ed n\u00e1stroj CRETO 24\/61\/150 (CZ)<\/a><a href=\"https:\/\/www.neotec.cz\/zund\/wp-content\/uploads\/2024\/02\/CRETO_CZ.pdf\" target=\"_blank\" rel=\"noopener\"><img loading=\"lazy\" decoding=\"async\" class=\"alignleft wp-image-1108 size-full\" src=\"http:\/\/www.neotec.cz\/zund\/wp-content\/uploads\/2016\/02\/picPDF.png\" alt=\"picPDF\" width=\"32\" height=\"32\" \/><\/a><\/p>\n<\/div>\n<\/div><\/div><\/div><\/div><\/div>","protected":false},"excerpt":{"rendered":"<p>\u0158ezac\u00ed plotr Q-Line\u00a0 &#8211; moduly a n\u00e1stroje<\/p>\n","protected":false},"author":1,"featured_media":0,"parent":0,"menu_order":0,"comment_status":"closed","ping_status":"closed","template":"templates\/template-full-notitle.php","meta":{"footnotes":""},"class_list":["post-2482","page","type-page","status-publish","hentry","post"],"_links":{"self":[{"href":"https:\/\/www.neotec.cz\/zund\/wp-json\/wp\/v2\/pages\/2482","targetHints":{"allow":["GET"]}}],"collection":[{"href":"https:\/\/www.neotec.cz\/zund\/wp-json\/wp\/v2\/pages"}],"about":[{"href":"https:\/\/www.neotec.cz\/zund\/wp-json\/wp\/v2\/types\/page"}],"author":[{"embeddable":true,"href":"https:\/\/www.neotec.cz\/zund\/wp-json\/wp\/v2\/users\/1"}],"replies":[{"embeddable":true,"href":"https:\/\/www.neotec.cz\/zund\/wp-json\/wp\/v2\/comments?post=2482"}],"version-history":[{"count":39,"href":"https:\/\/www.neotec.cz\/zund\/wp-json\/wp\/v2\/pages\/2482\/revisions"}],"predecessor-version":[{"id":2786,"href":"https:\/\/www.neotec.cz\/zund\/wp-json\/wp\/v2\/pages\/2482\/revisions\/2786"}],"wp:attachment":[{"href":"https:\/\/www.neotec.cz\/zund\/wp-json\/wp\/v2\/media?parent=2482"}],"curies":[{"name":"wp","href":"https:\/\/api.w.org\/{rel}","templated":true}]}}