{"id":2857,"date":"2025-10-07T07:27:16","date_gmt":"2025-10-07T06:27:16","guid":{"rendered":"https:\/\/www.neotec.cz\/zund\/?page_id=2857"},"modified":"2026-03-27T13:47:48","modified_gmt":"2026-03-27T12:47:48","slug":"podporapnfinish","status":"publish","type":"page","link":"https:\/\/www.neotec.cz\/zund\/podporapnfinish\/","title":{"rendered":"PodporaPNFinish"},"content":{"rendered":"<div id=\"pl-2857\"  class=\"panel-layout\" ><div id=\"pg-2857-0\"  class=\"panel-grid panel-no-style\" ><div id=\"pgc-2857-0-0\"  class=\"panel-grid-cell\" ><div id=\"panel-2857-0-0-0\" class=\"so-panel widget widget_sow-editor panel-first-child\" data-index=\"0\" ><div\n\t\t\t\n\t\t\tclass=\"so-widget-sow-editor so-widget-sow-editor-base\"\n\t\t\t\n\t\t>\n<div class=\"siteorigin-widget-tinymce textwidget\">\n\t<h1><strong>Podpora \u0159ady PN<\/strong><\/h1>\n<\/div>\n<\/div><\/div><div id=\"panel-2857-0-0-1\" class=\"so-panel widget widget_sow-editor panel-last-child\" data-index=\"1\" ><div\n\t\t\t\n\t\t\tclass=\"so-widget-sow-editor so-widget-sow-editor-base\"\n\t\t\t\n\t\t><h3 class=\"widget-title\">Konec jedn\u00e9 \u00e9ry: \u0158ada Z\u00fcnd PN a d\u016fle\u017eit\u00e9 informace k n\u00e1hradn\u00edm d\u00edl\u016fm<\/h3>\n<div class=\"siteorigin-widget-tinymce textwidget\">\n\t<p>V\u00e1\u017een\u00ed z\u00e1kazn\u00edci,<br \/>\ndnes p\u0159ich\u00e1z\u00ed chv\u00edle, kdy se definitivn\u011b uzav\u00edr\u00e1 jedna kapitola \u2013 \u00e9ra plotr\u016f<strong> Z\u00fcnd \u0159ady PN<\/strong>. Tyto stroje, vyr\u00e1b\u011bn\u00e9 v letech 1996 \u2013 2010, si z\u00edskaly pov\u011bst za\u0159\u00edzen\u00ed, kter\u00e1 vydr\u017e\u00ed prakticky v\u0161echno. Slou\u017eily spolehliv\u011b v tis\u00edc\u00edch provoz\u016f a pro mnoh\u00e9 z n\u00e1s byly dlouh\u00e1 l\u00e9ta jistotou p\u0159i ka\u017edodenn\u00ed pr\u00e1ci.<\/p>\n<p>I po ukon\u010den\u00ed v\u00fdroby se o n\u011b spole\u010dnost Z\u00fcnd starala je\u0161t\u011b dlouh\u00fdch <strong>15 let<\/strong> prost\u0159ednictv\u00edm dod\u00e1vek n\u00e1hradn\u00edch d\u00edl\u016f. To je doba, kterou dnes nab\u00eddne m\u00e1lokdo, a ukazuje to, \u017ee z\u00e1kazn\u00edk pro Z\u00fcnd nikdy nebyl jen \u010d\u00edslem, ale skute\u010dn\u00fdm partnerem. PN u\u017e svou \u00falohu splnily \u2013 a splnily ji na v\u00fdbornou.<\/p>\n<hr \/>\n<p>Proto bychom v\u00e1s r\u00e1di informovali o <strong>d\u016fle\u017eit\u00e9 zm\u011bn\u011b<\/strong> t\u00fdkaj\u00edc\u00ed se servisu t\u00e9to \u0159ady:<\/p>\n<p>N\u00e1hradn\u00ed d\u00edly pro stroje \u0159ady PN si budete moci objednat <strong>pouze do 30. ledna 2026<\/strong>.<\/p>\n<p>Po tomto datu dojde<strong> k trval\u00e9mu ukon\u010den\u00ed v\u00fdroby a distribuce v\u0161ech PN d\u00edl\u016f<\/strong>.<\/p>\n<p>Pro posledn\u00ed objedn\u00e1vky plat\u00ed n\u00e1sleduj\u00edc\u00ed:<br \/>\n\u2022 Na d\u00edly PN objednan\u00e9 od dne\u0161n\u00edho dne<strong> nebudeme moci poskytnout standardn\u00ed z\u00e1ruky ani garance.<\/strong><br \/>\n\u2022 Dod\u00e1vku m\u016f\u017eeme garantovat <strong>pouze do vy\u010derp\u00e1n\u00ed aktu\u00e1ln\u00edch skladov\u00fdch z\u00e1sob.<\/strong><\/p>\n<p>Pro v\u00edce informac\u00ed n\u00e1s nev\u00e1hejte <a href=\"mailto:zund@neotec.cz\">kontaktova<\/a>t.\u00a0 !<\/p>\n\n\t\t<style type=\"text\/css\">\n\t\t\t#gallery-1 {\n\t\t\t\tmargin: auto;\n\t\t\t}\n\t\t\t#gallery-1 .gallery-item {\n\t\t\t\tfloat: left;\n\t\t\t\tmargin-top: 10px;\n\t\t\t\ttext-align: center;\n\t\t\t\twidth: 25%;\n\t\t\t}\n\t\t\t#gallery-1 img {\n\t\t\t\tborder: 2px solid #cfcfcf;\n\t\t\t}\n\t\t\t#gallery-1 .gallery-caption {\n\t\t\t\tmargin-left: 0;\n\t\t\t}\n\t\t\t\/* see gallery_shortcode() in wp-includes\/media.php *\/\n\t\t<\/style>\n\t\t<div id='gallery-1' class='gallery galleryid-2857 gallery-columns-4 gallery-size-thumbnail'><dl class='gallery-item'>\n\t\t\t<dt class='gallery-icon landscape'>\n\t\t\t\t<img loading=\"lazy\" decoding=\"async\" width=\"150\" height=\"150\" src=\"https:\/\/www.neotec.cz\/zund\/wp-content\/uploads\/2016\/02\/PNside-150x150.png\" class=\"attachment-thumbnail size-thumbnail\" alt=\"\" aria-describedby=\"gallery-1-1085\" srcset=\"https:\/\/www.neotec.cz\/zund\/wp-content\/uploads\/2016\/02\/PNside-150x150.png 150w, https:\/\/www.neotec.cz\/zund\/wp-content\/uploads\/2016\/02\/PNside-300x300.png 300w, https:\/\/www.neotec.cz\/zund\/wp-content\/uploads\/2016\/02\/PNside.png 400w\" sizes=\"auto, (max-width: 150px) 100vw, 150px\" \/>\n\t\t\t<\/dt>\n\t\t\t\t<dd class='wp-caption-text gallery-caption' id='gallery-1-1085'>\n\t\t\t\t\u0158ada PN &#8211; sidesupport verze\n\t\t\t\t<\/dd><\/dl><dl class='gallery-item'>\n\t\t\t<dt class='gallery-icon landscape'>\n\t\t\t\t<img loading=\"lazy\" decoding=\"async\" width=\"150\" height=\"150\" src=\"https:\/\/www.neotec.cz\/zund\/wp-content\/uploads\/2016\/02\/PNframe-1-150x150.png\" class=\"attachment-thumbnail size-thumbnail\" alt=\"\" aria-describedby=\"gallery-1-1086\" srcset=\"https:\/\/www.neotec.cz\/zund\/wp-content\/uploads\/2016\/02\/PNframe-1-150x150.png 150w, https:\/\/www.neotec.cz\/zund\/wp-content\/uploads\/2016\/02\/PNframe-1-300x300.png 300w, https:\/\/www.neotec.cz\/zund\/wp-content\/uploads\/2016\/02\/PNframe-1.png 400w\" sizes=\"auto, (max-width: 150px) 100vw, 150px\" \/>\n\t\t\t<\/dt>\n\t\t\t\t<dd class='wp-caption-text gallery-caption' id='gallery-1-1086'>\n\t\t\t\t\u0158ada PN &#8211; frame verze\n\t\t\t\t<\/dd><\/dl>\n\t\t\t<br style='clear: both' \/>\n\t\t<\/div>\n\n<\/div>\n<\/div><\/div><\/div><\/div><\/div>","protected":false},"excerpt":{"rendered":"<p>Podpora \u0159ady PN V\u00e1\u017een\u00ed z\u00e1kazn\u00edci, dnes p\u0159ich\u00e1z\u00ed chv\u00edle, kdy se definitivn\u011b uzav\u00edr\u00e1 jedna kapitola \u2013 \u00e9ra plotr\u016f Z\u00fcnd \u0159ady PN. Tyto stroje, vyr\u00e1b\u011bn\u00e9 v letech 1996 \u2013 2010, si z\u00edskaly pov\u011bst za\u0159\u00edzen\u00ed, kter\u00e1 vydr\u017e\u00ed prakticky v\u0161echno. Slou\u017eily spolehliv\u011b v tis\u00edc\u00edch provoz\u016f a pro mnoh\u00e9 z n\u00e1s byly dlouh\u00e1 l\u00e9ta jistotou p\u0159i ka\u017edodenn\u00ed pr\u00e1ci. I po [&hellip;]<\/p>\n","protected":false},"author":1,"featured_media":0,"parent":0,"menu_order":0,"comment_status":"closed","ping_status":"closed","template":"templates\/template-full-notitle.php","meta":{"footnotes":""},"class_list":["post-2857","page","type-page","status-publish","hentry","post"],"_links":{"self":[{"href":"https:\/\/www.neotec.cz\/zund\/wp-json\/wp\/v2\/pages\/2857","targetHints":{"allow":["GET"]}}],"collection":[{"href":"https:\/\/www.neotec.cz\/zund\/wp-json\/wp\/v2\/pages"}],"about":[{"href":"https:\/\/www.neotec.cz\/zund\/wp-json\/wp\/v2\/types\/page"}],"author":[{"embeddable":true,"href":"https:\/\/www.neotec.cz\/zund\/wp-json\/wp\/v2\/users\/1"}],"replies":[{"embeddable":true,"href":"https:\/\/www.neotec.cz\/zund\/wp-json\/wp\/v2\/comments?post=2857"}],"version-history":[{"count":3,"href":"https:\/\/www.neotec.cz\/zund\/wp-json\/wp\/v2\/pages\/2857\/revisions"}],"predecessor-version":[{"id":2867,"href":"https:\/\/www.neotec.cz\/zund\/wp-json\/wp\/v2\/pages\/2857\/revisions\/2867"}],"wp:attachment":[{"href":"https:\/\/www.neotec.cz\/zund\/wp-json\/wp\/v2\/media?parent=2857"}],"curies":[{"name":"wp","href":"https:\/\/api.w.org\/{rel}","templated":true}]}}