{"id":2876,"date":"2026-03-27T14:40:18","date_gmt":"2026-03-27T13:40:18","guid":{"rendered":"https:\/\/www.neotec.cz\/zund\/?page_id=2876"},"modified":"2026-03-27T14:40:18","modified_gmt":"2026-03-27T13:40:18","slug":"texprocess26","status":"publish","type":"page","link":"https:\/\/www.neotec.cz\/zund\/texprocess26\/","title":{"rendered":"Novinky-Texprocess 2026"},"content":{"rendered":"<div id=\"pl-2876\"  class=\"panel-layout\" ><div id=\"pg-2876-0\"  class=\"panel-grid panel-no-style\" ><div id=\"pgc-2876-0-0\"  class=\"panel-grid-cell\" ><div id=\"panel-2876-0-0-0\" class=\"so-panel widget widget_sow-editor panel-first-child panel-last-child\" data-index=\"0\" ><div\n\t\t\t\n\t\t\tclass=\"so-widget-sow-editor so-widget-sow-editor-base\"\n\t\t\t\n\t\t>\n<div class=\"siteorigin-widget-tinymce textwidget\">\n\t<h1>Inteligentn\u00ed a efektivn\u00ed \u0159ez\u00e1n\u00ed textili\u00ed pro ka\u017ed\u00e9 pou\u017eit\u00ed \u2013 Z\u00fcnd na veletrhu Texprocess 2026<\/h1>\n<p><em>Ve dnech 21.\u201324. dubna 2026 na veletrhu Texprocess 2026 ve Frankfurtu nad Mohanem p\u0159edstavuje firma Z\u00fcnd digit\u00e1ln\u00ed technologie \u0159ez\u00e1n\u00ed pro \u0161irokou \u0161k\u00e1lu textiln\u00edch aplikac\u00ed. Tento p\u0159edn\u00ed mezin\u00e1rodn\u00ed veletrh sdru\u017euje 200 vystavovatel\u016f z 28 zem\u00ed a nab\u00edz\u00ed komplexn\u00ed p\u0159ehled nejmodern\u011bj\u0161\u00edch technologi\u00ed zpracov\u00e1n\u00ed. Firma Z\u00fcnd prezentuje v<strong> hale 8, st\u00e1nek D78<\/strong> efektivn\u00ed \u0159e\u0161en\u00ed z praxe pro automatizovan\u00e9 \u0159ez\u00e1n\u00ed \u2013 od optick\u00e9ho sn\u00edm\u00e1n\u00ed a digit\u00e1ln\u00edch workflow a\u017e po nov\u00e9 funkce pro specifick\u00e9 aplikace.<\/em><\/p>\n<p>St\u0159edobodem expozice Z\u00fcnd je \u0159ezac\u00ed katr Z\u00fcnd G3 vybaven\u00fd prodlou\u017een\u00edm, podp\u016frn\u00fdm stojanem s integrovan\u00fdm osv\u011btlen\u00edm a softwarem MindCUT. Integrovan\u00e9 LED osv\u011btlen\u00ed zaji\u0161\u0165uje rovnom\u011brn\u00e9 nasv\u00edcen\u00ed sn\u00edman\u00e9 oblasti a umo\u017e\u0148uje p\u0159esn\u00e9 zachycen\u00ed i velmi slo\u017eit\u00fdch vzor\u016f a kontur. Voliteln\u00e9 z\u00e1v\u011bsy chr\u00e1n\u00ed prostor p\u0159ed ne\u017e\u00e1douc\u00edm okoln\u00edm sv\u011btlem a zaji\u0161\u0165uj\u00ed trvale vysokou kvalitu sn\u00edm\u00e1n\u00ed.<\/p>\n<p>Pro aplikace v oblasti \u010daloun\u011bn\u00e9ho n\u00e1bytku p\u0159edstavuje softwarov\u00fd partner Mind Technology \u0159e\u0161en\u00ed <strong>MindCAD 2D<\/strong>. Software podporuje efektivn\u00ed n\u00e1vrh a p\u0159\u00edpravu st\u0159ihov\u00fdch d\u00edl\u016f pro n\u00e1bytk\u00e1\u0159sk\u00fd pr\u016fmysl a dopl\u0148uje workflow prezentovan\u00e9 na katru Z\u00fcnd.<\/p>\n<p>Ve spolupr\u00e1ci se spole\u010dnost\u00ed <strong>Assyst <\/strong>demonstruje firma<strong> Z\u00fcnd<\/strong> rovn\u011b\u017e proces zpracov\u00e1n\u00ed digit\u00e1ln\u011b poti\u0161t\u011bn\u00fdch textili\u00ed. Na st\u00e1nku Assyst jsou \u0159ezac\u00ed data digit\u00e1ln\u011b p\u0159ipravena s vyu\u017eit\u00edm nov\u00fdch funkc\u00ed um\u011bl\u00e9 inteligence. Digit\u00e1ln\u011b poti\u0161t\u011bn\u00e9 materi\u00e1ly jsou pak n\u00e1sledn\u011b \u0159ez\u00e1ny na st\u00e1nku Z\u00fcnd. D\u016fraz je kladen na funkci Shape Vectorization v prost\u0159ed\u00ed MindCUT Studio. Tato funkce umo\u017e\u0148uje automatick\u00e9 rozpozn\u00e1n\u00ed a p\u0159evod ti\u0161t\u011bn\u00fdch tvar\u016f na p\u0159esn\u00e9 kontury pro \u0159ez\u00e1n\u00ed \u2013 efektivn\u00ed workflow zejm\u00e9na pro v\u00fdrobu na zak\u00e1zku a variabiln\u00ed kolekce.<\/p>\n<p>Funkce Feature Recognition ukazuje, jak mohou procesy podporovan\u00e9 um\u011blou inteligenc\u00ed d\u00e1le zjednodu\u0161it p\u0159\u00edpravu \u0159ez\u00e1n\u00ed. Software detekuje polohu motiv\u016f na materi\u00e1lu, p\u0159i\u0159azuje je odpov\u00eddaj\u00edc\u00edm st\u0159ihov\u00fdm d\u00edl\u016fm a automaticky toto um\u00edst\u011bn\u00ed opakuje po cel\u00e9 d\u00e9lce role. T\u00edm nahrazuje d\u0159\u00edve manu\u00e1ln\u00ed proces umis\u0165ov\u00e1n\u00ed motiv\u016f, urychluje p\u0159\u00edpravu a zaji\u0161\u0165uje vysokou opakovatelnost i konzistentn\u00ed kvalitu \u2013 i u citliv\u00fdch materi\u00e1l\u016f nebo l\u00e1tek s opakuj\u00edc\u00edm se vzorem.<\/p>\n<p>V \u017eiv\u00e9 uk\u00e1zce Poprv\u00e9 na veletrhu Texprocess p\u0159edv\u00e1d\u00ed Z\u00fcnd v\u00a0\u017eiv\u00e9 uk\u00e1zce integrovan\u00fd syst\u00e9m <strong>Conveyor Belt Cleaner<\/strong> Syst\u00e9m automaticky \u010dist\u00ed dopravn\u00edkov\u00fd p\u00e1s b\u011bhem jeho pohybu, bez fyzick\u00e9ho kontaktu obsluhy. Pro demonstraci \u00fa\u010dinnosti \u010di\u0161t\u011bn\u00ed je mimo jin\u00e9 uk\u00e1z\u00e1no \u0159ez\u00e1n\u00ed koberc\u016f uvol\u0148uj\u00edc\u00ed vl\u00e1kna. Trvale \u010dist\u00fd \u0159ezac\u00ed povrch podporuje stabiln\u00ed kvalitu \u0159ezu, plynul\u00fd pr\u016fb\u011bh zpracov\u00e1n\u00ed a spolehliv\u00fd v\u00fdkon vakuov\u00e9ho syst\u00e9mu. To je v\u00fdhodn\u00e9 zejm\u00e9na p\u0159i \u010dast\u00fdch zm\u011bn\u00e1ch materi\u00e1lu a u velmi citliv\u00fdch textili\u00ed. Syst\u00e9m pracuje v\u00fdhradn\u011b se stla\u010den\u00fdm vzduchem a nevy\u017eaduje \u017e\u00e1dn\u00e9 dal\u0161\u00ed nap\u00e1jen\u00ed.<\/p>\n<\/div>\n<\/div><\/div><\/div><\/div><\/div>","protected":false},"excerpt":{"rendered":"<p>Inteligentn\u00ed a efektivn\u00ed \u0159ez\u00e1n\u00ed textili\u00ed pro ka\u017ed\u00e9 pou\u017eit\u00ed \u2013 Z\u00fcnd na veletrhu Texprocess 2026 Ve dnech 21.\u201324. dubna 2026 na veletrhu Texprocess 2026 ve Frankfurtu nad Mohanem p\u0159edstavuje firma Z\u00fcnd digit\u00e1ln\u00ed technologie \u0159ez\u00e1n\u00ed pro \u0161irokou \u0161k\u00e1lu textiln\u00edch aplikac\u00ed. Tento p\u0159edn\u00ed mezin\u00e1rodn\u00ed veletrh sdru\u017euje 200 vystavovatel\u016f z 28 zem\u00ed a nab\u00edz\u00ed komplexn\u00ed p\u0159ehled nejmodern\u011bj\u0161\u00edch technologi\u00ed zpracov\u00e1n\u00ed. [&hellip;]<\/p>\n","protected":false},"author":1,"featured_media":0,"parent":0,"menu_order":0,"comment_status":"closed","ping_status":"closed","template":"templates\/template-full-notitle.php","meta":{"footnotes":""},"class_list":["post-2876","page","type-page","status-publish","hentry","post"],"_links":{"self":[{"href":"https:\/\/www.neotec.cz\/zund\/wp-json\/wp\/v2\/pages\/2876","targetHints":{"allow":["GET"]}}],"collection":[{"href":"https:\/\/www.neotec.cz\/zund\/wp-json\/wp\/v2\/pages"}],"about":[{"href":"https:\/\/www.neotec.cz\/zund\/wp-json\/wp\/v2\/types\/page"}],"author":[{"embeddable":true,"href":"https:\/\/www.neotec.cz\/zund\/wp-json\/wp\/v2\/users\/1"}],"replies":[{"embeddable":true,"href":"https:\/\/www.neotec.cz\/zund\/wp-json\/wp\/v2\/comments?post=2876"}],"version-history":[{"count":1,"href":"https:\/\/www.neotec.cz\/zund\/wp-json\/wp\/v2\/pages\/2876\/revisions"}],"predecessor-version":[{"id":2877,"href":"https:\/\/www.neotec.cz\/zund\/wp-json\/wp\/v2\/pages\/2876\/revisions\/2877"}],"wp:attachment":[{"href":"https:\/\/www.neotec.cz\/zund\/wp-json\/wp\/v2\/media?parent=2876"}],"curies":[{"name":"wp","href":"https:\/\/api.w.org\/{rel}","templated":true}]}}